{"id":9947,"date":"2024-03-25T16:25:38","date_gmt":"2024-03-25T15:25:38","guid":{"rendered":"https:\/\/spuehler-tv.ch\/onlineshop\/?post_type=product&#038;p=9947"},"modified":"2026-01-06T15:02:00","modified_gmt":"2026-01-06T14:02:00","slug":"uvc-g4-ins-ubiquiti-wlan-kamera","status":"publish","type":"product","link":"https:\/\/spuehler-tv.ch\/onlineshop\/produkt\/uvc-g4-ins-ubiquiti-wlan-kamera\/","title":{"rendered":"UVC-G4-INS (Ubiquiti) &#8211; WLAN Kamera"},"content":{"rendered":"<h2 class=\"ProductDescription-Title\">Ubiquiti Camera G4 Instant UVC-G4-INS<\/h2>\n<h3 class=\"ProductDescription-Subtitle\">Ubiquiti UniFi Protect G4 Instant Kamera \u2013 UVC-G4-INS<\/h3>\n<p class=\"ProductDescription-Lead\">Die Camera G4 Instant nimmt scharfe 2K-HD-Videos \u00fcber Dual-Band-WiFi auf und ist mit einem eingebauten Lautsprecher und Mikrofon ausgestattet, um Zwei-Wege-Audio zu liefern. Die G4 Instant ist ausserdem mit IR-LEDs ausgestattet, um die Bildqualit\u00e4t bei Nacht zu verbessern. Ihr wetterfestes Geh\u00e4use nach IPX5-Standard erh\u00f6ht die Haltbarkeit im Freien und die Manipulationssicherheit, was sie zu einer idealen Kamera f\u00fcr \u00f6ffentliche Bereiche macht. Die Kamera wird \u00fcber das mitgelieferte USB-Netzteil mit Strom versorgt und kann in wenigen Minuten mit der UniFi Protect Webanwendung oder der mobilen App eingerichtet werden.<\/p>\n<div class=\"ProductDescription-Paragraph\">\n<h4 class=\"ProductDescription-ParagraphTitle\">Mikrofon und Lautsprecher integriert<\/h4>\n<p>Diese Kamera erlaubt die 2-Wege-Audiokommunikation: Sowohl ein Mikrofon als auch ein Lautsprecher sind in das Ger\u00e4t eingebaut. Sehen Sie Eindringlinge nicht nur, sondern h\u00f6ren Sie auch, was sie sagen, und zeichnen Sie zus\u00e4tzlich zum Bild auch die Sprache auf. Mittels Kontaktaufnahme \u00fcber den Lautsprecher haben Sie die M\u00f6glichkeit, potenziell Kriminelle von ihren Vorhaben abzubringen.<\/p>\n<\/div>\n<div class=\"ProductDescription-Paragraph\">\n<h4 class=\"ProductDescription-ParagraphTitle\">Tag-\/Nacht-Funktion mit IR-Cut-Filter und IR-LED<\/h4>\n<p>Sehen Sie Tag und Nacht, was im \u00dcberwachungsbereich der Kamera vor sich geht: Das Modell ist mit einer Tag-\/Nacht-Funktion ausgestattet, die mittels IR-Cut-Filter arbeitet. W\u00e4hrend der Filter tags\u00fcber bei gen\u00fcgend Helligkeit st\u00f6rendes Infrarotlicht aus der Aufnahme herausfiltert, schaltet er sich bei einsetzender Dunkelheit automatisch aus und bleibt w\u00e4hrend der Nacht inaktiv. Dadurch wird Infrarotlicht auf der Videoaufnahme sichtbar und Sie k\u00f6nnen Dinge erkennen, die sonst bei Dunkelheit verborgen bleiben. Die Sichtbarkeit wird durch Infrarot-LED-Beleuchtung zus\u00e4tzlich erh\u00f6ht: Auf diese Weise wird der Erfassungsbereich beleuchtet, ohne dass ein Eindringling dies wahrnehmen kann.<\/p>\n<\/div>\n<div class=\"ProductDescription-Paragraph\">\n<h4 class=\"ProductDescription-ParagraphTitle\">Ubiquiti Networks<\/h4>\n<p>Ubiquiti Networks ist ein amerikanischer Hersteller von leistungsf\u00e4higen Netzwerkkomponenten. Das Ziel von Ubiquiti ist es, hochmoderne und einfach zu implementierende Kommunikationsl\u00f6sungen f\u00fcr einen globalen Kundenstamm bereitzustellen. Die Firma wurde 2005 gegr\u00fcndet und stellte am Anfang WLAN-Adapter f\u00fcr PCs her. Sp\u00e4ter wurde das Angebot um Ger\u00e4te wie WLAN-Router, insbesondere f\u00fcr den Aussenbereich erweitert. Unterdessen werden auch Switche und \u00dcberwachungskameras von der Firma hergestellt. Ubiquiti Produkte \u00fcberzeugen dabei generell durch ihre \u00fcberlegene Leistung, cleveres mechanisches Design und einfache Bedienung.<\/p>\n<\/div>\n","protected":false},"excerpt":{"rendered":"<ul class=\"cds-List cds-List--Bulleted\">\n<li>Verbindungsm\u00f6glichkeiten: WLAN (Wi-Fi)<\/li>\n<li>Stromversorgung: USB-C<\/li>\n<li>Bildsensor Aufl\u00f6sung: 5 Megapixel<\/li>\n<li>Tag-\/Nacht-Funktion: IR-Cut-Filter &amp; IR-LED<\/li>\n<li>Eingebaute IR-LEDs mit automatischem IR-Sperrfilter f\u00fcr optimale \u00dcberwachung bei Nacht, Eingebautes Mikrofon und Lautsprecher<\/li>\n<li>IPX5-zertifiziertes, wetterfestes Geh\u00e4use, Wandmontierbar, Plug &amp; Play-Installation<\/li>\n<\/ul>\n<blockquote><p><span style=\"color: #0000ff;\"><strong>UniFi Protect ist erforderlich, um dieses Produkt zu betreiben.<\/strong><\/span><\/p><\/blockquote>\n","protected":false},"featured_media":9948,"comment_status":"open","ping_status":"closed","template":"","meta":[],"product_brand":[212],"product_cat":[176,175],"product_tag":[],"class_list":{"0":"post-9947","1":"product","2":"type-product","3":"status-publish","4":"has-post-thumbnail","6":"product_brand-ubiquiti","7":"product_cat-ueberwachungskamera-netzwerk","8":"product_cat-ueberwachung-security","9":"product_shipping_class-lieferung-basic-audio","11":"first","12":"onbackorder","13":"taxable","14":"shipping-taxable","15":"purchasable","16":"product-type-simple"},"_links":{"self":[{"href":"https:\/\/spuehler-tv.ch\/onlineshop\/wp-json\/wp\/v2\/product\/9947","targetHints":{"allow":["GET"]}}],"collection":[{"href":"https:\/\/spuehler-tv.ch\/onlineshop\/wp-json\/wp\/v2\/product"}],"about":[{"href":"https:\/\/spuehler-tv.ch\/onlineshop\/wp-json\/wp\/v2\/types\/product"}],"replies":[{"embeddable":true,"href":"https:\/\/spuehler-tv.ch\/onlineshop\/wp-json\/wp\/v2\/comments?post=9947"}],"wp:featuredmedia":[{"embeddable":true,"href":"https:\/\/spuehler-tv.ch\/onlineshop\/wp-json\/wp\/v2\/media\/9948"}],"wp:attachment":[{"href":"https:\/\/spuehler-tv.ch\/onlineshop\/wp-json\/wp\/v2\/media?parent=9947"}],"wp:term":[{"taxonomy":"product_brand","embeddable":true,"href":"https:\/\/spuehler-tv.ch\/onlineshop\/wp-json\/wp\/v2\/product_brand?post=9947"},{"taxonomy":"product_cat","embeddable":true,"href":"https:\/\/spuehler-tv.ch\/onlineshop\/wp-json\/wp\/v2\/product_cat?post=9947"},{"taxonomy":"product_tag","embeddable":true,"href":"https:\/\/spuehler-tv.ch\/onlineshop\/wp-json\/wp\/v2\/product_tag?post=9947"}],"curies":[{"name":"wp","href":"https:\/\/api.w.org\/{rel}","templated":true}]}}