{"id":9901,"date":"2024-03-21T15:01:44","date_gmt":"2024-03-21T14:01:44","guid":{"rendered":"https:\/\/spuehler-tv.ch\/onlineshop\/?post_type=product&#038;p=9901"},"modified":"2026-01-06T17:12:46","modified_gmt":"2026-01-06T16:12:46","slug":"we-001-wearerewind-portabler-kassettenspieler-mit-bluetooth-div-farben","status":"publish","type":"product","link":"https:\/\/spuehler-tv.ch\/onlineshop\/produkt\/we-001-wearerewind-portabler-kassettenspieler-mit-bluetooth-div-farben\/","title":{"rendered":"WE 001 (WeAreRewind) &#8211; Portabler Kassettenspieler mit Bluetooth Div. Farben"},"content":{"rendered":"<h3 class=\"ProductDescription-Subtitle\">Tragbarer Kassetten-Player mit Bluetooth<\/h3>\n<p class=\"ProductDescription-Lead\">Tauchen Sie ein in die Nostalgie des Retro-Sounds mit dem tragbaren Kassettenspieler Keith von We Are Rewind. Dieses franz\u00f6sische Design ist eine Hommage an die Vergangenheit und erm\u00f6glicht es Ihnen, Ihre Lieblingskassetten zu h\u00f6ren oder eigene Aufnahmen zu machen. Der tragbare Kassettenspieler bietet Stereowiedergabe und kann problemlos mit drahtlosen Kopfh\u00f6rern oder Lautsprechern \u00fcber Bluetooth verbunden werden. Alternativ k\u00f6nnen Sie auch die Kopfh\u00f6rerbuchse nutzen, um Ihre Musik privat zu geniessen. Mit dem 3.5-mm-Eingangsanschluss k\u00f6nnen Sie zudem eigene Mixe aufnehmen. Das robuste Aluminiumgeh\u00e4use sorgt f\u00fcr Langlebigkeit, w\u00e4hrend der wiederaufladbare Lithium-Ionen-Akku bis zu 10 Stunden Wiedergabe- oder Aufnahmezeit bietet. Die Batterieanzeigeleuchte informiert Sie rechtzeitig \u00fcber den Ladebedarf. Das Band-Ausstellungsfenster erm\u00f6glicht eine einfache Navigation auf Ihren Kassetten, w\u00e4hrend die drehbare Lautst\u00e4rkeregelung und die gut platzierten Tasten die Musiksteuerung intuitiv gestalten. Erleben Sie die Faszination des Kassettenzeitalters mit Keith von We Are Rewind.<\/p>\n<div class=\"ProductDescription-Paragraph\">\n<h4 class=\"ProductDescription-ParagraphTitle\"><\/h4>\n<p>Wie die alten Kassettenrekorder haben die Player Vor- und R\u00fcckspultasten, einen Kopfh\u00f6rerausgang, einen Lautst\u00e4rkeregler und einen Audioeingang, um eigene Mixtapes zu erstellen. Da man aber mit der Zeit gehen muss, wurden einige moderne Details eingebaut. Zum einen wurden die Batterien durch einen wiederaufladbaren Lithium-Akku ersetzt, der bis zu 12 Stunden ununterbrochene Wiedergabe erm\u00f6glicht. Das ist komfortabler und umweltfreundlicher. Zum anderen wurde ein Bluetooth 5.1-Anschluss eingebaut, \u00fcber den der Player in Sekundenschnelle mit Kopfh\u00f6rern oder kabellosen Lautsprechern verbunden werden kann. Das klingt nicht viel, ist aber eine Weltneuheit. Auf der Audioseite haben die Ingenieure hart daran gearbeitet, die Mechanik so zu optimieren, dass sie den Besten ihrer Zeit so nahe wie m\u00f6glich kommt. Besonderes Augenmerk wurde auch auf das Design und die verwendeten Materialien gelegt. Wie schon beim allerersten Sony Walkman, dem TPS-l2, wurde auf Plastik verzichtet und ein Aluminiumgeh\u00e4use bevorzugt, um einen \u201ccoolen Touch\u201d und ein echtes Qualit\u00e4tsgef\u00fchl zu erreichen.<\/p>\n<\/div>\n","protected":false},"excerpt":{"rendered":"<ul class=\"cds-List cds-List--Bulleted\">\n<li>Kompatibel mit Kompaktkassetten aller Typen I bis IV<\/li>\n<li>Bluetooth 5.1 (mit Kopfh\u00f6rer und Lautsprecher kompatibel)<\/li>\n<li>Stereoaufnahme \u00fcber 3.5 mm Cinch-Buchse<\/li>\n<li>Akkulaufzeit von bis zu 12 Stunden<\/li>\n<li>Ausgangsleistung Kopfh\u00f6rer: 2 x 2mW bei 32 \u03a9<\/li>\n<li>2-Spur-Stereo-Wiedergabe<\/li>\n<\/ul>\n","protected":false},"featured_media":9906,"comment_status":"open","ping_status":"closed","template":"","meta":[],"product_brand":[235],"product_cat":[20,174,171],"product_tag":[],"class_list":{"0":"post-9901","1":"product","2":"type-product","3":"status-publish","4":"has-post-thumbnail","6":"product_brand-wearerewind","7":"product_cat-audio-geraete","8":"product_cat-portabel-audio","9":"product_cat-kassettenspieler","10":"product_shipping_class-lieferung-basic-audio","12":"first","13":"onbackorder","14":"taxable","15":"shipping-taxable","16":"purchasable","17":"product-type-variable","18":"has-default-attributes","19":"rtwpvg-product"},"_links":{"self":[{"href":"https:\/\/spuehler-tv.ch\/onlineshop\/wp-json\/wp\/v2\/product\/9901","targetHints":{"allow":["GET"]}}],"collection":[{"href":"https:\/\/spuehler-tv.ch\/onlineshop\/wp-json\/wp\/v2\/product"}],"about":[{"href":"https:\/\/spuehler-tv.ch\/onlineshop\/wp-json\/wp\/v2\/types\/product"}],"replies":[{"embeddable":true,"href":"https:\/\/spuehler-tv.ch\/onlineshop\/wp-json\/wp\/v2\/comments?post=9901"}],"wp:featuredmedia":[{"embeddable":true,"href":"https:\/\/spuehler-tv.ch\/onlineshop\/wp-json\/wp\/v2\/media\/9906"}],"wp:attachment":[{"href":"https:\/\/spuehler-tv.ch\/onlineshop\/wp-json\/wp\/v2\/media?parent=9901"}],"wp:term":[{"taxonomy":"product_brand","embeddable":true,"href":"https:\/\/spuehler-tv.ch\/onlineshop\/wp-json\/wp\/v2\/product_brand?post=9901"},{"taxonomy":"product_cat","embeddable":true,"href":"https:\/\/spuehler-tv.ch\/onlineshop\/wp-json\/wp\/v2\/product_cat?post=9901"},{"taxonomy":"product_tag","embeddable":true,"href":"https:\/\/spuehler-tv.ch\/onlineshop\/wp-json\/wp\/v2\/product_tag?post=9901"}],"curies":[{"name":"wp","href":"https:\/\/api.w.org\/{rel}","templated":true}]}}