{"id":9864,"date":"2024-02-22T17:28:20","date_gmt":"2024-02-22T16:28:20","guid":{"rendered":"https:\/\/spuehler-tv.ch\/onlineshop\/?post_type=product&#038;p=9864"},"modified":"2026-01-06T17:44:03","modified_gmt":"2026-01-06T16:44:03","slug":"comfort-500-gigaset-dect-comfort-500a-gigaset-dect-telefon-festnetz-mit-anrufbeantworter-festnetz-kopie","status":"publish","type":"product","link":"https:\/\/spuehler-tv.ch\/onlineshop\/produkt\/comfort-500-gigaset-dect-comfort-500a-gigaset-dect-telefon-festnetz-mit-anrufbeantworter-festnetz-kopie\/","title":{"rendered":"Comfort 500A (Gigaset) &#8211; DECT Telefon Festnetz mit Anrufbeantworter"},"content":{"rendered":"<h2 class=\"ProductDescription-Title\">Gigaset Schnurlostelefon Comfort 500A Schwarz\/Silber<\/h2>\n<h3 class=\"ProductDescription-Subtitle\">Der neue Massstab in puncto komfortable Kommunikation f\u00fcr Zuhause und Home Office<\/h3>\n<div class=\"ProductDescription-BulletPoints\">\n<ul class=\"cds-List cds-List--Bulleted\">\n<li>Grosses TFT-Farbdisplay (2.2&#8243;) mit einer Aufl\u00f6sung von 220 x 176 Pixel f\u00fcr optimale Lesbarkeit<\/li>\n<li>Freisprechfunktion &amp; Headset-Anschluss<\/li>\n<li>Anrufbeantworter mit einer Aufzeichnungsdauer von bis zu 30 Minuten<\/li>\n<li>Telefonbuch f\u00fcr bis zu 200 Eintr\u00e4ge<\/li>\n<li>Einfache Bedienung, Grosse Zifferndarstellung beim W\u00e4hlen<\/li>\n<li>H\u00f6rger\u00e4tekompatibel, Abnehmbarer G\u00fcrtelclip<\/li>\n<\/ul>\n<\/div>\n<p class=\"ProductDescription-Lead\">Mit dem COMFORT 500A pr\u00e4sentiert Gigaset den neuen Massstab f\u00fcr die schnurlose Telefonie Zuhause und im Home Office. Das zeitlos-edle Design macht sowohl auf dem Schreibtisch als auch im ganzen Haus eine gute Figur.<\/p>\n<div class=\"ProductDescription-Paragraph\">\n<h4 class=\"ProductDescription-ParagraphTitle\">Anrufe und Telefonkonferenzen in HD-Qualit\u00e4t<\/h4>\n<p>Im beruflichen Einsatz \u00fcberzeugt das Gigaset COMFORT 500A mit einem professionellen Headset-Anschluss sowie einer integrierten Freisprecheinrichtung in HD-Qualit\u00e4t: So bleiben die H\u00e4nde frei f\u00fcr gute Gespr\u00e4che und direkte Mitschriften. Exzellente Sprachqualit\u00e4t ist zudem bei klassischen Telefonaten sichergestellt.<\/p>\n<\/div>\n<div class=\"ProductDescription-Paragraph\">\n<h4 class=\"ProductDescription-ParagraphTitle\">Ein nachhaltiges Design f\u00fcr alle Generationen<\/h4>\n<p>Die neue Gigaset Generation bereitet durch hochwertige Materialien und einfache Bedienung nachhaltig Freude. Und das sogar generations\u00fcbergreifend: Durch optimale Lesbarkeit des Displays und H\u00f6rger\u00e4te-Kompatibilit\u00e4t ist Freude an Kommunikation keine Frage des Alters mehr.<\/p>\n<\/div>\n<div class=\"ProductDescription-Paragraph\">\n<h4 class=\"ProductDescription-ParagraphTitle\">Komfort-Anrufschutz blockt unerw\u00fcnschte Nummern<\/h4>\n<p>Unerw\u00fcnschte Anrufe sind eine Herausforderung in jeder Lebensphase: Hier hat Gigaset mit dem Komfort-Anrufschutz eine neue Funktion entwickelt, die vor st\u00f6renden Werbeanrufen sch\u00fctzt. Eine lokale, individuelle Sperrung ist f\u00fcr bis zu 150 Rufnummern m\u00f6glich. Sollte diese Anzahl einmal erreicht werden, wird automatisch die \u00e4lteste gesperrte Rufnummer ersetzt.<\/p>\n<\/div>\n<div class=\"ProductDescription-Paragraph\">\n<h4 class=\"ProductDescription-ParagraphTitle\">Innovative Technologien, Made In Germany<\/h4>\n<p>Das Gigaset COMFORT 500A basiert auf unserer jahrzehntelangen Erfahrung im Bau von hochwertigen Kommunikationsl\u00f6sungen. Stetig weiterentwickelte Technologien wie ECO DECT und Green Office Energy Saving sorgen f\u00fcr exzellente Verbindungen in Kombination mit einem modernen Design. Ein neues Meisterst\u00fcck, entwickelt und \u201aMade In Germany\u2019.<\/p>\n<\/div>\n","protected":false},"excerpt":{"rendered":"<p>Gigaset Schnurlostelefon Comfort 500A Schwarz\/Silber Der neue Massstab in puncto komfortable Kommunikation f\u00fcr Zuhause und Home Office Grosses TFT-Farbdisplay (2.2&#8243;) mit einer Aufl\u00f6sung von 220 x 176 Pixel f\u00fcr optimale Lesbarkeit Freisprechfunktion &amp; Headset-Anschluss Anrufbeantworter mit einer Aufzeichnungsdauer von bis zu 30 Minuten Telefonbuch f\u00fcr bis zu 200 Eintr\u00e4ge Einfache Bedienung, Grosse Zifferndarstellung beim W\u00e4hlen [&hellip;]<\/p>\n","protected":false},"featured_media":9865,"comment_status":"open","ping_status":"closed","template":"","meta":[],"product_brand":[251],"product_cat":[142],"product_tag":[],"class_list":{"0":"post-9864","1":"product","2":"type-product","3":"status-publish","4":"has-post-thumbnail","6":"product_brand-gigaset","7":"product_cat-festnetz-telefonie","9":"first","10":"instock","11":"taxable","12":"shipping-taxable","13":"purchasable","14":"product-type-simple"},"_links":{"self":[{"href":"https:\/\/spuehler-tv.ch\/onlineshop\/wp-json\/wp\/v2\/product\/9864","targetHints":{"allow":["GET"]}}],"collection":[{"href":"https:\/\/spuehler-tv.ch\/onlineshop\/wp-json\/wp\/v2\/product"}],"about":[{"href":"https:\/\/spuehler-tv.ch\/onlineshop\/wp-json\/wp\/v2\/types\/product"}],"replies":[{"embeddable":true,"href":"https:\/\/spuehler-tv.ch\/onlineshop\/wp-json\/wp\/v2\/comments?post=9864"}],"wp:featuredmedia":[{"embeddable":true,"href":"https:\/\/spuehler-tv.ch\/onlineshop\/wp-json\/wp\/v2\/media\/9865"}],"wp:attachment":[{"href":"https:\/\/spuehler-tv.ch\/onlineshop\/wp-json\/wp\/v2\/media?parent=9864"}],"wp:term":[{"taxonomy":"product_brand","embeddable":true,"href":"https:\/\/spuehler-tv.ch\/onlineshop\/wp-json\/wp\/v2\/product_brand?post=9864"},{"taxonomy":"product_cat","embeddable":true,"href":"https:\/\/spuehler-tv.ch\/onlineshop\/wp-json\/wp\/v2\/product_cat?post=9864"},{"taxonomy":"product_tag","embeddable":true,"href":"https:\/\/spuehler-tv.ch\/onlineshop\/wp-json\/wp\/v2\/product_tag?post=9864"}],"curies":[{"name":"wp","href":"https:\/\/api.w.org\/{rel}","templated":true}]}}