{"id":9776,"date":"2024-01-12T08:35:52","date_gmt":"2024-01-12T07:35:52","guid":{"rendered":"https:\/\/spuehler-tv.ch\/onlineshop\/?post_type=product&#038;p=9776"},"modified":"2025-08-04T08:12:22","modified_gmt":"2025-08-04T07:12:22","slug":"prestige-facet-6b-elipson-hifi-regallautsprecher-paar-div-farben","status":"publish","type":"product","link":"https:\/\/spuehler-tv.ch\/onlineshop\/produkt\/prestige-facet-6b-elipson-hifi-regallautsprecher-paar-div-farben\/","title":{"rendered":"Prestige Facet 6B (Elipson) &#8211; HiFi Regallautsprecher Paar &#8211; Div. Farben"},"content":{"rendered":"<p>Der Kompaktlautsprecher Elipson PF6B ist das j\u00fcngste Mitglied der Produktreihe. Er verf\u00fcgt \u00fcber einen 14 cm gro\u00dfen Tiefmittelt\u00f6ner mit einer zentralen Spitze, die Turbulenzen, die zu Verzerrungen f\u00fchren, minimiert. Der Hocht\u00f6ner ist eine 25 mm gro\u00dfe Weichkalotte. Beide Lautsprecher werden von einem Dritthersteller nach sehr anspruchsvollen Spezifikationen hergestellt. Exklusiv f\u00fcr die Elipson Prestige Facet-Lautsprecherserie umschlie\u00dft ein ma\u00dfgefertigter Kranz aus synthetischem Gummi jeden Lautsprecher, um den Effekt der Schallwand und die Diffraktionen zu begrenzen. Dadurch wird die Frequenzgangkurve weniger gest\u00f6rt und linearer, was zu einem sanfteren H\u00f6rerlebnis f\u00fchrt.<\/p>\n<p>&#8211; Typ: 2-Wege-Bassreflex-Lautsprecher<br \/>\n&#8211; Zul\u00e4ssige Leistung: 70 W RMS<br \/>\n&#8211; Lautsprecher: Tiefmittelt\u00f6ner: 140 mm \/ Hocht\u00f6ner: 25 mm.<br \/>\n&#8211; Frequenzgang (\u00b1 3dB): 57 Hz &#8211; 25 kHz.<br \/>\n&#8211; Empfindlichkeit: 90 dB\/1W\/1m<br \/>\n&#8211; Impedanz: 6 Ohm<br \/>\n&#8211; Ma\u00dfgeschneiderte Lautsprecherumrandung aus synthetischem Gummi, um den Schallwand-Effekt und Beugungen zu minimieren.<br \/>\n&#8211; Ausf\u00fchrung: Lackierte Front, Vinylgeh\u00e4use.<br \/>\n&#8211; Farben: Schwarz<br \/>\n&#8211; Anschl\u00fcsse: Schraubklemmen, versilberte Stecker, Bi-Wiring- oder Bi-Amping-f\u00e4hig.<br \/>\n&#8211; Abmessungen (ohne Standfu\u00df): B176 x H298 x T225 mm.<br \/>\n&#8211; Gewicht: 12,5 kg<\/p>\n","protected":false},"excerpt":{"rendered":"<p>&#8211; Typ: 2-Wege-Bassreflex-Lautsprecher<br \/>\n&#8211; Zul\u00e4ssige Leistung: 70 W RMS<br \/>\n&#8211; Lautsprecher: Tiefmittelt\u00f6ner: 140 mm \/ Hocht\u00f6ner: 25 mm.<br \/>\n&#8211; Frequenzgang (\u00b1 3dB): 57 Hz &#8211; 25 kHz.<br \/>\n&#8211; Empfindlichkeit: 90 dB\/1W\/1m<br \/>\n&#8211; Impedanz: 6 Ohm<\/p>\n","protected":false},"featured_media":9780,"comment_status":"open","ping_status":"closed","template":"","meta":[],"product_brand":[],"product_cat":[226,143,130,81],"product_tag":[],"class_list":{"0":"post-9776","1":"product","2":"type-product","3":"status-publish","4":"has-post-thumbnail","6":"product_cat-sale","7":"product_cat-austellungsgeraete-spezialangebote","8":"product_cat-lautsprecher-hifi","9":"product_cat-regallautsprecher-hifi","10":"product_shipping_class-lieferung-basic-audio","12":"first","13":"instock","14":"sale","15":"taxable","16":"shipping-taxable","17":"purchasable","18":"product-type-variable","19":"has-default-attributes","20":"rtwpvg-product"},"_links":{"self":[{"href":"https:\/\/spuehler-tv.ch\/onlineshop\/wp-json\/wp\/v2\/product\/9776","targetHints":{"allow":["GET"]}}],"collection":[{"href":"https:\/\/spuehler-tv.ch\/onlineshop\/wp-json\/wp\/v2\/product"}],"about":[{"href":"https:\/\/spuehler-tv.ch\/onlineshop\/wp-json\/wp\/v2\/types\/product"}],"replies":[{"embeddable":true,"href":"https:\/\/spuehler-tv.ch\/onlineshop\/wp-json\/wp\/v2\/comments?post=9776"}],"wp:featuredmedia":[{"embeddable":true,"href":"https:\/\/spuehler-tv.ch\/onlineshop\/wp-json\/wp\/v2\/media\/9780"}],"wp:attachment":[{"href":"https:\/\/spuehler-tv.ch\/onlineshop\/wp-json\/wp\/v2\/media?parent=9776"}],"wp:term":[{"taxonomy":"product_brand","embeddable":true,"href":"https:\/\/spuehler-tv.ch\/onlineshop\/wp-json\/wp\/v2\/product_brand?post=9776"},{"taxonomy":"product_cat","embeddable":true,"href":"https:\/\/spuehler-tv.ch\/onlineshop\/wp-json\/wp\/v2\/product_cat?post=9776"},{"taxonomy":"product_tag","embeddable":true,"href":"https:\/\/spuehler-tv.ch\/onlineshop\/wp-json\/wp\/v2\/product_tag?post=9776"}],"curies":[{"name":"wp","href":"https:\/\/api.w.org\/{rel}","templated":true}]}}

<p>Der Kompaktlautsprecher Elipson PF6B ist das jüngste Mitglied der Produktreihe. Er verfügt über einen 14 cm großen Tiefmitteltöner mit einer zentralen Spitze, die Turbulenzen, die zu Verzerrungen führen, minimiert. Der Hochtöner ist eine 25 mm große Weichkalotte. Beide Lautsprecher werden von einem Dritthersteller nach sehr anspruchsvollen Spezifikationen hergestellt. Exklusiv für die Elipson Prestige Facet-Lautsprecherserie umschließt ein maßgefertigter Kranz aus synthetischem Gummi jeden Lautsprecher, um den Effekt der Schallwand und die Diffraktionen zu begrenzen. Dadurch wird die Frequenzgangkurve weniger gestört und linearer, was zu einem sanfteren Hörerlebnis führt.</p>
<p>&#8211; Typ: 2-Wege-Bassreflex-Lautsprecher<br />
&#8211; Zulässige Leistung: 70 W RMS<br />
&#8211; Lautsprecher: Tiefmitteltöner: 140 mm / Hochtöner: 25 mm.<br />
&#8211; Frequenzgang (± 3dB): 57 Hz &#8211; 25 kHz.<br />
&#8211; Empfindlichkeit: 90 dB/1W/1m<br />
&#8211; Impedanz: 6 Ohm<br />
&#8211; Maßgeschneiderte Lautsprecherumrandung aus synthetischem Gummi, um den Schallwand-Effekt und Beugungen zu minimieren.<br />
&#8211; Ausführung: Lackierte Front, Vinylgehäuse.<br />
&#8211; Farben: Schwarz<br />
&#8211; Anschlüsse: Schraubklemmen, versilberte Stecker, Bi-Wiring- oder Bi-Amping-fähig.<br />
&#8211; Abmessungen (ohne Standfuß): B176 x H298 x T225 mm.<br />
&#8211; Gewicht: 12,5 kg</p>

<p>&#8211; Typ: 2-Wege-Bassreflex-Lautsprecher<br />
&#8211; Zulässige Leistung: 70 W RMS<br />
&#8211; Lautsprecher: Tiefmitteltöner: 140 mm / Hochtöner: 25 mm.<br />
&#8211; Frequenzgang (± 3dB): 57 Hz &#8211; 25 kHz.<br />
&#8211; Empfindlichkeit: 90 dB/1W/1m<br />
&#8211; Impedanz: 6 Ohm</p>
