{"id":9569,"date":"2023-11-30T11:59:49","date_gmt":"2023-11-30T10:59:49","guid":{"rendered":"https:\/\/spuehler-tv.ch\/onlineshop\/?post_type=product&#038;p=9569"},"modified":"2026-02-05T13:43:14","modified_gmt":"2026-02-05T12:43:14","slug":"fire-tv-stick-4k-max-2nd-gen-2025-model-amazon-4k-uhd-fire-os-streaming-stick-hdmi","status":"publish","type":"product","link":"https:\/\/spuehler-tv.ch\/onlineshop\/produkt\/fire-tv-stick-4k-max-2nd-gen-2025-model-amazon-4k-uhd-fire-os-streaming-stick-hdmi\/","title":{"rendered":"Fire TV Stick 4K Max 2nd GEN 2025 Model (Amazon) &#8211; 4K\/UHD Fire OS Streaming Stick HDMI"},"content":{"rendered":"<h2 class=\"ProductDescription-Title\">Amazon Mediaplayer Fire TV Stick 4K Max<\/h2>\n<h3 class=\"ProductDescription-Subtitle\">4k-Streaming in Ultra-Cinema-Qualit\u00e4t<\/h3>\n<div class=\"ProductDescription-BulletPoints\">\n<ul class=\"cds-List cds-List--Bulleted\">\n<li>Der leistungsstarke Prozessor sorgt f\u00fcr blitzschnelles Starten von Apps und fl\u00fcssige Navigation<\/li>\n<li>4K Ultra HD mit Unterst\u00fctzung f\u00fcr Dolby Vision, HDR10+ und Dolby Atmos-Surround-Sound<\/li>\n<li>Sehen Sie sich Ihre Lieblingsinhalte von Netflix, Prime Video, Disney+ und vielen anderen an (Es k\u00f6nnen Abonnementgeb\u00fchren anfallen)<\/li>\n<li>Mit dem Alexa-Button lassen sich kompatible Ger\u00e4te wie Kameras oder Lampen im Smart Home steuern<\/li>\n<li>4K-Streaming, auch wenn andere Ger\u00e4te mit dem Router verbunden sind<\/li>\n<li>Mit Ambient TV k\u00f6nnen mehr als 2.000 Kunstwerke und Fotos in Museumsqualit\u00e4t pr\u00e4sentiert werden<\/li>\n<\/ul>\n<\/div>\n<p class=\"ProductDescription-Lead\">Erlebe Unterhaltung in 4K Ultra HD auf einem neuen Niveau mit einem leistungsstarken 2.0 GHz Quad-Core-Prozessor f\u00fcr blitzschnelles Starten von Apps, Wi-Fi 6E-Unterst\u00fctzung f\u00fcr reibungsloses Streaming und doppelter Speicherkapazit\u00e4t f\u00fcr noch mehr Downloads. W\u00e4hlen Sie aus Tausenden von Filmen und Serienepisoden und steuern Sie alles mit nur einem Tastendruck. Fire TV Ambient TV sorgt zudem f\u00fcr eine stilvolle Atmosph\u00e4re in jedem Raum.<\/p>\n<div class=\"ProductDescription-Paragraph\">\n<h4 class=\"ProductDescription-ParagraphTitle\">Ein Rundum-Erlebnis in 4K Ultra HD<\/h4>\n<p>Ob Sportereignisse oder Filmpremieren \u2013 mit Unterst\u00fctzung f\u00fcr 4K Ultra HD in Kinoqualit\u00e4t haben Sie das Gef\u00fchl, direkt vor Ort zu sein. Erleben Sie lebendige Farben und brillante Helligkeit mit Unterst\u00fctzung f\u00fcr Dolby Vision und HDR10+ sowie beeindruckenden Klang mit Dolby Atmos.<\/p>\n<\/div>\n<div class=\"ProductDescription-Paragraph\">\n<h4 class=\"ProductDescription-ParagraphTitle\">Reibungsloseres Streaming in 4K f\u00fcr jedes Zuhause<\/h4>\n<p>Der Streaming-Stick mit Wi-Fi 6E-Unterst\u00fctzung f\u00fcr ein besonders fl\u00fcssiges Streaming-Erlebnis in 4K \u2013 auch an Orten, an denen die Internetverbindung von mehreren Ger\u00e4ten genutzt wird. F\u00fcr die Nutzung von Wi-Fi 6E ist ein kompatibler Router wie der eero Pro 6E erforderlich. Der Fire TV Stick 4K Max funktioniert auch mit \u00e4lteren WLAN-Routern.<\/p>\n<\/div>\n<div class=\"ProductDescription-Paragraph\">\n<h4 class=\"ProductDescription-ParagraphTitle\">Smart-Home-Steuerung und Smart Living<\/h4>\n<p>Steuern Sie kompatible Smart-Home-Ger\u00e4te direkt \u00fcber Ihren Fernseher. Dr\u00fccken Sie einfach den Alexa-Knopf und bitten Sie Alexa beispielsweise, Live-Videos von Kameras als Bild-im-Bild anzuzeigen, ohne Ihr Fernsehprogramm zu unterbrechen, den Wetterbericht zu sagen oder Musik zu streamen. Fire TV wird mit neuen Alexa Skills und Sprachfunktionen immer intelligenter.<\/p>\n<\/div>\n","protected":false},"excerpt":{"rendered":"<p>Ideal f\u00fcr Nachr\u00fcstung \u00e4lterer TV Ger\u00e4te ohne Smart Features, besondere Kompatibilit\u00e4t mit Metz TV Ger\u00e4ten.<\/p>\n<p>SappTV Kompatibel<\/p>\n","protected":false},"featured_media":8384,"comment_status":"closed","ping_status":"closed","template":"","meta":[],"product_brand":[248],"product_cat":[226,143,31,64],"product_tag":[],"class_list":{"0":"post-9569","1":"product","2":"type-product","3":"status-publish","4":"has-post-thumbnail","6":"product_brand-amazon","7":"product_cat-sale","8":"product_cat-austellungsgeraete-spezialangebote","9":"product_cat-abspielgeraete-recorder","10":"product_cat-media-player-streaming","11":"product_shipping_class-lieferung-basic-audio","13":"first","14":"instock","15":"sale","16":"taxable","17":"shipping-taxable","18":"purchasable","19":"product-type-simple"},"_links":{"self":[{"href":"https:\/\/spuehler-tv.ch\/onlineshop\/wp-json\/wp\/v2\/product\/9569","targetHints":{"allow":["GET"]}}],"collection":[{"href":"https:\/\/spuehler-tv.ch\/onlineshop\/wp-json\/wp\/v2\/product"}],"about":[{"href":"https:\/\/spuehler-tv.ch\/onlineshop\/wp-json\/wp\/v2\/types\/product"}],"replies":[{"embeddable":true,"href":"https:\/\/spuehler-tv.ch\/onlineshop\/wp-json\/wp\/v2\/comments?post=9569"}],"wp:featuredmedia":[{"embeddable":true,"href":"https:\/\/spuehler-tv.ch\/onlineshop\/wp-json\/wp\/v2\/media\/8384"}],"wp:attachment":[{"href":"https:\/\/spuehler-tv.ch\/onlineshop\/wp-json\/wp\/v2\/media?parent=9569"}],"wp:term":[{"taxonomy":"product_brand","embeddable":true,"href":"https:\/\/spuehler-tv.ch\/onlineshop\/wp-json\/wp\/v2\/product_brand?post=9569"},{"taxonomy":"product_cat","embeddable":true,"href":"https:\/\/spuehler-tv.ch\/onlineshop\/wp-json\/wp\/v2\/product_cat?post=9569"},{"taxonomy":"product_tag","embeddable":true,"href":"https:\/\/spuehler-tv.ch\/onlineshop\/wp-json\/wp\/v2\/product_tag?post=9569"}],"curies":[{"name":"wp","href":"https:\/\/api.w.org\/{rel}","templated":true}]}}