{"id":9339,"date":"2023-09-29T09:04:07","date_gmt":"2023-09-29T08:04:07","guid":{"rendered":"https:\/\/spuehler-tv.ch\/onlineshop\/?post_type=product&#038;p=9339"},"modified":"2023-09-29T09:16:55","modified_gmt":"2023-09-29T08:16:55","slug":"av-tv-moebel-inkl-liftsystem-integriertes-funkfernbediensystem-bis-55-versch-farben-varianten","status":"publish","type":"product","link":"https:\/\/spuehler-tv.ch\/onlineshop\/produkt\/av-tv-moebel-inkl-liftsystem-integriertes-funkfernbediensystem-bis-55-versch-farben-varianten\/","title":{"rendered":"AV-TV M\u00f6bel inkl. Liftsystem \/ Integriertes Funkfernbediensystem, bis 55&#8243; &#8211; Versch. Farben\/Varianten"},"content":{"rendered":"<p>montiert, Farben Nussbaum\/schwarz, max 50Kg,<br \/>\nmax VESA 600&#215;400, Hub 900mm, Hub 2.5cm\/s,<br \/>\ninkl. RF Fernbedienung und Rollen, BxHxT<br \/>\n1350x977x402mm<\/p>\n<p>Mit Stauraum in 3 Frontt\u00fcren, und Aussparung f\u00fcr Soundbar*. (Ideal z.b. f\u00fcr Sonos ARC)<\/p>\n<p>*Variantenabh\u00e4ngig!<\/p>\n<p><strong>F\u00fcr eine Fachgerechte Installation \/ Transport \/ Montage rufen Sie uns bitte unter 044 \/ 886 86 86 an oder senden Sie uns ein <a href=\"mailto: info@spuehler-tv.ch\">E-Mail<\/a>!<\/strong><\/p>\n<p>Lieferung OHNE TV Ger\u00e4t, Bild dient nur zur Veranschaulichung!<\/p>\n","protected":false},"excerpt":{"rendered":"<p>montiert, Farben Nussbaum\/schwarz, max 50Kg, max VESA 600&#215;400, Hub 900mm, Hub 2.5cm\/s, inkl. RF Fernbedienung und Rollen, BxHxT 1350x977x402mm Mit Stauraum in 3 Frontt\u00fcren, und Aussparung f\u00fcr Soundbar*. (Ideal z.b. f\u00fcr Sonos ARC) *Variantenabh\u00e4ngig! F\u00fcr eine Fachgerechte Installation \/ Transport \/ Montage rufen Sie uns bitte unter 044 \/ 886 86 86 an oder senden [&hellip;]<\/p>\n","protected":false},"featured_media":9331,"comment_status":"closed","ping_status":"closed","template":"","meta":[],"product_brand":[],"product_cat":[152],"product_tag":[],"class_list":{"0":"post-9339","1":"product","2":"type-product","3":"status-publish","4":"has-post-thumbnail","6":"product_cat-multimedia-tv-hifi-moebel","7":"product_shipping_class-kein-versand-moeglich-kontaktieren-sie-uns-unter-044-886-86-86-oder-per-mail","9":"first","10":"onbackorder","11":"taxable","12":"shipping-taxable","13":"purchasable","14":"product-type-variable","15":"has-default-attributes","16":"rtwpvg-product"},"_links":{"self":[{"href":"https:\/\/spuehler-tv.ch\/onlineshop\/wp-json\/wp\/v2\/product\/9339","targetHints":{"allow":["GET"]}}],"collection":[{"href":"https:\/\/spuehler-tv.ch\/onlineshop\/wp-json\/wp\/v2\/product"}],"about":[{"href":"https:\/\/spuehler-tv.ch\/onlineshop\/wp-json\/wp\/v2\/types\/product"}],"replies":[{"embeddable":true,"href":"https:\/\/spuehler-tv.ch\/onlineshop\/wp-json\/wp\/v2\/comments?post=9339"}],"wp:featuredmedia":[{"embeddable":true,"href":"https:\/\/spuehler-tv.ch\/onlineshop\/wp-json\/wp\/v2\/media\/9331"}],"wp:attachment":[{"href":"https:\/\/spuehler-tv.ch\/onlineshop\/wp-json\/wp\/v2\/media?parent=9339"}],"wp:term":[{"taxonomy":"product_brand","embeddable":true,"href":"https:\/\/spuehler-tv.ch\/onlineshop\/wp-json\/wp\/v2\/product_brand?post=9339"},{"taxonomy":"product_cat","embeddable":true,"href":"https:\/\/spuehler-tv.ch\/onlineshop\/wp-json\/wp\/v2\/product_cat?post=9339"},{"taxonomy":"product_tag","embeddable":true,"href":"https:\/\/spuehler-tv.ch\/onlineshop\/wp-json\/wp\/v2\/product_tag?post=9339"}],"curies":[{"name":"wp","href":"https:\/\/api.w.org\/{rel}","templated":true}]}}

AV-TV Möbel inkl. Liftsystem / Integriertes Funkfernbediensystem, bis 55&#8243; &#8211; Versch. Farben/Varianten

<p>montiert, Farben Nussbaum/schwarz, max 50Kg,<br />
max VESA 600&#215;400, Hub 900mm, Hub 2.5cm/s,<br />
inkl. RF Fernbedienung und Rollen, BxHxT<br />
1350x977x402mm</p>
<p>Mit Stauraum in 3 Fronttüren, und Aussparung für Soundbar*. (Ideal z.b. für Sonos ARC)</p>
<p>*Variantenabhängig!</p>
<p><strong>Für eine Fachgerechte Installation / Transport / Montage rufen Sie uns bitte unter 044 / 886 86 86 an oder senden Sie uns ein <a href="mailto: info@spuehler-tv.ch">E-Mail</a>!</strong></p>
<p>Lieferung OHNE TV Gerät, Bild dient nur zur Veranschaulichung!</p>

<p>montiert, Farben Nussbaum/schwarz, max 50Kg, max VESA 600&#215;400, Hub 900mm, Hub 2.5cm/s, inkl. RF Fernbedienung und Rollen, BxHxT 1350x977x402mm Mit Stauraum in 3 Fronttüren, und Aussparung für Soundbar*. (Ideal z.b. für Sonos ARC) *Variantenabhängig! Für eine Fachgerechte Installation / Transport / Montage rufen Sie uns bitte unter 044 / 886 86 86 an oder senden [&hellip;]</p>
