{"id":9218,"date":"2023-07-01T10:29:25","date_gmt":"2023-07-01T09:29:25","guid":{"rendered":"https:\/\/spuehler-tv.ch\/onlineshop\/?post_type=product&#038;p=9218"},"modified":"2026-01-06T17:18:43","modified_gmt":"2026-01-06T16:18:43","slug":"s17b-jamo-regallautsprecher-paar-div-farben","status":"publish","type":"product","link":"https:\/\/spuehler-tv.ch\/onlineshop\/produkt\/s17b-jamo-regallautsprecher-paar-div-farben\/","title":{"rendered":"S17B (Jamo) &#8211; Regallautsprecher Paar &#8211; Div. Farben"},"content":{"rendered":"<p>Die Studio7 S7-17B sind sehr kompakte Lautsprecher, die f\u00fcr den Einsatz in kleineren R\u00e4umen entwickelt wurden und dennoch eine unglaubliche Audioleistung liefern. \u00a0Diese kompakten Lautsprecher eignen sich gleichermassen f\u00fcr die Wiedergabe von Filmen und Musik. Auch als Regallautsprecher oder an der Wand als Surround-Lautsprecher in einem Heimkinosystem. Mit ihrer minimalistischen \u00c4sthetik, den klaren Linien und der anspruchsvollen Liebe zum Detail ist die Studio7-Serie eine Hommage an die beiden JAMO Gr\u00fcnder, Preben Jacobsen und Julius Mortensen. 7 ist wirklich die magische Zahl f\u00fcr die neue Studio7. Um eine koh\u00e4rente Klangb\u00fchne zu gew\u00e4hrleisten, ist das akustische Zentrum des Chassis winklig ausgerichtet, indem das Geh\u00e4use nach hinten gekippt und auf einem Sockel montiert in dem sich die Frequenzweiche befindet. Das Ergebnis ist eine Serie, die nicht nur exzellent klingt, sondern auch visuell auff\u00e4llt und unbestreitbar skandinavisch. Welcome Studio 7!<\/p>\n","protected":false},"excerpt":{"rendered":"<ul>\n<li>2-Weg Bass Reflex<\/li>\n<li>Regal- oder Surround Lautsprecher<\/li>\n<li>7\u00b0 abgewinkelter Sockel<\/li>\n<\/ul>\n","protected":false},"featured_media":9226,"comment_status":"open","ping_status":"closed","template":"","meta":[],"product_brand":[239],"product_cat":[130,81],"product_tag":[],"class_list":{"0":"post-9218","1":"product","2":"type-product","3":"status-publish","4":"has-post-thumbnail","6":"product_brand-jamo","7":"product_cat-lautsprecher-hifi","8":"product_cat-regallautsprecher-hifi","9":"product_shipping_class-lieferung-basic-audio","11":"first","12":"instock","13":"taxable","14":"shipping-taxable","15":"purchasable","16":"product-type-variable","17":"has-default-attributes","18":"rtwpvg-product"},"_links":{"self":[{"href":"https:\/\/spuehler-tv.ch\/onlineshop\/wp-json\/wp\/v2\/product\/9218","targetHints":{"allow":["GET"]}}],"collection":[{"href":"https:\/\/spuehler-tv.ch\/onlineshop\/wp-json\/wp\/v2\/product"}],"about":[{"href":"https:\/\/spuehler-tv.ch\/onlineshop\/wp-json\/wp\/v2\/types\/product"}],"replies":[{"embeddable":true,"href":"https:\/\/spuehler-tv.ch\/onlineshop\/wp-json\/wp\/v2\/comments?post=9218"}],"wp:featuredmedia":[{"embeddable":true,"href":"https:\/\/spuehler-tv.ch\/onlineshop\/wp-json\/wp\/v2\/media\/9226"}],"wp:attachment":[{"href":"https:\/\/spuehler-tv.ch\/onlineshop\/wp-json\/wp\/v2\/media?parent=9218"}],"wp:term":[{"taxonomy":"product_brand","embeddable":true,"href":"https:\/\/spuehler-tv.ch\/onlineshop\/wp-json\/wp\/v2\/product_brand?post=9218"},{"taxonomy":"product_cat","embeddable":true,"href":"https:\/\/spuehler-tv.ch\/onlineshop\/wp-json\/wp\/v2\/product_cat?post=9218"},{"taxonomy":"product_tag","embeddable":true,"href":"https:\/\/spuehler-tv.ch\/onlineshop\/wp-json\/wp\/v2\/product_tag?post=9218"}],"curies":[{"name":"wp","href":"https:\/\/api.w.org\/{rel}","templated":true}]}}

<p>Die Studio7 S7-17B sind sehr kompakte Lautsprecher, die für den Einsatz in kleineren Räumen entwickelt wurden und dennoch eine unglaubliche Audioleistung liefern.  Diese kompakten Lautsprecher eignen sich gleichermassen für die Wiedergabe von Filmen und Musik. Auch als Regallautsprecher oder an der Wand als Surround-Lautsprecher in einem Heimkinosystem. Mit ihrer minimalistischen Ästhetik, den klaren Linien und der anspruchsvollen Liebe zum Detail ist die Studio7-Serie eine Hommage an die beiden JAMO Gründer, Preben Jacobsen und Julius Mortensen. 7 ist wirklich die magische Zahl für die neue Studio7. Um eine kohärente Klangbühne zu gewährleisten, ist das akustische Zentrum des Chassis winklig ausgerichtet, indem das Gehäuse nach hinten gekippt und auf einem Sockel montiert in dem sich die Frequenzweiche befindet. Das Ergebnis ist eine Serie, die nicht nur exzellent klingt, sondern auch visuell auffällt und unbestreitbar skandinavisch. Welcome Studio 7!</p>
