{"id":9119,"date":"2023-06-12T14:23:48","date_gmt":"2023-06-12T13:23:48","guid":{"rendered":"https:\/\/spuehler-tv.ch\/onlineshop\/?post_type=product&#038;p=9119"},"modified":"2026-01-06T14:59:07","modified_gmt":"2026-01-06T13:59:07","slug":"as-301-yamaha-stereo-vollverstaerker-silber-o-schwarz","status":"publish","type":"product","link":"https:\/\/spuehler-tv.ch\/onlineshop\/produkt\/as-301-yamaha-stereo-vollverstaerker-silber-o-schwarz\/","title":{"rendered":"AS-301 (Yamaha) &#8211; Stereo Vollverst\u00e4rker Silber o. Schwarz"},"content":{"rendered":"<h2 class=\"ProductDescription-Title\">Yamaha Stereo-Verst\u00e4rker A-S301 Silber<\/h2>\n<h3 class=\"ProductDescription-Subtitle\">Leistungsf\u00e4higer Vollverst\u00e4rker mit Subwooferanschluss<\/h3>\n<p class=\"ProductDescription-Lead\">Der A-S301 von Yamaha ist ein Vollverst\u00e4rker mit einer Ausgangsleistung von 2x 60 Watt, welcher bis zu zwei Stereolautsprecherpaare gleichzeitig betreiben kann. Zudem kann am Subwoofer-Anschluss ein aktiver Subwoofer f\u00fcr eine verbesserte Basswiedergabe angeschlossen werden.<\/p>\n<div class=\"ProductDescription-Paragraph\">\n<h4 class=\"ProductDescription-ParagraphTitle\">Selektierte Bauteile f\u00fcr ein maximales Klangerlebnis<\/h4>\n<p>Die Qualit\u00e4t der einzelnen Teile und ihr Zusammenspiel sind entscheidend f\u00fcr den Klang jeder Komponente. Deshalb verwendet Yamaha ausschliesslich hochwertige Bauteile, die sorgf\u00e4ltig ausgew\u00e4hlt und getestet werden. Beim A-S301 ist eine exzellente Signalwiedergabe auch unter fordernden Bedingungen garantiert &#8211; Netztransformator sowie Abblockkondensatoren sind speziell angefertigt, die Lautsprecher-Relais haben einen direkten Signalweg, hinzu kommen Ein-Punkt-Erdung sowie stranggepresste Aluminium-W\u00e4rmetauscher.<\/p>\n<\/div>\n<div class=\"ProductDescription-Paragraph\">\n<h4 class=\"ProductDescription-ParagraphTitle\">Ohne Verlust klanglicher Details<\/h4>\n<p>Die \u00abPure Direct\u00bb-Schaltung erm\u00f6glicht eine \u00dcberbr\u00fcckung von Schaltkreisen, wie beispielsweise der Klangregelung, um den k\u00fcrzesten Signalweg vom Eingang bis zum Verst\u00e4rker zu erm\u00f6glichen und das Signal so unver\u00e4ndert wie m\u00f6glich wiederzugeben.<\/p>\n<\/div>\n<div class=\"ProductDescription-Paragraph\">\n<h4 class=\"ProductDescription-ParagraphTitle\">Stufenlose \u00abLoudness\u00bb-Regelung<\/h4>\n<p>Der A-S301 verf\u00fcgt \u00fcber eine neue analoge Loudness-Steuerung, die an der Front angebracht ist. Sie nutzt eine elektronische Lautst\u00e4rkeregelung f\u00fcr h\u00f6chste Klangqualit\u00e4t, so dass der Loudness-Effekt beliebig eingestellt werden kann. Getrennt von der normalen Lautst\u00e4rkeregelung kann so die Balance zwischen H\u00f6hen und Tiefen beeinflusst werden. Dadurch ist die komplette tonale Bandbreite verf\u00fcgbar, der nat\u00fcrliche H\u00f6rverlust hoher und tiefer Frequenzen bei niedriger Lautst\u00e4rke wird ausgeglichen.<\/p>\n<\/div>\n","protected":false},"excerpt":{"rendered":"<ul class=\"cds-List cds-List--Bulleted\">\n<li>Ausgangsleistung von 2x 60 W RMS<\/li>\n<li>Selektierte Bauteile f\u00fcr bestm\u00f6gliche Klangqualit\u00e4t<\/li>\n<li>Ohne Verlust klanglicher Details dank \u00abPure Direct\u00bb<\/li>\n<li>Stufenlose \u00abLoudness\u00bb-Regelung<\/li>\n<li>4x Lautsprecheranschluss, 1x Subwooferausgang<\/li>\n<\/ul>\n","protected":false},"featured_media":9126,"comment_status":"open","ping_status":"closed","template":"","meta":[],"product_brand":[211],"product_cat":[20,53],"product_tag":[],"class_list":{"0":"post-9119","1":"product","2":"type-product","3":"status-publish","4":"has-post-thumbnail","6":"product_brand-yamaha","7":"product_cat-audio-geraete","8":"product_cat-hifi-komponenten","9":"product_shipping_class-lieferung-basic-audio","11":"first","12":"instock","13":"taxable","14":"shipping-taxable","15":"purchasable","16":"product-type-variable","17":"has-default-attributes","18":"rtwpvg-product"},"_links":{"self":[{"href":"https:\/\/spuehler-tv.ch\/onlineshop\/wp-json\/wp\/v2\/product\/9119","targetHints":{"allow":["GET"]}}],"collection":[{"href":"https:\/\/spuehler-tv.ch\/onlineshop\/wp-json\/wp\/v2\/product"}],"about":[{"href":"https:\/\/spuehler-tv.ch\/onlineshop\/wp-json\/wp\/v2\/types\/product"}],"replies":[{"embeddable":true,"href":"https:\/\/spuehler-tv.ch\/onlineshop\/wp-json\/wp\/v2\/comments?post=9119"}],"wp:featuredmedia":[{"embeddable":true,"href":"https:\/\/spuehler-tv.ch\/onlineshop\/wp-json\/wp\/v2\/media\/9126"}],"wp:attachment":[{"href":"https:\/\/spuehler-tv.ch\/onlineshop\/wp-json\/wp\/v2\/media?parent=9119"}],"wp:term":[{"taxonomy":"product_brand","embeddable":true,"href":"https:\/\/spuehler-tv.ch\/onlineshop\/wp-json\/wp\/v2\/product_brand?post=9119"},{"taxonomy":"product_cat","embeddable":true,"href":"https:\/\/spuehler-tv.ch\/onlineshop\/wp-json\/wp\/v2\/product_cat?post=9119"},{"taxonomy":"product_tag","embeddable":true,"href":"https:\/\/spuehler-tv.ch\/onlineshop\/wp-json\/wp\/v2\/product_tag?post=9119"}],"curies":[{"name":"wp","href":"https:\/\/api.w.org\/{rel}","templated":true}]}}