{"id":8812,"date":"2023-03-16T17:33:50","date_gmt":"2023-03-16T16:33:50","guid":{"rendered":"https:\/\/spuehler-tv.ch\/onlineshop\/?post_type=product&#038;p=8812"},"modified":"2026-01-06T15:02:01","modified_gmt":"2026-01-06T14:02:01","slug":"unifi-dream-machine-pro-ubiquiti-router-security-gateway-controller","status":"publish","type":"product","link":"https:\/\/spuehler-tv.ch\/onlineshop\/produkt\/unifi-dream-machine-pro-ubiquiti-router-security-gateway-controller\/","title":{"rendered":"UniFi Dream Machine Pro (Ubiquiti) &#8211; Router \/ Security Gateway \/ Controller"},"content":{"rendered":"<div class=\"wQ1zdx\">\n<div class=\"_3fzVYj\">\n<div class=\"_1SVwWv\">\n<ul>\n<li>Anwendungsbereich:Small\/Medium Business;Enterprise;Home<\/li>\n<li>All-in-one 1U-Rack-Appliance f\u00fcr Home Office sowie kleine bis mittlere Unternehmen<\/li>\n<li>Kombiniert das neue UniFi-Betriebssystem mit 8-Port-Switch und Sicherheits-Gateway<\/li>\n<li>UniFi Protect Video\u00fcberwachungs-NVR mit standardm\u00e4ssiger 3,5-Zoll-Festplattenunterst\u00fctzung<\/li>\n<li>8-Port-Gigabit-Switch mit 1 Gbit\/s RJ45 und 10G SFP+ LAN<\/li>\n<\/ul>\n<p>&nbsp;<\/p>\n<p>All-in-one Enterprise Security Gateway &amp; Netzwerk-Appliance f\u00fcr kleine bis mittlere Unternehmen. Die optimale Erfahrung f\u00fcr gr\u00f6ssere Netzwerke. UniFi Dream Machine Pro (UDM-Pro) ist eine All-in-One-Appliance f\u00fcr Unternehmensnetzwerke. UDM-Pro integriert alle aktuellen und zuk\u00fcnftigen UniFi-Controller mit einem Sicherheits-Gateway, 10G SFP+ WAN, 8-Port Gbps-Switch und standardm\u00e4ssigem 3,5-Zoll-Festplatten-Support.<\/p>\n<p><b>Ubiquiti Networks<br \/>\n<\/b>Ubiquiti Networks ist ein amerikanischer Hersteller von leistungsf\u00e4higen Netzwerkkomponenten. Das Ziel von Ubiquiti ist es, hochmoderne und einfach zu implementierende Kommunikationsl\u00f6sungen f\u00fcr einen globalen Kundenstamm bereitzustellen. Die Firma wurde 2005 gegr\u00fcndet und stellte am Anfang WLAN-Adapter f\u00fcr PCs her. Sp\u00e4ter wurde das Angebot um Ger\u00e4te wie WLAN-Router, insbesondere f\u00fcr den Aussenbereich erweitert. Unterdessen werden auch Switche und \u00dcberwachungskameras von der Firma hergestellt. Ubiquiti Produkte \u00fcberzeugen dabei generell durch ihre \u00fcberlegene Leistung, cleveres mechanisches Design und einfache Bedienung.<\/p>\n<p><b>Quality of Service<br \/>\n<\/b>Die QoS-Funktion dieses Ger\u00e4ts erm\u00f6glicht es Ihnen, Bandbreite f\u00fcr spezifische Ger\u00e4te oder Applikationen zu reservieren. Indem Anwendungs- und Ger\u00e4teinformationen sowie Bandbreitenbedarf erkannt werden, wird garantiert, dass hoch priorisierte Daten automatisch die bestm\u00f6gliche Verbindung erhalten. QoS sorgt auch daf\u00fcr, dass Anwendungen mit niedrigerer Priorit\u00e4t, wie etwa Datei-Downloads, nie komplett zum Stillstand kommen. Dies garantiert Ihnen auch bei einer hohen Auslastung des Netzwerks zuverl\u00e4ssige Leistung f\u00fcr wichtige Anwendungen.<\/p>\n<p><b>Maximale Diskretion dank VPN-Unterst\u00fctzung<br \/>\n<\/b>Das Ger\u00e4t unterst\u00fctzt den Aufbau von VPN-Verbindungen und hilft Ihnen beim Schutz der Privatsph\u00e4re. Sobald f\u00fcr den Internetzugriff ein \u00f6ffentlicher Zugang genutzt wird, kann der Datenverkehr von Dritten leicht mitgelesen werden. Nicht jeder Zugriff l\u00e4sst sich \u00fcber den direkten Weg verschl\u00fcsselt aufbauen, und selbst wenn Sie f\u00fcr bestimmte Vorg\u00e4nge eine verschl\u00fcsselte Verbindung nutzen, bleibt die Information, wohin Sie sich gerade verbunden haben, einsehbar. Ein VPN-Tunnel l\u00f6st beide Probleme, da eine Verschl\u00fcsselung s\u00e4mtlicher Netzwerkpakete m\u00f6glich ist. Derjenige, der den Datenverkehr des \u00f6ffentlichen Zugangs m\u00f6glicherweise mitliest, kann nur noch eine Verbindung zum VPN-Gateway erkennen \u2013 das tats\u00e4chliche Ziel bleibt ihm verborgen.<\/p>\n<\/div>\n<\/div>\n<\/div>\n<div class=\"wQ1zdx\"><\/div>\n","protected":false},"excerpt":{"rendered":"<p>UniFi Controller \/ Cloud Key \/ Router \/ Security Gateway<\/p>\n","protected":false},"featured_media":8813,"comment_status":"closed","ping_status":"closed","template":"","meta":[],"product_brand":[212],"product_cat":[21,83],"product_tag":[],"class_list":{"0":"post-8812","1":"product","2":"type-product","3":"status-publish","4":"has-post-thumbnail","6":"product_brand-ubiquiti","7":"product_cat-it-produkte","8":"product_cat-controller","9":"product_shipping_class-lieferung-basic-audio","11":"first","12":"instock","13":"taxable","14":"shipping-taxable","15":"purchasable","16":"product-type-simple"},"_links":{"self":[{"href":"https:\/\/spuehler-tv.ch\/onlineshop\/wp-json\/wp\/v2\/product\/8812","targetHints":{"allow":["GET"]}}],"collection":[{"href":"https:\/\/spuehler-tv.ch\/onlineshop\/wp-json\/wp\/v2\/product"}],"about":[{"href":"https:\/\/spuehler-tv.ch\/onlineshop\/wp-json\/wp\/v2\/types\/product"}],"replies":[{"embeddable":true,"href":"https:\/\/spuehler-tv.ch\/onlineshop\/wp-json\/wp\/v2\/comments?post=8812"}],"wp:featuredmedia":[{"embeddable":true,"href":"https:\/\/spuehler-tv.ch\/onlineshop\/wp-json\/wp\/v2\/media\/8813"}],"wp:attachment":[{"href":"https:\/\/spuehler-tv.ch\/onlineshop\/wp-json\/wp\/v2\/media?parent=8812"}],"wp:term":[{"taxonomy":"product_brand","embeddable":true,"href":"https:\/\/spuehler-tv.ch\/onlineshop\/wp-json\/wp\/v2\/product_brand?post=8812"},{"taxonomy":"product_cat","embeddable":true,"href":"https:\/\/spuehler-tv.ch\/onlineshop\/wp-json\/wp\/v2\/product_cat?post=8812"},{"taxonomy":"product_tag","embeddable":true,"href":"https:\/\/spuehler-tv.ch\/onlineshop\/wp-json\/wp\/v2\/product_tag?post=8812"}],"curies":[{"name":"wp","href":"https:\/\/api.w.org\/{rel}","templated":true}]}}