{"id":8791,"date":"2023-03-02T18:21:03","date_gmt":"2023-03-02T17:21:03","guid":{"rendered":"https:\/\/spuehler-tv.ch\/onlineshop\/?post_type=product&#038;p=8791"},"modified":"2026-03-06T16:26:53","modified_gmt":"2026-03-06T15:26:53","slug":"cubus-50ty65uhd-twin-metz-127cm-uhd-led-tv-made-in-germany","status":"publish","type":"product","link":"https:\/\/spuehler-tv.ch\/onlineshop\/produkt\/cubus-50ty65uhd-twin-metz-127cm-uhd-led-tv-made-in-germany\/","title":{"rendered":"Cubus 50TY66UHD-Twin (Metz) &#8211; 127cm UHD LED TV &#8211; Made in Germany"},"content":{"rendered":"<div class=\"product-detail_header visible-md-block visible-lg-block\">\n<h2 class=\"product-detail_headline\">Metz Cubus<\/h2>\n<p><span class=\"muted-text product-detail_subtitle\">16:9 UHD TV<\/span><\/p>\n<\/div>\n<div class=\"product-detail product-detail_introtext\">\n<p>Mit seinem Direct-LED-Display in UHD-Aufl\u00f6sung und 400 MetzVision-Technologie verspricht der CUBUS ein bemerkenswert scharfes Fernseherlebnis. Lokal abschaltbare Dimmzonen sorgen f\u00fcr optimierte Kontrastleistung und tragen zur Energieeffizienz bei. Ein Twin-Multi-Tuner und zwei CI+ Schnittstellen r\u00fcsten ihn zum Free- und Pay-TV-Empfang auf allen Empfangswegen. F\u00fcr glasklare H\u00f6hen und satte B\u00e4sse sorgt die MetzSoundPro-Technologie mit gekapseltem 2-Wege-System und Bassreflex-Kanal, die den Ton mit sechs nach vorne abstrahlenden Lautsprechern zum Leben erweckt. Eine umfangreiche Schnittstellenausstattung sowie WLAN und\u00a0<em>Bluetooth\u00ae<\/em>\u00a0machen ihn zu einem vielseitigen Allesk\u00f6nner. \u00dcber sein vollumf\u00e4ngliches USB-Recording l\u00e4uft der TV beim Anschluss eines externen Datentr\u00e4gers mit Timeshift- und Aufzeichnungsfunktionen zur H\u00f6chstform auf.<\/p>\n<\/div>\n","protected":false},"excerpt":{"rendered":"<p><strong>127cm UHD LED-Fernseher<\/strong><\/p>\n<p>mit HDR,\u00a0DVB-C\/T2\/S2-Doppel-Tuner, 2 CI+ Sch\u00e4chte, Media-System mit HbbTV und Netzwerkfunktion, EPG, USB-Recording, MetzSoundPro mit 40 Watt,\u00a03 HDMI.<\/p>\n","protected":false},"featured_media":8786,"comment_status":"closed","ping_status":"closed","template":"","meta":[],"product_brand":[204],"product_cat":[19,26],"product_tag":[],"class_list":{"0":"post-8791","1":"product","2":"type-product","3":"status-publish","4":"has-post-thumbnail","6":"product_brand-metz-classic","7":"product_cat-tv-geraete","8":"product_cat-led-tv-50-55-127cm-139cm","9":"product_shipping_class-kein-versand-moeglich-kontaktieren-sie-uns-unter-044-886-86-86-oder-per-mail-lieferung-basic-moeglich","11":"first","12":"instock","13":"taxable","14":"shipping-taxable","15":"purchasable","16":"product-type-simple"},"_links":{"self":[{"href":"https:\/\/spuehler-tv.ch\/onlineshop\/wp-json\/wp\/v2\/product\/8791","targetHints":{"allow":["GET"]}}],"collection":[{"href":"https:\/\/spuehler-tv.ch\/onlineshop\/wp-json\/wp\/v2\/product"}],"about":[{"href":"https:\/\/spuehler-tv.ch\/onlineshop\/wp-json\/wp\/v2\/types\/product"}],"replies":[{"embeddable":true,"href":"https:\/\/spuehler-tv.ch\/onlineshop\/wp-json\/wp\/v2\/comments?post=8791"}],"wp:featuredmedia":[{"embeddable":true,"href":"https:\/\/spuehler-tv.ch\/onlineshop\/wp-json\/wp\/v2\/media\/8786"}],"wp:attachment":[{"href":"https:\/\/spuehler-tv.ch\/onlineshop\/wp-json\/wp\/v2\/media?parent=8791"}],"wp:term":[{"taxonomy":"product_brand","embeddable":true,"href":"https:\/\/spuehler-tv.ch\/onlineshop\/wp-json\/wp\/v2\/product_brand?post=8791"},{"taxonomy":"product_cat","embeddable":true,"href":"https:\/\/spuehler-tv.ch\/onlineshop\/wp-json\/wp\/v2\/product_cat?post=8791"},{"taxonomy":"product_tag","embeddable":true,"href":"https:\/\/spuehler-tv.ch\/onlineshop\/wp-json\/wp\/v2\/product_tag?post=8791"}],"curies":[{"name":"wp","href":"https:\/\/api.w.org\/{rel}","templated":true}]}}