{"id":8782,"date":"2023-03-02T09:37:49","date_gmt":"2023-03-02T08:37:49","guid":{"rendered":"https:\/\/spuehler-tv.ch\/onlineshop\/?post_type=product&#038;p=8782"},"modified":"2024-01-09T13:43:41","modified_gmt":"2024-01-09T12:43:41","slug":"ms28b-mountson-tv-halterungsadapter-fuer-sonos-arc","status":"publish","type":"product","link":"https:\/\/spuehler-tv.ch\/onlineshop\/produkt\/ms28b-mountson-tv-halterungsadapter-fuer-sonos-arc\/","title":{"rendered":"MS28B (Mountson) &#8211; TV Halterungsadapter f\u00fcr Sonos ARC"},"content":{"rendered":"<p>Universal passend f\u00fcr viele TV Ger\u00e4te \/ Halterungen.<\/p>\n<p>Geeignet f\u00fcr Sonos ARC.<\/p>\n","protected":false},"excerpt":{"rendered":"<ul>\n<li>Pr\u00e4zisionsgefertigt aus Edelstahl<\/li>\n<li>Erm\u00f6glicht die sichere Befestigung eines Sonos Arc an jeder vorhandenen TV-Wandhalterung<\/li>\n<li>Perfekter Partner f\u00fcr 40- bis 80-Zoll-Fernseher &#8211; mit Verl\u00e4ngerungsarmen f\u00fcr gr\u00f6\u00dfere TV-Ger\u00e4te<\/li>\n<li>Schnelle, einfache Installation mit horizontaler und vertikaler Verstellung<\/li>\n<\/ul>\n","protected":false},"featured_media":8783,"comment_status":"open","ping_status":"closed","template":"","meta":[],"product_brand":[],"product_cat":[156],"product_tag":[],"class_list":{"0":"post-8782","1":"product","2":"type-product","3":"status-publish","4":"has-post-thumbnail","6":"product_cat-wandhalterungen","7":"product_shipping_class-lieferung-basic-audio","9":"first","10":"instock","11":"taxable","12":"shipping-taxable","13":"purchasable","14":"product-type-simple"},"_links":{"self":[{"href":"https:\/\/spuehler-tv.ch\/onlineshop\/wp-json\/wp\/v2\/product\/8782","targetHints":{"allow":["GET"]}}],"collection":[{"href":"https:\/\/spuehler-tv.ch\/onlineshop\/wp-json\/wp\/v2\/product"}],"about":[{"href":"https:\/\/spuehler-tv.ch\/onlineshop\/wp-json\/wp\/v2\/types\/product"}],"replies":[{"embeddable":true,"href":"https:\/\/spuehler-tv.ch\/onlineshop\/wp-json\/wp\/v2\/comments?post=8782"}],"wp:featuredmedia":[{"embeddable":true,"href":"https:\/\/spuehler-tv.ch\/onlineshop\/wp-json\/wp\/v2\/media\/8783"}],"wp:attachment":[{"href":"https:\/\/spuehler-tv.ch\/onlineshop\/wp-json\/wp\/v2\/media?parent=8782"}],"wp:term":[{"taxonomy":"product_brand","embeddable":true,"href":"https:\/\/spuehler-tv.ch\/onlineshop\/wp-json\/wp\/v2\/product_brand?post=8782"},{"taxonomy":"product_cat","embeddable":true,"href":"https:\/\/spuehler-tv.ch\/onlineshop\/wp-json\/wp\/v2\/product_cat?post=8782"},{"taxonomy":"product_tag","embeddable":true,"href":"https:\/\/spuehler-tv.ch\/onlineshop\/wp-json\/wp\/v2\/product_tag?post=8782"}],"curies":[{"name":"wp","href":"https:\/\/api.w.org\/{rel}","templated":true}]}}