{"id":8244,"date":"2022-07-04T09:00:49","date_gmt":"2022-07-04T09:00:49","guid":{"rendered":"https:\/\/spuehler-tv.ch\/onlineshop\/?post_type=product&#038;p=8244"},"modified":"2026-01-06T16:55:32","modified_gmt":"2026-01-06T15:55:32","slug":"ampster-bt-ii-tangent-hifi-verstaerker-mini","status":"publish","type":"product","link":"https:\/\/spuehler-tv.ch\/onlineshop\/produkt\/ampster-bt-ii-tangent-hifi-verstaerker-mini\/","title":{"rendered":"Ampster BT II (Tangent) &#8211; HiFi Verst\u00e4rker (Mini)"},"content":{"rendered":"<p><strong>Bluetooth Hi-Fi-Verst\u00e4rker<\/strong><\/p>\n<p>Die zweite Generation des Tangent Ampster BT-Verst\u00e4rkers ist ein kleiner Verst\u00e4rker mit einer Vielzahl von Funktionen f\u00fcr verschiedene Haushalts- und Gewerbeanwendungen. Durch die Kombination Ihres Tangent Ampster BT II Verst\u00e4rkers mit hochwertigen Lautsprechern wie dem Tangent Spectrum X4 oder X5s entsteht eine optimale Audiowiedergabe f\u00fcr die Gr\u00f6sse und den Preis des Systems.<\/p>\n<p>Sie k\u00f6nnen Ihre Musik von Ihrem Smartphone, Tablett oder Computer direkt \u00fcber Bluetooth oder durch Anschliessen Ihres Ger\u00e4ts \u00fcber ein AUX-Kabel an den drahtlosen Verst\u00e4rker \u00fcbertragen. Digitale und analoge Leitungseing\u00e4nge, ein Hilfsausgang und ein USB-Ladeanschluss sind ebenfalls vorhanden.<br \/>\nMit der zweiten Generation des BT II m\u00fcssen Sie sich nicht mehr darum k\u00fcmmern, Ihren Verst\u00e4rker auszuschalten. Es geht in den Standby-Modus, wenn die Musik w\u00e4hrend der Bluetooth-Wiedergabe stoppt, und wacht automatisch auf, wenn Sie die Wiedergabe fortsetzen. \u00a0Dar\u00fcber hinaus kann BT II \u00fcber den AUX-Minijack-Eingang aus dem Standby-Modus geweckt werden, so dass Sie die meisten Multiroom- oder Netzwerksysteme daran anschliessen k\u00f6nnen. F\u00fcgen Sie beispielsweise ein Chromecast Audio, AirPort Express oder andere Wi-Fi-Ger\u00e4te an den AUX-Eingang an &#8211; der Tangent Ampster BT II schaltet sich ein, sobald Sie in Ihrem Netzwerk spielen.<\/p>\n","protected":false},"excerpt":{"rendered":"<p>Bluetooth Hi-Fi-Verst\u00e4rker Die zweite Generation des Tangent Ampster BT-Verst\u00e4rkers ist ein kleiner Verst\u00e4rker mit einer Vielzahl von Funktionen f\u00fcr verschiedene Haushalts- und Gewerbeanwendungen. Durch die Kombination Ihres Tangent Ampster BT II Verst\u00e4rkers mit hochwertigen Lautsprechern wie dem Tangent Spectrum X4 oder X5s entsteht eine optimale Audiowiedergabe f\u00fcr die Gr\u00f6sse und den Preis des Systems. Sie [&hellip;]<\/p>\n","protected":false},"featured_media":8245,"comment_status":"open","ping_status":"closed","template":"","meta":[],"product_brand":[231],"product_cat":[53],"product_tag":[],"class_list":{"0":"post-8244","1":"product","2":"type-product","3":"status-publish","4":"has-post-thumbnail","6":"product_brand-tangent","7":"product_cat-hifi-komponenten","9":"first","10":"onbackorder","11":"taxable","12":"shipping-taxable","13":"purchasable","14":"product-type-simple"},"_links":{"self":[{"href":"https:\/\/spuehler-tv.ch\/onlineshop\/wp-json\/wp\/v2\/product\/8244","targetHints":{"allow":["GET"]}}],"collection":[{"href":"https:\/\/spuehler-tv.ch\/onlineshop\/wp-json\/wp\/v2\/product"}],"about":[{"href":"https:\/\/spuehler-tv.ch\/onlineshop\/wp-json\/wp\/v2\/types\/product"}],"replies":[{"embeddable":true,"href":"https:\/\/spuehler-tv.ch\/onlineshop\/wp-json\/wp\/v2\/comments?post=8244"}],"wp:featuredmedia":[{"embeddable":true,"href":"https:\/\/spuehler-tv.ch\/onlineshop\/wp-json\/wp\/v2\/media\/8245"}],"wp:attachment":[{"href":"https:\/\/spuehler-tv.ch\/onlineshop\/wp-json\/wp\/v2\/media?parent=8244"}],"wp:term":[{"taxonomy":"product_brand","embeddable":true,"href":"https:\/\/spuehler-tv.ch\/onlineshop\/wp-json\/wp\/v2\/product_brand?post=8244"},{"taxonomy":"product_cat","embeddable":true,"href":"https:\/\/spuehler-tv.ch\/onlineshop\/wp-json\/wp\/v2\/product_cat?post=8244"},{"taxonomy":"product_tag","embeddable":true,"href":"https:\/\/spuehler-tv.ch\/onlineshop\/wp-json\/wp\/v2\/product_tag?post=8244"}],"curies":[{"name":"wp","href":"https:\/\/api.w.org\/{rel}","templated":true}]}}