{"id":8155,"date":"2022-04-11T08:26:54","date_gmt":"2022-04-11T08:26:54","guid":{"rendered":"https:\/\/spuehler-tv.ch\/onlineshop\/?post_type=product&#038;p=8155"},"modified":"2026-01-07T09:23:04","modified_gmt":"2026-01-07T08:23:04","slug":"fritz-box-4060-avm-wlan-mesh-router","status":"publish","type":"product","link":"https:\/\/spuehler-tv.ch\/onlineshop\/produkt\/fritz-box-4060-avm-wlan-mesh-router\/","title":{"rendered":"Fritz! Box 4060 (AVM) &#8211; WLAN Mesh Router"},"content":{"rendered":"<p>FRITZ!Box 4060 ist ein Triband-WLAN-Router mit 4 x 4 Wi-Fi 6 (WLAN AX)- Ausstattung inkl. Multi-User MIMO (MU-MIMO) und WLAN-Mesh-Funktion. Das neue Flaggschiffmodell der 40er-Serie besitzt erstmalig eine DECTBasisstation mit DECT ULE, wodurch Telefonie- und Smart-HomeFunktionen m\u00f6glich sind. Des Weiteren sorgt ein 2.5-GBit\/s-WAN-Port f\u00fcr eine sehr schnelle Internetanbindung an beispielsweise einem Kabel- oder Glasfasermodem. Der WAN-Port kann bei Bedarf auch als zus\u00e4tzlicher 2.5- GBit\/s-LAN-Port verwendet werden. Mit drei Gigabit-Ethernet-Anschl\u00fcssen k\u00f6nnen Computer oder netzwerkf\u00e4hige Ger\u00e4te mit Gigabit-Tempo ins Heimnetz eingebunden werden. Dar\u00fcber hinaus sind in der FRITZ!Box 4060 eine VoIP-Telefonanlage sowie ein NAS mit einem schnellen USB-3.0- Anschluss integriert.<br \/>\nWLAN AX f\u00fcr maximale Anspr\u00fcche<\/p>\n<p>FRITZ!Box 4060 verf\u00fcgt \u00fcber drei WLAN-Frequenzb\u00e4nder (1 x 2.4 GHz und 2 x 5 GHz) nach IEEE 802.11ax (Wi-Fi 6). Alle Frequenzb\u00e4nder funken gleichzeitig und sind abw\u00e4rtskompatibel zu IEEE 802.11a\/g\/n\/ac. MultiUser MIMO (MU-MIMO) wird nach 802.11ac ebenfalls unterst\u00fctzt. WLANKanalbandbreiten bis zu 80 MHz (5-GHz-Band) sind m\u00f6glich, dadurch k\u00f6nnen Geschwindigkeiten von 1.200 MBit\/s (2.4 GHz) und 4.800 MBit\/s (2 x 5 GHz) erreicht werden. Ein vom Heimnetz isolierter WLAN-Gastzugang steht separat zur Verf\u00fcgung.<br \/>\nUmfangreiche Funktionen f\u00fcr VoIP-Telefonie<\/p>\n<p>Durch die VoIP-f\u00e4hige TK-Anlage von FRITZ!Box 4060 werden bis zu sechs DECT-Telefonhandger\u00e4te angebunden. Abh\u00e4ngig von den jeweiligen Schnittstellen k\u00f6nnen bis zu f\u00fcnf Telefonate gleichzeitig gef\u00fchrt werden. Alle relevanten Telefonieleistungsmerkmale stehen f\u00fcr DECT-Telefone zur Verf\u00fcgung. HD-Telefonie wird durch den Einsatz von BreitbandSprachcodecs erm\u00f6glicht. Die integrierte DECT-Basisstation unterst\u00fctzt den GAP-Standard und erm\u00f6glicht die Anbindung von Smart-Home-Ger\u00e4ten. Mit der Taste Connect unterst\u00fctzt die FRITZ!Box 4060 die automatische Anmeldung (Pairing) eines neuen Handger\u00e4tes, von WLAN-Ger\u00e4ten und die Integration von PLC-WLAN-Ger\u00e4ten in das Heimnetz mit WLAN-MeshFunktion.<br \/>\nVielseitige Multimedia-Funktionen<\/p>\n<p>Neben dem bereits ab Werk integrierten Flash-Speicher k\u00f6nnen \u00fcber den integrierten USB-3.0-Host-Anschluss Drucker und Speicher direkt an die FRITZ!Box 4060 angeschlossen und genutzt werden. Medieninhalte wie Bilder, Fotos, Musik und Videos k\u00f6nnen \u00fcber die integrierte NASFunktionalit\u00e4t nach dem UPnP-AV-Standard an kompatiblen Abspielger\u00e4ten im Heimnetz zur Verf\u00fcgung gestellt werden. USB-Speicher sind im Heimnetz \u00fcber Standard-Netzwerkprotokolle (FTP\/SMB) erreichbar. Zus\u00e4tzlich k\u00f6nnen Online-Speicher (WebDAV) eingebunden werden.<br \/>\nEinfach, bequem und sicher<\/p>\n<p>FRITZ!Box 4060 stellt im Rahmen der Erstinstallation bereits sicher, dass eine mit individuellem Netzwerkschl\u00fcssel verschl\u00fcsselte WLAN-Verbindung hergestellt wird. Im Zusammenspiel mit einem FRITZ!WLAN Stick werden per AVM Stick &amp; Surf-Verfahren automatisch die notwendigen WLANSicherheitseinstellungen auf den Client \u00fcbertragen. Auch die Benutzeroberfl\u00e4che ist ab Werk durch ein individuelles Passwort gesch\u00fctzt. Farbcodierte Kabel und Buchsen, eine \u00fcbersichtliche Kurzanleitung und interaktive Inbetriebnahme (einschliesslich WLAN-Installation) vereinfachen die Einrichtung erheblich. Die Bedienung erfolgt mit \u00fcbersichtlichem WebFront-End bzw. \u00fcber Eingabe mit den Telefontasten.<br \/>\nQuality of Service<\/p>\n<p>Die QoS-Funktion dieses Ger\u00e4ts erm\u00f6glicht es Ihnen, Bandbreite f\u00fcr spezifische Ger\u00e4te oder Applikationen zu reservieren. Indem Anwendungs- und Ger\u00e4teinformationen sowie Bandbreitenbedarf erkannt werden, wird garantiert, dass hoch priorisierte Daten automatisch die bestm\u00f6gliche Verbindung erhalten. QoS sorgt auch daf\u00fcr, dass Anwendungen mit niedrigerer Priorit\u00e4t, wie etwa Datei-Downloads, nie komplett zum Stillstand kommen. Dies garantiert Ihnen auch bei einer hohen Auslastung des Netzwerks zuverl\u00e4ssige Leistung f\u00fcr wichtige Anwendungen.<br \/>\nG\u00e4stezugang<\/p>\n<p>Teilen Sie Ihr Netzwerk mit Ihren G\u00e4sten. \u00dcber einen einfach einzurichtenden Gast-Zugang sind auch Besucher sicher in Ihrem WLAN untergebracht.<br \/>\nWLAN-Standard 802.11ac<\/p>\n<p>Der WLAN-Standard 802.11ac bietet Ihnen bis zu doppelt so viel Datendurchsatz wie \u00e4ltere Standards. Die Steigerung gelingt zum einem, indem die \u00dcbertragungsbandbreite verbreitert wurde. Zus\u00e4tzlich l\u00e4sst sich mit 802.11ac die Anzahl der parallelen Datenstr\u00f6me (Multiple Input Multiple Output, kurz: MIMO) auf bis zu acht MIMO-Streams erh\u00f6hen, w\u00e4hrend im 802.11n-Standard maximal vier MIMO-Streams definiert sind. Auch grosse Datenbrocken wie Videos und Backups stellen mit dieser WLAN-Geschwindigkeit kein Problem dar.<br \/>\nMaximale Diskretion dank VPN-Unterst\u00fctzung<\/p>\n<p>Das Ger\u00e4t unterst\u00fctzt den Aufbau von VPN-Verbindungen und hilft Ihnen beim Schutz der Privatsph\u00e4re. Sobald f\u00fcr den Internetzugriff ein \u00f6ffentlicher Zugang genutzt wird, kann der Datenverkehr von Dritten leicht mitgelesen werden. Nicht jeder Zugriff l\u00e4sst sich \u00fcber den direkten Weg verschl\u00fcsselt aufbauen, und selbst wenn Sie f\u00fcr bestimmte Vorg\u00e4nge eine verschl\u00fcsselte Verbindung nutzen, bleibt die Information, wohin Sie sich gerade verbunden haben, einsehbar. Ein VPN-Tunnel l\u00f6st beide Probleme, da eine Verschl\u00fcsselung s\u00e4mtlicher Netzwerkpakete m\u00f6glich ist. Derjenige, der den Datenverkehr des \u00f6ffentlichen Zugangs m\u00f6glicherweise mitliest, kann nur noch eine Verbindung zum VPN-Gateway erkennen das tats\u00e4chliche Ziel bleibt ihm verborgen.<br \/>\nWLAN-Standard 802.11ax \/ WiFi-6<\/p>\n<p>Der 802.11ax Standard ist die n\u00e4chste Generation des WLAN-Standards, der seit Jahren kontinuierlich weiterentwickelt wird und mit dieser auch als WLAN 6 bezeichneten Version einmal mehr eine Innovation einf\u00fchrt. Der Standard baut auf den Vorteilen des 802.11ac Standards auf und erweitert sie um Effizienz, Flexibilit\u00e4t und Skalierbarkeit. So erm\u00f6glicht dieser h\u00f6here Geschwindigkeiten und Kapazit\u00e4ten f\u00fcr Anwendungen der n\u00e4chsten Generation, sowohl in neuen als auch in bereits vorhandenen Netzwerken.<\/p>\n","protected":false},"excerpt":{"rendered":"<p class=\"h4\">PRODUKT-HIGHLIGHTS<\/p>\n<div class=\"marketing-texts-tab mb-15\"><\/div>\n<div class=\"mb-15 desc\">AVM Mesh-Router FRITZ!Box 4060 Edition International<br \/>\nF\u00fcr ein leistungsstarkes Heimnetz mit Wi-Fi 6 am Glasfaser-, Kabel- oder DSL-Modem<\/p>\n<ul>\n<li>\u00a0\u00a0\u00a0Anwendungsbereich: Business; Home; Small\/Medium Business<\/li>\n<li>\u00a0\u00a0\u00a0RJ-45 Anschl\u00fcsse: 3 1 Gbit\/s; 2.5 Gbit\/s, WAN Anschl\u00fcsse: 1<\/li>\n<li>\u00a0\u00a0\u00a0WLAN Standard: IEEE 802.11a; IEEE 802.11ac (Wi-Fi 5); IEEE 802.11ax (Wi-Fi 6); IEEE 802.11g (Wi-Fi 3); IEEE 802.11n (Wi-Fi 4), Frequenzband: 2.4 GHz\/2x 5 GHz, WLAN Geschwindigkeit Max.: 6000 Mbit\/s<\/li>\n<li>\u00a0\u00a0\u00a0Anschluss an jedes Glasfaser-, Kabel- oder DSL-Modem via WANPort 2.5-Gigabit<\/li>\n<li>\u00a0\u00a0\u00a0Sicherer Fernzugriff auf das Heim- oder Firmennetzwerk \u00fcber VPN<\/li>\n<li>\u00a0\u00a0\u00a0Wi-Fi 6 Triband-Mesh-Router 2.4 + 5 + 5 GHz (1.200 + 2.400 + 2.400 MBit\/s), DECT-Basis mit DECT ULE f\u00fcr Telefonie und Smart Home<\/li>\n<\/ul>\n<\/div>\n","protected":false},"featured_media":8156,"comment_status":"closed","ping_status":"closed","template":"","meta":[],"product_brand":[242],"product_cat":[66],"product_tag":[],"class_list":{"0":"post-8155","1":"product","2":"type-product","3":"status-publish","4":"has-post-thumbnail","6":"product_brand-fritz","7":"product_cat-wlan-router","8":"product_shipping_class-lieferung-basic-audio","10":"first","11":"onbackorder","12":"taxable","13":"shipping-taxable","14":"purchasable","15":"product-type-simple"},"_links":{"self":[{"href":"https:\/\/spuehler-tv.ch\/onlineshop\/wp-json\/wp\/v2\/product\/8155","targetHints":{"allow":["GET"]}}],"collection":[{"href":"https:\/\/spuehler-tv.ch\/onlineshop\/wp-json\/wp\/v2\/product"}],"about":[{"href":"https:\/\/spuehler-tv.ch\/onlineshop\/wp-json\/wp\/v2\/types\/product"}],"replies":[{"embeddable":true,"href":"https:\/\/spuehler-tv.ch\/onlineshop\/wp-json\/wp\/v2\/comments?post=8155"}],"wp:featuredmedia":[{"embeddable":true,"href":"https:\/\/spuehler-tv.ch\/onlineshop\/wp-json\/wp\/v2\/media\/8156"}],"wp:attachment":[{"href":"https:\/\/spuehler-tv.ch\/onlineshop\/wp-json\/wp\/v2\/media?parent=8155"}],"wp:term":[{"taxonomy":"product_brand","embeddable":true,"href":"https:\/\/spuehler-tv.ch\/onlineshop\/wp-json\/wp\/v2\/product_brand?post=8155"},{"taxonomy":"product_cat","embeddable":true,"href":"https:\/\/spuehler-tv.ch\/onlineshop\/wp-json\/wp\/v2\/product_cat?post=8155"},{"taxonomy":"product_tag","embeddable":true,"href":"https:\/\/spuehler-tv.ch\/onlineshop\/wp-json\/wp\/v2\/product_tag?post=8155"}],"curies":[{"name":"wp","href":"https:\/\/api.w.org\/{rel}","templated":true}]}}