{"id":7555,"date":"2021-05-03T06:28:26","date_gmt":"2021-05-03T06:28:26","guid":{"rendered":"https:\/\/spuehler-tv.ch\/onlineshop\/?post_type=product&#038;p=7555"},"modified":"2026-01-12T08:19:05","modified_gmt":"2026-01-12T07:19:05","slug":"port-sonos-multiroom-streamer","status":"publish","type":"product","link":"https:\/\/spuehler-tv.ch\/onlineshop\/produkt\/port-sonos-multiroom-streamer\/","title":{"rendered":"PORT (Sonos) &#8211; Multiroom Streamer"},"content":{"rendered":"<div class=\"mb-15\">\n<p>Verbinde den Port mit deiner herk\u00f6mmlichen Stereoanlage, um Musik zu streamen und mehr. Steuere ihn mit der Sonos App oder Apple AirPlay 2 und erweitere dein Sound System ganz einfach auf weitere R\u00e4ume.<\/p>\n<p><strong>Apple AirPlay 2<\/strong><\/p>\n<p>Streame Musik direkt von deinem iPhone oder iPad oder bitte Siri, Apple Music abzuspielen.<\/p>\n<p><strong>Einstecken und abspielen<\/strong><\/p>\n<p>\u00dcber den Eingang kannst du dein Smartphone oder ein anderes Ger\u00e4t mit deiner vorhandenen Stereoanlage verbinden.<\/p>\n<p><strong>Gro\u00dfartiger Sound<\/strong><\/p>\n<p>Genie\u00dfe klaren, detailreichen Sound, der bei jeder Lautst\u00e4rke den Raum erf\u00fcllt.<\/p>\n<p><strong>Einfache Steuerung<\/strong><\/p>\n<p>Die Einrichtung dauert nur wenige Minuten und die Steuerung funktioniert ganz einfach mit der Sonos App und AirPlay 2.<\/p>\n<p><strong>Dein individuelles Sound Erlebnis<\/strong><\/p>\n<p>Individualisiere dein System und spiele alles, was du willst und wo du willst.<\/p>\n<\/div>\n<p class=\"h4\">PRODUKT-HIGHLIGHTS<\/p>\n<div class=\"marketing-texts-tab mb-15\">\n<ul>\n<li>Verbinde den Port mit deiner herk\u00f6mmlichen Stereoanlage, um Musik zu streamen und mehr<\/li>\n<li>Erweitere dein Sound System ganz einfach auf weitere R\u00e4ume,<\/li>\n<li>Einfache Steuerung mit der Sonos App oder Apple AirPlay 2,<\/li>\n<li>Streame Musik, Potcasts, Internetradio und vieles mehr \u00fcber Dein vorhandenes Audio-Equipment<\/li>\n<li>H\u00f6re Schallplatten, CDs oder gespeicherte Audiodateien auf Sonos Speaker in anderen R\u00e4umen.<\/li>\n<li>Streame zudem mit AirPlay 2 Musik direkt von deinem iPhone oder iPad<\/li>\n<li>Verbinde dein Smartphone oder ein anderes Ger\u00e4t \u00fcber den Eingang direkt mit deiner Stereoanlage<\/li>\n<\/ul>\n<\/div>\n<div class=\"mb-15 desc\">\n<p><strong>WLAN Audio-Adapter<\/strong><\/p>\n<p>Port, vielf\u00e4ltige Streaming M\u00f6glichkeiten f\u00fcr Stereoanlagen und Receiver.<\/p>\n<p>Verbinde den Port mit deiner herk\u00f6mmlichen Stereoanlage, um Musik zu streamen und mehr. Steuere ihn mit der Sonos App oder Apple AirPlay 2 und erweitere dein Sound System ganz einfach auf weitere R\u00e4ume.<\/p>\n<p>&#8211; Verbinde den Port mit deiner herk\u00f6mmlichen Stereoanlage, um Musik zu streamen und mehr<br \/>\n&#8211; Erweitere dein Sound System ganz einfach auf weitere R\u00e4ume<br \/>\n&#8211; Einfache Steuerung mit der Sonos App oder Apple AirPlay 2<br \/>\n&#8211; Streame Musik, Potcasts, Internetradio und vieles mehr \u00fcber Dein vorhandenes Audio-Equipment<br \/>\n&#8211; H\u00f6re Schallplatten, CDs oder gespeicherte Audiodateien auf Sonos Speaker in anderen R\u00e4umen.<br \/>\n&#8211; Streame zudem mit AirPlay 2 Musik direkt von deinem iPhone oder iPad<br \/>\n&#8211; Verbinde dein Smartphone oder ein anderes Ger\u00e4t \u00fcber den Eingang direkt mit deiner Stereoanlage<\/p>\n<p><strong>Streame all deine Lieblingsmusik<br \/>\n<\/strong>Genie\u00dfe Musik, Podcasts, H\u00f6rb\u00fccher und Internetradio mit deinem verst\u00e4rkten Audio-Equipment. Du kannst auch Schallplatten, CDs und gespeicherte Audiodateien auf Sonos Speaker in anderen R\u00e4umen deines Zuhauses streamen.<\/p>\n<p><strong>Apple AirPlay 2<br \/>\n<\/strong>Streame Musik direkt von deinem iPhone oder iPad oder bitte Siri, Apple Music abzuspielen.<\/p>\n<p><strong>Einstecken und abspielen<br \/>\n<\/strong>\u00dcber den Eingang kannst du dein Smartphone oder ein anderes Ger\u00e4t mit deiner vorhandenen Stereoanlage verbinden.<\/p>\n<p><strong>Gro\u00dfartiger Sound<br \/>\n<\/strong>Genie\u00dfe klaren, detailreichen Sound, der bei jeder Lautst\u00e4rke den Raum erf\u00fcllt.<\/p>\n<p><strong>Einfache Steuerung<br \/>\n<\/strong>Die Einrichtung dauert nur wenige Minuten und die Steuerung funktioniert ganz einfach mit der Sonos App und AirPlay 2.<\/p>\n<p><strong>Dein individuelles Sound Erlebnis<br \/>\n<\/strong>Individualisiere dein System und spiele alles, was du willst und wo du willst.<\/p>\n<\/div>\n","protected":false},"excerpt":{"rendered":"<ul>\n<li>Verbinde den Port mit deiner herk\u00f6mmlichen Stereoanlage, um Musik zu streamen und mehr<\/li>\n<li>Erweitere dein Sound System ganz einfach auf weitere R\u00e4ume,<\/li>\n<li>Einfache Steuerung mit der Sonos App oder Apple AirPlay 2,<\/li>\n<li>Streame Musik, Potcasts, Internetradio und vieles mehr<\/li>\n<\/ul>\n","protected":false},"featured_media":7558,"comment_status":"closed","ping_status":"closed","template":"","meta":[],"product_brand":[218],"product_cat":[54],"product_tag":[],"class_list":{"0":"post-7555","1":"product","2":"type-product","3":"status-publish","4":"has-post-thumbnail","6":"product_brand-sonos","7":"product_cat-multiroom","8":"product_shipping_class-lieferung-basic-audio","10":"first","11":"onbackorder","12":"taxable","13":"shipping-taxable","14":"purchasable","15":"product-type-simple"},"_links":{"self":[{"href":"https:\/\/spuehler-tv.ch\/onlineshop\/wp-json\/wp\/v2\/product\/7555","targetHints":{"allow":["GET"]}}],"collection":[{"href":"https:\/\/spuehler-tv.ch\/onlineshop\/wp-json\/wp\/v2\/product"}],"about":[{"href":"https:\/\/spuehler-tv.ch\/onlineshop\/wp-json\/wp\/v2\/types\/product"}],"replies":[{"embeddable":true,"href":"https:\/\/spuehler-tv.ch\/onlineshop\/wp-json\/wp\/v2\/comments?post=7555"}],"wp:featuredmedia":[{"embeddable":true,"href":"https:\/\/spuehler-tv.ch\/onlineshop\/wp-json\/wp\/v2\/media\/7558"}],"wp:attachment":[{"href":"https:\/\/spuehler-tv.ch\/onlineshop\/wp-json\/wp\/v2\/media?parent=7555"}],"wp:term":[{"taxonomy":"product_brand","embeddable":true,"href":"https:\/\/spuehler-tv.ch\/onlineshop\/wp-json\/wp\/v2\/product_brand?post=7555"},{"taxonomy":"product_cat","embeddable":true,"href":"https:\/\/spuehler-tv.ch\/onlineshop\/wp-json\/wp\/v2\/product_cat?post=7555"},{"taxonomy":"product_tag","embeddable":true,"href":"https:\/\/spuehler-tv.ch\/onlineshop\/wp-json\/wp\/v2\/product_tag?post=7555"}],"curies":[{"name":"wp","href":"https:\/\/api.w.org\/{rel}","templated":true}]}}