{"id":7318,"date":"2020-11-30T09:37:39","date_gmt":"2020-11-30T09:37:39","guid":{"rendered":"https:\/\/spuehler-tv.ch\/onlineshop\/?post_type=product&#038;p=7318"},"modified":"2026-03-27T17:39:03","modified_gmt":"2026-03-27T16:39:03","slug":"elite-sonoro-dab-radio-cd-player-streaming-internetradio-made-in-germany-div-farbvariationen","status":"publish","type":"product","link":"https:\/\/spuehler-tv.ch\/onlineshop\/produkt\/elite-sonoro-dab-radio-cd-player-streaming-internetradio-made-in-germany-div-farbvariationen\/","title":{"rendered":"Elite (Sonoro) &#8211; DAB+ Radio \/ CD-Player \/ Streaming \/ Internetradio &#8211; (Div. Farbvariationen)"},"content":{"rendered":"<p><strong>PRODUKTHIGHLIGHTS &#8211; Sonoro Elite der Allesk\u00f6nner!<\/strong><br \/>\n-Zugriff auf \u00fcber 25.000 Internet Radio-Stationen und Podcasts weltweit<br \/>\n-Drahtloses Audio-Streaming mit WLAN \u00fcber Ihr Netzwerk und Zugriff auf Streamingdienste wie Spotify Connect, AmazonMusic, Deezer<br \/>\n-Digitalradio-Empfang (DAB+) f\u00fcr den besten Klang und die gr\u00f6\u00dfte Senderauswahl<br \/>\n-Der nach oben ausgerichtete Lautsprecher erzeugt im ganzen Raum ein 360\u00b0 Klangbild<br \/>\n-Bluetooth(R) f\u00fcr kabellose Musik\u00fcbertragung<br \/>\n-LUX-Sensor zur automatischen Anpassung der Displayhelligkeit an die Lichtverh\u00e4ltnisse im Raum<br \/>\n-Duale Weckfunktion (2-fach Timer), Einschlaffunktion (Sleep-Timer) und Schlummer-Modus<br \/>\n-USB-Port mit Ladefunktion f\u00fcr Smartphones<\/p>\n","protected":false},"excerpt":{"rendered":"<p>Kompakte Masse, satter und ausgewogener Sound, eine grosse Auswahl an Musikquellen: Das ELITE ist ein smarter Allesk\u00f6nner. Seine 360\u00b0 Lautsprechertechnologie verteilt den Klang im ganzen Raum. Dank der reduzierten Stellfl\u00e4che passt die multiroomf\u00e4hige Musikanlage ideal in Schlaf- und Arbeitszimmer. Ob Internetradio, diverse Streamingdienste, CD, FM oder DAB+ Digitalradio: Das ELITE l\u00e4sst freie Wahl. Zudem verf\u00fcgt es \u00fcber eie duale Weckfunktion, ein automatisch dimmbares Display und einen USB-Ladeport. Umrahmt wird dieses Gesamtpaket von einem zeitlos designten, klavierlackveredelten Holzgeh\u00e4use.<\/p>\n","protected":false},"featured_media":8429,"comment_status":"closed","ping_status":"closed","template":"","meta":[],"product_brand":[225],"product_cat":[226,143,33,50],"product_tag":[],"class_list":{"0":"post-7318","1":"product","2":"type-product","3":"status-publish","4":"has-post-thumbnail","6":"product_brand-sonoro","7":"product_cat-sale","8":"product_cat-austellungsgeraete-spezialangebote","9":"product_cat-audio-stationaer","10":"product_cat-hifi-anlage-micro-midi","11":"product_shipping_class-lieferung-basic-audio","13":"first","14":"instock","15":"sale","16":"taxable","17":"shipping-taxable","18":"purchasable","19":"product-type-variable","20":"has-default-attributes","21":"rtwpvg-product"},"_links":{"self":[{"href":"https:\/\/spuehler-tv.ch\/onlineshop\/wp-json\/wp\/v2\/product\/7318","targetHints":{"allow":["GET"]}}],"collection":[{"href":"https:\/\/spuehler-tv.ch\/onlineshop\/wp-json\/wp\/v2\/product"}],"about":[{"href":"https:\/\/spuehler-tv.ch\/onlineshop\/wp-json\/wp\/v2\/types\/product"}],"replies":[{"embeddable":true,"href":"https:\/\/spuehler-tv.ch\/onlineshop\/wp-json\/wp\/v2\/comments?post=7318"}],"wp:featuredmedia":[{"embeddable":true,"href":"https:\/\/spuehler-tv.ch\/onlineshop\/wp-json\/wp\/v2\/media\/8429"}],"wp:attachment":[{"href":"https:\/\/spuehler-tv.ch\/onlineshop\/wp-json\/wp\/v2\/media?parent=7318"}],"wp:term":[{"taxonomy":"product_brand","embeddable":true,"href":"https:\/\/spuehler-tv.ch\/onlineshop\/wp-json\/wp\/v2\/product_brand?post=7318"},{"taxonomy":"product_cat","embeddable":true,"href":"https:\/\/spuehler-tv.ch\/onlineshop\/wp-json\/wp\/v2\/product_cat?post=7318"},{"taxonomy":"product_tag","embeddable":true,"href":"https:\/\/spuehler-tv.ch\/onlineshop\/wp-json\/wp\/v2\/product_tag?post=7318"}],"curies":[{"name":"wp","href":"https:\/\/api.w.org\/{rel}","templated":true}]}}