{"id":7203,"date":"2020-09-08T13:28:41","date_gmt":"2020-09-08T12:28:41","guid":{"rendered":"https:\/\/spuehler-tv.ch\/onlineshop\/?post_type=product&#038;p=7203"},"modified":"2026-01-06T15:39:42","modified_gmt":"2026-01-06T14:39:42","slug":"rs175-sennheiser-over-ear-tv-funkkopfhoerer-mit-station","status":"publish","type":"product","link":"https:\/\/spuehler-tv.ch\/onlineshop\/produkt\/rs175-sennheiser-over-ear-tv-funkkopfhoerer-mit-station\/","title":{"rendered":"RS175-U (Sennheiser) &#8211; Over-Ear TV Funkkopfh\u00f6rer mit Station"},"content":{"rendered":"<div id=\"highlights\" class=\"highlights-wrapper tab-switch\">\n<div class=\"highlight\">\n<div class=\"highlight-text\">\n<div>\n<h3>\u00dcberblick<\/h3>\n<p>Das Funkkopfh\u00f6rersystem RS 175 bietet \u00fcberzeugende Funktionen, die Sie Musik und Filme noch intensiver genie\u00dfen lassen. Mit der dynamischen Bassanhebung und den beiden Surround-Sound-Modi des RS 175 k\u00f6nnen Sie das Klangpotenzial Ihres Home Entertainment-Systems voll auszunutzen: Die dynamische Bassanhebung verst\u00e4rkt die Basswiedergabe, w\u00e4hrend die beiden Raumklangmodi einen r\u00e4umlicheren und lebendigeren Stereo-Klang im Kopfh\u00f6rer erzeugen.<\/p>\n<p>Dar\u00fcber hinaus sorgt die innovative, digitale Funktechnologie des RS 175 f\u00fcr kristallklare und naturgetreue Audio\u00fcbertragung wenn Sie sich von Raum zu Raum bewegen. Das Kopfh\u00f6rersystem ist einfach zu installieren und leicht zu bedienen. Die wichtigsten Bedienelemente befinden sich direkt am Kopfh\u00f6rer, sodass Sie durch nichts von einem aufregenden Home Entertainment-Erlebnis ablenkt werden. Das ergonomische Design des Kopfh\u00f6rers sorgt f\u00fcr einen hervorragenden Tragekomfort \u00fcber Stunden.<\/p>\n<p>Der Sennheiser RS 175: Mehr Unterhaltung beim Home Entertainment!<\/p>\n<\/div>\n<\/div>\n<div class=\"highlight-img aspect-1-1\"><\/div>\n<\/div>\n<\/div>\n","protected":false},"excerpt":{"rendered":"<h1>RS 175<\/h1>\n<p>RS 175 &#8211; Kopfh\u00f6rersystem mit einzigartiger Basswiedergabe und Surround-Sound-Modi f\u00fcr au\u00dfergew\u00f6hnlichen H\u00f6rgenuss. Home Entertainment wird jetzt noch aufregender!<\/p>\n<ul class=\"dashed\">\n<li>Geschlossener, ohrumschlie\u00dfender Funkkopfh\u00f6rer mit ausgezeichneter, digitaler drahtloser Audio\u00fcbertragung<\/li>\n<li>Kristallklare digitale Klangwiedergabe und Reichweite bis zu 100 m (bei Sichtverbindung)<\/li>\n<li>Einstellbare dynamische Bassanhebung und zwei Surround-Sound-Modi f\u00fcr individuelle Klanganpassung<\/li>\n<li>Unterst\u00fctzt den Anschluss an analoge und digitale Audioquellen und erm\u00f6glicht das Umschalten zwischen den Audioeing\u00e4ngen<\/li>\n<li>Intelligent konzipierte Bedienelemente f\u00fcr maximalen Bedienkomfort<\/li>\n<li>Mehrzwecksender \u2013 dient als Lade- und Dockingstation<\/li>\n<li>Multi-Receiver-\u00dcbertragung \u2013 der Sender unterst\u00fctzt bis zu 2 Kopfh\u00f6rer gleichzeitig<\/li>\n<li>Ergonomisches Design f\u00fcr erstklassigen Tragekomfort<\/li>\n<\/ul>\n","protected":false},"featured_media":7206,"comment_status":"closed","ping_status":"closed","template":"","meta":[],"product_brand":[221],"product_cat":[57],"product_tag":[],"class_list":{"0":"post-7203","1":"product","2":"type-product","3":"status-publish","4":"has-post-thumbnail","6":"product_brand-sennheiser","7":"product_cat-kopfhoerer-hoerhilfen","9":"first","10":"instock","11":"taxable","12":"shipping-taxable","13":"purchasable","14":"product-type-simple"},"_links":{"self":[{"href":"https:\/\/spuehler-tv.ch\/onlineshop\/wp-json\/wp\/v2\/product\/7203","targetHints":{"allow":["GET"]}}],"collection":[{"href":"https:\/\/spuehler-tv.ch\/onlineshop\/wp-json\/wp\/v2\/product"}],"about":[{"href":"https:\/\/spuehler-tv.ch\/onlineshop\/wp-json\/wp\/v2\/types\/product"}],"replies":[{"embeddable":true,"href":"https:\/\/spuehler-tv.ch\/onlineshop\/wp-json\/wp\/v2\/comments?post=7203"}],"wp:featuredmedia":[{"embeddable":true,"href":"https:\/\/spuehler-tv.ch\/onlineshop\/wp-json\/wp\/v2\/media\/7206"}],"wp:attachment":[{"href":"https:\/\/spuehler-tv.ch\/onlineshop\/wp-json\/wp\/v2\/media?parent=7203"}],"wp:term":[{"taxonomy":"product_brand","embeddable":true,"href":"https:\/\/spuehler-tv.ch\/onlineshop\/wp-json\/wp\/v2\/product_brand?post=7203"},{"taxonomy":"product_cat","embeddable":true,"href":"https:\/\/spuehler-tv.ch\/onlineshop\/wp-json\/wp\/v2\/product_cat?post=7203"},{"taxonomy":"product_tag","embeddable":true,"href":"https:\/\/spuehler-tv.ch\/onlineshop\/wp-json\/wp\/v2\/product_tag?post=7203"}],"curies":[{"name":"wp","href":"https:\/\/api.w.org\/{rel}","templated":true}]}}