{"id":7153,"date":"2020-07-11T07:21:52","date_gmt":"2020-07-11T07:21:52","guid":{"rendered":"https:\/\/spuehler-tv.ch\/onlineshop\/?post_type=product&#038;p=7153"},"modified":"2026-01-06T17:41:18","modified_gmt":"2026-01-06T16:41:18","slug":"dp-ub154eg-panasonic-uhd-4k-bluray-player","status":"publish","type":"product","link":"https:\/\/spuehler-tv.ch\/onlineshop\/produkt\/dp-ub154eg-panasonic-uhd-4k-bluray-player\/","title":{"rendered":"DP-UB154EG (Panasonic) &#8211; UHD 4K Bluray Player"},"content":{"rendered":"<div class=\"mb-15\">F\u00fcr alle, die sich beim Filmgenuss auf das Wesentliche konzentrieren wollen &#8211; der Panasonic Player UB154! Er besticht mit lebendigen und detailreichen Bildern und umh\u00fcllendem Sound bei einfachster Bedienung. Dabei unterst\u00fctzt er bereits die Formate von morgen: HDR10+ f\u00fcr das 4K Heimkino und Dolby Atmos f\u00fcr dynamischen Surround Klang. Holen Sie alle Ihre Lieblingsfilme hervor: Der Universalplayer spielt zahlreiche Formate von Ultra HD Blu-Ray Disc, \u00fcber Blu-Ray Disc und DVD, bis CD unkompliziert ab und sorgt so f\u00fcr herausragende Heimkinoerlebnisse.<\/div>\n<p>&nbsp;<\/p>\n<p class=\"h4\">PRODUKT-HIGHLIGHTS<\/p>\n<div class=\"marketing-texts-tab mb-15\">\n<ul>\n<li>Ultra HD Blu-ray Wiedergabe f\u00fcr beeindruckende 4K HDR Bildqualit\u00e4t<\/li>\n<li>Unterst\u00fctzung von HDR10+: optimale Helligkeitswerte und Kontraste in jeder Bildszene<\/li>\n<li>Wiedergabe zahlreicher Bild- und Ton-Formate von Ultra HD Blu-ray Disc, Blu-ray Disc, DVD und CD<\/li>\n<li>USB-Anschluss f\u00fcr zus\u00e4tzliche Medienvielfalt,<\/li>\n<li>Kompatibilit\u00e4t mit Dolby Atmos und Wiedergabe hochaufl\u00f6sender Audioformate<\/li>\n<li>Komfortable Bedienung dank HDMI-Steuerung,<\/li>\n<\/ul>\n<\/div>\n<div class=\"mb-15 desc\"><\/div>\n<div id=\"flix-minisite\"><\/div>\n<div id=\"flix-inpage\">\n<div id=\"flixinpage_1594452067494\">\n<div id=\"inpage_panasonic\" class=\"flix-lang-de\">\n<div id=\"inpage_container\" class=\"inpage_1150\">\n<div id=\"flix-std-inpage\" class=\"new_layout\">\n<div class=\"inpage_selector_info inpage_header flix_wrapper inpage_selector_info\">\n<div class=\"inpage_product_desc flix-d-p\">\n<div class=\"inpage_shortModelNumber\">Ultra HD Blu-ray\u2122 Player DP-UB154 mit Dolby Atmos Black<\/div>\n<div class=\"inpage_keyCopy flix-d-h1\">Herausragende Heimkinoerlebnisse in 4K Ultra HD<\/div>\n<div class=\"inpage_subCopy flix-d-h3\">F\u00fcr alle, die sich beim Filmgenuss auf das Wesentliche konzentrieren wollen &#8211; Der Panasonic UHD Blu-rayTM Player DP-UB154 besticht mit lebendigen und detailreichen Bildern sowie umh\u00fcllendem Sound bei einfachster Bedienung. Dabei unterst\u00fctzt der\u00a0Ultra HD Blu-ray Player<\/div>\n<\/div>\n<\/div>\n<div class=\"inpage_block inpage_selector_video\">\n<div class=\"inpage_block_inner\">\n<div class=\"flix-std-clmn-lg-12 flix-std-clmn-md-12 flix-std-clmn-sm-12 flix-std-clmn-xs-12\">\n<div class=\"flix-mod-pro-video clearfix\">\n<div class=\"flix_mod_video\">\n<div class=\"flix_video_wrapper\">\n<div id=\"fullPlaylist\">\n<div class=\"fullJwPlayerWarp fullPlaylist-0\">\n<div class=\"flix-videodiv \"><\/div>\n<\/div>\n<\/div>\n<\/div>\n<\/div>\n<\/div>\n<\/div>\n<\/div>\n<\/div>\n<div class=\"flix_key_specs\">\n<div class=\"flix-std-row\">\n<div class=\"flix-std-clmn-lg-12 flix-std-clmn-md-12 flix-std-clmn-xs-12\">\n<div class=\"flix-std-clmn-lg-5 flix-std-clmn-md-6 flix-std-clmn-xs-12\">\n<div class=\"flix_spec_content\">\n<div class=\"flix_spec_header flix-d-h6\">Ultra HD Blu-ray\u2122 Wiedergabe<\/div>\n<div class=\"flix_spec_desc flix-d-p\">f\u00fcr beeindruckende 4K HDR Bildqualit\u00e4t<\/div>\n<\/div>\n<div class=\"flix_spec_content\">\n<div class=\"flix_spec_header flix-d-h6\">Multi HDR Unterst\u00fctzung<\/div>\n<div class=\"flix_spec_desc flix-d-p\">Optimale Helligkeitswerte und Kontraste<\/div>\n<\/div>\n<div class=\"flix_spec_content\">\n<div class=\"flix_spec_header flix-d-h6\">Wiedergabe zahlreicher Bild- &amp; Tonformate<\/div>\n<div class=\"flix_spec_desc flix-d-p\">Ultra HD Blu-ray Disc\u2122, Blu-ray Disc\u2122, DVD, CD<\/div>\n<\/div>\n<\/div>\n<div class=\"flix-std-clmn-lg-7 flix-std-clmn-md-6 flix-std-clmn-xs-12\">\n<div class=\"flix_spec_image\"><img decoding=\"async\" src=\"https:\/\/media.flixcar.com\/delivery\/static\/inpage\/9\/images\/loading.gif\" srcset=\"\/\/media.flixcar.com\/f360cdn\/Panasonic-3856364432-dp-ub154eg-variation_image_1global-1_ch_de.png\" alt=\"image\" data-flixsrcset=\"\/\/media.flixcar.com\/f360cdn\/Panasonic-3856364432-dp-ub154eg-variation_image_1global-1_ch_de.png 200w, \/\/media.flixcar.com\/f360cdn\/Panasonic-3856364432-dp-ub154eg-variation_image_1global-1_ch_de.png 400w, \/\/media.flixcar.com\/f360cdn\/Panasonic-3856364432-dp-ub154eg-variation_image_1global-1_ch_de.png 600w, \/\/media.flixcar.com\/f360cdn\/Panasonic-3856364432-dp-ub154eg-variation_image_1global-1_ch_de.png 800w, \/\/media.flixcar.com\/f360cdn\/Panasonic-3856364432-dp-ub154eg-variation_image_1global-1_ch_de.png 1000w\" data-sizes=\"auto\" \/><\/div>\n<\/div>\n<\/div>\n<\/div>\n<\/div>\n<div class=\"inpage_selector_feature\">\n<div class=\"flix-std-row\">\n<div class=\"flix-std-clmn-lg-6 flix-std-clmn-md-6 flix-std-clmn-xs-12 flix-pad\">\n<div class=\"flix_feature_img\"><img decoding=\"async\" class=\"feature-image\" src=\"https:\/\/media.flixcar.com\/delivery\/static\/inpage\/9\/images\/loading.gif\" srcset=\"\/\/media.flixcar.com\/f360cdn\/Panasonic-3855392662-ub450_feature_global_2-1-6_01.jpg\" alt=\"image\" data-flixsrcset=\"\/\/media.flixcar.com\/f360cdn\/Panasonic-3855392662-ub450_feature_global_2-1-6_01.jpg 200w, \/\/media.flixcar.com\/f360cdn\/Panasonic-3855392662-ub450_feature_global_2-1-6_01.jpg 400w, \/\/media.flixcar.com\/f360cdn\/Panasonic-3855392662-ub450_feature_global_2-1-6_01.jpg 600w, \/\/media.flixcar.com\/f360cdn\/Panasonic-3855392662-ub450_feature_global_2-1-6_01.jpg 800w, \/\/media.flixcar.com\/f360cdn\/Panasonic-3855392662-ub450_feature_global_2-1-6_01.jpg 1000w\" data-sizes=\"auto\" \/><\/div>\n<div class=\"flix_feature_tittle flix-d-h3\">Kontrast- und detailreiche Bilder<\/div>\n<div class=\"flix_feature_desc flix_more_content flix-d-p\">\n<div class=\"shortcontent\">\n<p>Multi HDR Unterst\u00fctzung<br \/>\nDas Angebot an ultrahochaufl\u00f6sendem HDR-Content w\u00e4chst zusehends. Der UB154 von Panasonic ist dank Multi HDR Unterst\u00fctzung zukunftssicher<span class=\"ellip\">&#8230;<\/span><\/p>\n<\/div>\n<p>&nbsp;<\/p>\n<\/div>\n<\/div>\n<div class=\"flix-std-clmn-lg-6 flix-std-clmn-md-6 flix-std-clmn-xs-12 flix-pad\">\n<div class=\"flix_feature_img\"><img decoding=\"async\" class=\"feature-image\" src=\"https:\/\/media.flixcar.com\/delivery\/static\/inpage\/9\/images\/loading.gif\" srcset=\"\/\/media.flixcar.com\/f360cdn\/Panasonic-3855392663-ub450_feature_global_2-1-11_01.jpg\" alt=\"image\" data-flixsrcset=\"\/\/media.flixcar.com\/f360cdn\/Panasonic-3855392663-ub450_feature_global_2-1-11_01.jpg 200w, \/\/media.flixcar.com\/f360cdn\/Panasonic-3855392663-ub450_feature_global_2-1-11_01.jpg 400w, \/\/media.flixcar.com\/f360cdn\/Panasonic-3855392663-ub450_feature_global_2-1-11_01.jpg 600w, \/\/media.flixcar.com\/f360cdn\/Panasonic-3855392663-ub450_feature_global_2-1-11_01.jpg 800w, \/\/media.flixcar.com\/f360cdn\/Panasonic-3855392663-ub450_feature_global_2-1-11_01.jpg 1000w\" data-sizes=\"auto\" \/><\/div>\n<div class=\"flix_feature_tittle flix-d-h3\">Eine beeindruckende Ultra HD-Erfahrung<\/div>\n<div class=\"flix_feature_desc flix_more_content flix-d-p\">\n<div class=\"shortcontent\">Ultra HD Playback &amp; 4K Upscaling<br \/>\nMit Ultra HD Blu-ray\u2122 wird der Blu-ray Disc\u2122 Standard der n\u00e4chsten Generation unterst\u00fctzt.<\/div>\n<p>&nbsp;<\/p>\n<\/div>\n<\/div>\n<\/div>\n<div class=\"flix-std-row\">\n<div class=\"flix-std-clmn-lg-6 flix-std-clmn-md-6 flix-std-clmn-xs-12 flix-pad\">\n<div class=\"flix_feature_img\"><img decoding=\"async\" class=\"feature-image\" src=\"https:\/\/media.flixcar.com\/delivery\/static\/inpage\/9\/images\/loading.gif\" srcset=\"\/\/media.flixcar.com\/f360cdn\/Panasonic-3855392664-ub450_feature_global_2-1-12_01.jpg\" alt=\"image\" data-flixsrcset=\"\/\/media.flixcar.com\/f360cdn\/Panasonic-3855392664-ub450_feature_global_2-1-12_01.jpg 200w, \/\/media.flixcar.com\/f360cdn\/Panasonic-3855392664-ub450_feature_global_2-1-12_01.jpg 400w, \/\/media.flixcar.com\/f360cdn\/Panasonic-3855392664-ub450_feature_global_2-1-12_01.jpg 600w, \/\/media.flixcar.com\/f360cdn\/Panasonic-3855392664-ub450_feature_global_2-1-12_01.jpg 800w, \/\/media.flixcar.com\/f360cdn\/Panasonic-3855392664-ub450_feature_global_2-1-12_01.jpg 1000w\" data-sizes=\"auto\" \/><\/div>\n<div class=\"flix_feature_tittle flix-d-h3\">Holen Sie alle Ihre Lieblingsfilme hervor<\/div>\n<div class=\"flix_feature_desc flix_more_content flix-d-p\">\n<div class=\"shortcontent\">Vielf\u00e4ltige Medienwiedergabe<br \/>\nDer Universalplayer spielt zahlreiche Formate von Ultra HD Blu-ray Disc\u2122, \u00fcber Blu-ray Disc\u2122 und DVD, bis CD unkompliziert<span class=\"ellip\">&#8230;<\/span><\/div>\n<p><img decoding=\"async\" class=\"feature-image\" src=\"https:\/\/media.flixcar.com\/delivery\/static\/inpage\/9\/images\/loading.gif\" srcset=\"\/\/media.flixcar.com\/f360cdn\/Panasonic-3856364521-ub450_feature_global_2-1-8_01.jpg\" alt=\"image\" data-flixsrcset=\"\/\/media.flixcar.com\/f360cdn\/Panasonic-3856364521-ub450_feature_global_2-1-8_01.jpg 200w, \/\/media.flixcar.com\/f360cdn\/Panasonic-3856364521-ub450_feature_global_2-1-8_01.jpg 400w, \/\/media.flixcar.com\/f360cdn\/Panasonic-3856364521-ub450_feature_global_2-1-8_01.jpg 600w, \/\/media.flixcar.com\/f360cdn\/Panasonic-3856364521-ub450_feature_global_2-1-8_01.jpg 800w, \/\/media.flixcar.com\/f360cdn\/Panasonic-3856364521-ub450_feature_global_2-1-8_01.jpg 1000w\" data-sizes=\"auto\" \/><\/p>\n<\/div>\n<\/div>\n<div class=\"flix-std-clmn-lg-6 flix-std-clmn-md-6 flix-std-clmn-xs-12 flix-pad\">\n<div class=\"flix_feature_tittle flix-d-h3\">Erleben Sie exzellente Klangqualit\u00e4t<\/div>\n<div class=\"flix_feature_desc flix_more_content flix-d-p\">\n<div class=\"shortcontent\">High Resolution Audio Wiedergabe<br \/>\nDer Ultra HD Blu-ray\u2122 Player unterst\u00fctzt neben den herk\u00f6mmlichen Audioformaten MP3, AAC und WMA auch hochaufl\u00f6send<span class=\"ellip\">&#8230;<\/span><\/div>\n<\/div>\n<\/div>\n<\/div>\n<div class=\"flix_gallerys\">\n<div class=\"inpage_block inpage_selector_gallery inpage_selector_gallery wrapper2 flix_carroussel_flix_gallery1\">\n<div class=\"inpage_block_inner\"><\/div>\n<\/div>\n<\/div>\n<\/div>\n<\/div>\n<\/div>\n<div><\/div>\n<\/div>\n<\/div>\n<\/div>\n","protected":false},"excerpt":{"rendered":"<ul>\n<li>Ultra HD Blu-ray Wiedergabe f\u00fcr beeindruckende 4K HDR Bildqualit\u00e4t<\/li>\n<li>Unterst\u00fctzung von HDR10+: optimale Helligkeitswerte und Kontraste in jeder Bildszene<\/li>\n<li>Wiedergabe zahlreicher Bild- und Ton-Formate von Ultra HD Blu-ray Disc, Blu-ray Disc, DVD und CD<\/li>\n<li>USB-Anschluss f\u00fcr zus\u00e4tzliche Medienvielfalt,<\/li>\n<\/ul>\n","protected":false},"featured_media":7154,"comment_status":"closed","ping_status":"closed","template":"","meta":[],"product_brand":[250],"product_cat":[32],"product_tag":[],"class_list":{"0":"post-7153","1":"product","2":"type-product","3":"status-publish","4":"has-post-thumbnail","6":"product_brand-panasonic","7":"product_cat-bluray-player","8":"product_shipping_class-lieferung-basic-audio","10":"first","11":"onbackorder","12":"taxable","13":"shipping-taxable","14":"purchasable","15":"product-type-simple"},"_links":{"self":[{"href":"https:\/\/spuehler-tv.ch\/onlineshop\/wp-json\/wp\/v2\/product\/7153","targetHints":{"allow":["GET"]}}],"collection":[{"href":"https:\/\/spuehler-tv.ch\/onlineshop\/wp-json\/wp\/v2\/product"}],"about":[{"href":"https:\/\/spuehler-tv.ch\/onlineshop\/wp-json\/wp\/v2\/types\/product"}],"replies":[{"embeddable":true,"href":"https:\/\/spuehler-tv.ch\/onlineshop\/wp-json\/wp\/v2\/comments?post=7153"}],"wp:featuredmedia":[{"embeddable":true,"href":"https:\/\/spuehler-tv.ch\/onlineshop\/wp-json\/wp\/v2\/media\/7154"}],"wp:attachment":[{"href":"https:\/\/spuehler-tv.ch\/onlineshop\/wp-json\/wp\/v2\/media?parent=7153"}],"wp:term":[{"taxonomy":"product_brand","embeddable":true,"href":"https:\/\/spuehler-tv.ch\/onlineshop\/wp-json\/wp\/v2\/product_brand?post=7153"},{"taxonomy":"product_cat","embeddable":true,"href":"https:\/\/spuehler-tv.ch\/onlineshop\/wp-json\/wp\/v2\/product_cat?post=7153"},{"taxonomy":"product_tag","embeddable":true,"href":"https:\/\/spuehler-tv.ch\/onlineshop\/wp-json\/wp\/v2\/product_tag?post=7153"}],"curies":[{"name":"wp","href":"https:\/\/api.w.org\/{rel}","templated":true}]}}