{"id":6639,"date":"2020-03-28T08:40:46","date_gmt":"2020-03-28T08:40:46","guid":{"rendered":"https:\/\/spuehler-tv.ch\/onlineshop\/?post_type=product&#038;p=6639"},"modified":"2026-01-06T16:52:05","modified_gmt":"2026-01-06T15:52:05","slug":"stereoman-isi-2-technisat-kinnbuegel-tv-funkkopfhoerer","status":"publish","type":"product","link":"https:\/\/spuehler-tv.ch\/onlineshop\/produkt\/stereoman-isi-2-technisat-kinnbuegel-tv-funkkopfhoerer\/","title":{"rendered":"Stereoman ISI 2 (Technisat) &#8211; Kinnb\u00fcgel TV Funkkopfh\u00f6rer Schwarz o. Weiss"},"content":{"rendered":"<div><strong>Digitaler Stereo-Funkkopfh\u00f6rer f\u00fcr Fernseher und Musikanlagen inkl. optischem Audio-Eingang<\/strong><\/div>\n<div><\/div>\n<div>Der StereoMan ISI 2 ist ein leichter und angenehm zu tragender Funkkopfh\u00f6rer f\u00fcr den drahtlosen Empfang von Audiosignalen zu Hause.<\/div>\n<div>\n<hr id=\"system-readmore\" \/>\n<\/div>\n<div>Jetzt sehen Sie endlich wieder entspannt fern und h\u00f6ren Musik. Denn der STEREOMAN ISI 2 ist der leichte und angenehm zu tragende Funkkopfh\u00f6rer f\u00fcr den drahtlosen Empfang von Audiosignalen zu Hause. Der Kinnb\u00fcgelkopfh\u00f6rer nutzt 2,4 GHz Funktechnologie, die kristallklaren Stereosound von Musikquellen oder Fernsehger\u00e4ten erm\u00f6glicht.<\/div>\n<div><\/div>\n<div>Die Installation ist sehr einfach: Sie verbinden den zugeh\u00f6rigen Transmitter, der auch als Ladestation f\u00fcr den Funk-Kopfh\u00f6rer und den zus\u00e4tzlichen Ersatzakku fungiert, mit der gew\u00fcnschten Audioquelle, wie z. B. einem Fernseher. Im Vergleich zum Vorg\u00e4ngermodell STEREOMAN ISI funktioniert das nun auch \u00fcber einen optischen Audio-Eingang am Transmitter. Der Funk-Kopfh\u00f6rer wird im Anschluss automatisch erkannt und ist sofort einsatzbereit.<\/div>\n<div><\/div>\n<div>Die Bauweise erm\u00f6glicht eine bequeme und unkomplizierte Bedienung der wichtigsten Funktionen wie Lautst\u00e4rkeregelung oder Ein- bzw. Ausschalten beim Tragen des Kopfh\u00f6rers. \u00dcber den Mute-Knopf am Kopfh\u00f6rer k\u00f6nnen Sie zudem den Ton der angeschlossenen Audioquelle ausblenden. So schalten Sie schnell und einfach vom Fernsehton auf Kommunikation um und unterhalten sich jederzeit mit anderen Personen im Raum. Hierbei wird gleichzeitig das integrierte Mikrofon des Kinnb\u00fcgelh\u00f6rers aktiviert, wodurch Ger\u00e4usche und Gespr\u00e4che aus der direkten Umgebung verst\u00e4rkt werden.<\/div>\n","protected":false},"excerpt":{"rendered":"<p>Digitaler Stereo-Funkkopfh\u00f6rer f\u00fcr Fernseher und Musikanlagen inkl. optischem Audio-Eingang Der StereoMan ISI 2 ist ein leichter und angenehm zu tragender Funkkopfh\u00f6rer f\u00fcr den drahtlosen Empfang von Audiosignalen zu Hause. Jetzt sehen Sie endlich wieder entspannt fern und h\u00f6ren Musik. Denn der STEREOMAN ISI 2 ist der leichte und angenehm zu tragende Funkkopfh\u00f6rer f\u00fcr den drahtlosen [&hellip;]<\/p>\n","protected":false},"featured_media":6640,"comment_status":"closed","ping_status":"closed","template":"","meta":[],"product_brand":[230],"product_cat":[57],"product_tag":[],"class_list":{"0":"post-6639","1":"product","2":"type-product","3":"status-publish","4":"has-post-thumbnail","6":"product_brand-technisat","7":"product_cat-kopfhoerer-hoerhilfen","8":"product_shipping_class-lieferung-basic-audio","10":"first","11":"instock","12":"taxable","13":"shipping-taxable","14":"purchasable","15":"product-type-variable","16":"has-default-attributes","17":"rtwpvg-product"},"_links":{"self":[{"href":"https:\/\/spuehler-tv.ch\/onlineshop\/wp-json\/wp\/v2\/product\/6639","targetHints":{"allow":["GET"]}}],"collection":[{"href":"https:\/\/spuehler-tv.ch\/onlineshop\/wp-json\/wp\/v2\/product"}],"about":[{"href":"https:\/\/spuehler-tv.ch\/onlineshop\/wp-json\/wp\/v2\/types\/product"}],"replies":[{"embeddable":true,"href":"https:\/\/spuehler-tv.ch\/onlineshop\/wp-json\/wp\/v2\/comments?post=6639"}],"wp:featuredmedia":[{"embeddable":true,"href":"https:\/\/spuehler-tv.ch\/onlineshop\/wp-json\/wp\/v2\/media\/6640"}],"wp:attachment":[{"href":"https:\/\/spuehler-tv.ch\/onlineshop\/wp-json\/wp\/v2\/media?parent=6639"}],"wp:term":[{"taxonomy":"product_brand","embeddable":true,"href":"https:\/\/spuehler-tv.ch\/onlineshop\/wp-json\/wp\/v2\/product_brand?post=6639"},{"taxonomy":"product_cat","embeddable":true,"href":"https:\/\/spuehler-tv.ch\/onlineshop\/wp-json\/wp\/v2\/product_cat?post=6639"},{"taxonomy":"product_tag","embeddable":true,"href":"https:\/\/spuehler-tv.ch\/onlineshop\/wp-json\/wp\/v2\/product_tag?post=6639"}],"curies":[{"name":"wp","href":"https:\/\/api.w.org\/{rel}","templated":true}]}}