{"id":2116,"date":"2019-12-10T08:04:24","date_gmt":"2019-12-10T08:04:24","guid":{"rendered":"https:\/\/spuehler-tv.ch\/onlineshop\/?post_type=product&#038;p=2116"},"modified":"2026-01-06T15:18:24","modified_gmt":"2026-01-06T14:18:24","slug":"amp-neu-sonos-der-smarte-multiroom-verstaerker","status":"publish","type":"product","link":"https:\/\/spuehler-tv.ch\/onlineshop\/produkt\/amp-neu-sonos-der-smarte-multiroom-verstaerker\/","title":{"rendered":"AMP NEU! (Sonos) &#8211; Der Smarte Multiroom Verst\u00e4rker"},"content":{"rendered":"<section class=\"pos-relative overflow-x-hidden\">\n<section id=\"amp\" class=\"primary-benefit pos-relative\">\n<div class=\"fluid-headline pos-relative mb-x0p5 lg-mb-x0p75 al-animate\" data-al-initialized=\"\" data-al-scroll-threshold=\"0.0\" data-al=\"fade-in\">\n<div data-fluid-text-max-scale=\"1.4\" data-fluid-text=\"\">F\u00fcr dein Entertainment<\/div>\n<div class=\"mh-x2\">\n<div class=\"progress-bar pos-relative bg-b2\" data-glide-el=\"progress-bar\">\n<div class=\"bg-b1 pos-absolute top left width-full\"><\/div>\n<\/div>\n<\/div>\n<\/div>\n<div class=\"mt-x2 mb-x3 lg-mv-x0p25 ph-x2 text-x4 lg-text-x3 flex-row flex-wrap lg-flex-justify-between al-animate\" data-al-initialized=\"\" data-al=\"fade-in\">\n<h1 id=\"amp-benefit-1\" class=\"mb-x3 lg-mb-x1p5 text-x4 lg-text-x3 text-medium width-full lg-width-x10\">Der vielseitige Verst\u00e4rker f\u00fcr all dein Entertainment.<\/h1>\n<p id=\"amp-benefit-2\" class=\"width-full lg-width-x11 text-regular\">Mit dem Amp sorgst du bei Boden-, Wand-, Decken-, Outdoor- und Regal-Lautsprechern f\u00fcr ein echtes Sonos Erlebnis.<\/p>\n<\/div>\n<\/section>\n<\/section>\n<section class=\"mb-x2 overflow-x-hidden\">\n<div id=\"amp-sb-upgrade\" class=\"flex-column flex-center mv-x2\" data-dynamic-import-initialized=\"true\" data-dynamic-import=\"underlay-n-architecture\">\n<div class=\"underlay-n-architecture-body flex-column lg-flex-row lg-flex-justify-between width-x23 lg-width-x25 pa-x2 lg-pt-x1 colors-bg-page-accent colors-text-page-accent\">\n<div id=\"amp-sb-upgrade-headline\" class=\"underlay-n-architecture-headline lg-width-x9 mb-x1 lg-mb-x0p5 text-x5 text-medium\" style=\"text-align: center;\"><strong>Upgrade deine kabelgebundenen Lautsprecher<\/strong><\/div>\n<div class=\"lg-width-x8 lg-mt-x0p5 text-x2 text-regular\">\n<div id=\"amp-sb-upgrade-bodyCopy\" class=\"underlay-n-architecture-bodycopy mb-x1 lg-mb-x0p5\">Verbinde alles, von deinem Plattenspieler und deiner Stereoanlage bis hin zu deinen kabelgebundenen Lautsprechern, um Schallplatten, CDs, gespeicherte Audiodateien und Streaming zu genie\u00dfen. Du kannst sogar Outdoor-Lautsprecher verbinden und dein Sonos System auf den Garten erweitern.<\/div>\n<div><\/div>\n<\/div>\n<\/div>\n<div class=\"underlay-n-architecture-media pos-relative width-x23 lg-width-x25 height-x6 lg-height-x3\">\n<div id=\"overlay-svg-amp-devices\" class=\"svg-full bg-transparent text-b4-a svg-b4-a pos-absolute abs-center al-animate\" data-al-initialized=\"\" data-al=\"fade-in\"><\/div>\n<div id=\"overlay-picture-amp-front\" class=\"pos-absolute abs-center al-animate\" data-al-initialized=\"\" data-al=\"fade-in\" data-dynamic-shadow-container=\"\">\n<div class=\"pos-absolute\" data-dynamic-shadow-scale=\"0.999\" data-dynamic-shadow=\"tabletop\"><\/div>\n<p><img loading=\"lazy\" decoding=\"async\" id=\"amp-front\" class=\"disp-block lazyautosizes lazyloaded\" src=\"https:\/\/assets.sonos.com\/cdn_static\/dw\/image\/v2\/ABCG_PRD\/on\/demandware.static\/-\/Library-Sites-SonosLibrary\/default\/dw7a84c03d\/images\/products\/amp\/amp-front.png?strip=true&amp;sw=932&amp;q=80\" sizes=\"auto, 924px\" alt=\"null\" width=\"924\" height=\"400\" data-sizes=\"auto\" data-aspectratio=\"2.3136574074074074\" data-parent-fit=\"contain\" data-srcset=\"https:\/\/assets.sonos.com\/cdn_static\/dw\/image\/v2\/ABCG_PRD\/on\/demandware.static\/-\/Library-Sites-SonosLibrary\/default\/dw7a84c03d\/images\/products\/amp\/amp-front.png?strip=true&amp;sw=156&amp;q=80 156w, https:\/\/assets.sonos.com\/cdn_static\/dw\/image\/v2\/ABCG_PRD\/on\/demandware.static\/-\/Library-Sites-SonosLibrary\/default\/dw7a84c03d\/images\/products\/amp\/amp-front.png?strip=true&amp;sw=311&amp;q=80 311w, https:\/\/assets.sonos.com\/cdn_static\/dw\/image\/v2\/ABCG_PRD\/on\/demandware.static\/-\/Library-Sites-SonosLibrary\/default\/dw7a84c03d\/images\/products\/amp\/amp-front.png?strip=true&amp;sw=182&amp;q=80 182w, https:\/\/assets.sonos.com\/cdn_static\/dw\/image\/v2\/ABCG_PRD\/on\/demandware.static\/-\/Library-Sites-SonosLibrary\/default\/dw7a84c03d\/images\/products\/amp\/amp-front.png?strip=true&amp;sw=364&amp;q=80 364w, https:\/\/assets.sonos.com\/cdn_static\/dw\/image\/v2\/ABCG_PRD\/on\/demandware.static\/-\/Library-Sites-SonosLibrary\/default\/dw7a84c03d\/images\/products\/amp\/amp-front.png?strip=true&amp;sw=207&amp;q=80 207w, https:\/\/assets.sonos.com\/cdn_static\/dw\/image\/v2\/ABCG_PRD\/on\/demandware.static\/-\/Library-Sites-SonosLibrary\/default\/dw7a84c03d\/images\/products\/amp\/amp-front.png?strip=true&amp;sw=413&amp;q=80 413w, https:\/\/assets.sonos.com\/cdn_static\/dw\/image\/v2\/ABCG_PRD\/on\/demandware.static\/-\/Library-Sites-SonosLibrary\/default\/dw7a84c03d\/images\/products\/amp\/amp-front.png?strip=true&amp;sw=373&amp;q=80 373w, https:\/\/assets.sonos.com\/cdn_static\/dw\/image\/v2\/ABCG_PRD\/on\/demandware.static\/-\/Library-Sites-SonosLibrary\/default\/dw7a84c03d\/images\/products\/amp\/amp-front.png?strip=true&amp;sw=746&amp;q=80 746w, https:\/\/assets.sonos.com\/cdn_static\/dw\/image\/v2\/ABCG_PRD\/on\/demandware.static\/-\/Library-Sites-SonosLibrary\/default\/dw7a84c03d\/images\/products\/amp\/amp-front.png?strip=true&amp;sw=497&amp;q=80 497w, https:\/\/assets.sonos.com\/cdn_static\/dw\/image\/v2\/ABCG_PRD\/on\/demandware.static\/-\/Library-Sites-SonosLibrary\/default\/dw7a84c03d\/images\/products\/amp\/amp-front.png?strip=true&amp;sw=971&amp;q=80 971w, https:\/\/assets.sonos.com\/cdn_static\/dw\/image\/v2\/ABCG_PRD\/on\/demandware.static\/-\/Library-Sites-SonosLibrary\/default\/dw7a84c03d\/images\/products\/amp\/amp-front.png?strip=true&amp;sw=699&amp;q=80 699w, https:\/\/assets.sonos.com\/cdn_static\/dw\/image\/v2\/ABCG_PRD\/on\/demandware.static\/-\/Library-Sites-SonosLibrary\/default\/dw7a84c03d\/images\/products\/amp\/amp-front.png?strip=true&amp;sw=932&amp;q=80 932w\" \/><\/p>\n<\/div>\n<div data-al-initialized=\"\" data-al=\"fade-in\" data-dynamic-shadow-container=\"\"><\/div>\n<\/div>\n<\/div>\n<div id=\"amp-sb-amplify\" class=\"flex-row lg-flex-justify-between flex-wrap lg-flex-no-wrap mv-x2\">\n<div class=\"beside-w-media pos-relative width-x27 lg-width-x13 height-x27 lg-height-x12 flex-row al-animate\" data-al-initialized=\"\" data-al-scroll-threshold=\"0.25\" data-al=\"fade-in\"><img loading=\"lazy\" decoding=\"async\" id=\"amp-living-video-lego-lic\" class=\"mv-auto disp-none lg-disp-block lazyautosizes lazyloaded\" src=\"https:\/\/assets.sonos.com\/cdn_static\/dw\/image\/v2\/ABCG_PRD\/on\/demandware.static\/-\/Library-Sites-SonosLibrary\/default\/dw07ceb4a3\/images\/lifestyles\/amp-living-video-lego-lic.jpg?strip=true&amp;sw=954&amp;q=80\" sizes=\"auto, 1395.9673076923077px\" alt=\"null\" width=\"908\" height=\"811\" data-sizes=\"auto\" data-aspectratio=\"1.6365384615384615\" data-parent-fit=\"cover\" data-srcset=\"https:\/\/assets.sonos.com\/cdn_static\/dw\/image\/v2\/ABCG_PRD\/on\/demandware.static\/-\/Library-Sites-SonosLibrary\/default\/dw07ceb4a3\/images\/lifestyles\/amp-living-video-lego-lic.jpg?strip=true&amp;sw=153&amp;q=80 153w, https:\/\/assets.sonos.com\/cdn_static\/dw\/image\/v2\/ABCG_PRD\/on\/demandware.static\/-\/Library-Sites-SonosLibrary\/default\/dw07ceb4a3\/images\/lifestyles\/amp-living-video-lego-lic.jpg?strip=true&amp;sw=306&amp;q=80 306w, https:\/\/assets.sonos.com\/cdn_static\/dw\/image\/v2\/ABCG_PRD\/on\/demandware.static\/-\/Library-Sites-SonosLibrary\/default\/dw07ceb4a3\/images\/lifestyles\/amp-living-video-lego-lic.jpg?strip=true&amp;sw=179&amp;q=80 179w, https:\/\/assets.sonos.com\/cdn_static\/dw\/image\/v2\/ABCG_PRD\/on\/demandware.static\/-\/Library-Sites-SonosLibrary\/default\/dw07ceb4a3\/images\/lifestyles\/amp-living-video-lego-lic.jpg?strip=true&amp;sw=358&amp;q=80 358w, https:\/\/assets.sonos.com\/cdn_static\/dw\/image\/v2\/ABCG_PRD\/on\/demandware.static\/-\/Library-Sites-SonosLibrary\/default\/dw07ceb4a3\/images\/lifestyles\/amp-living-video-lego-lic.jpg?strip=true&amp;sw=203&amp;q=80 203w, https:\/\/assets.sonos.com\/cdn_static\/dw\/image\/v2\/ABCG_PRD\/on\/demandware.static\/-\/Library-Sites-SonosLibrary\/default\/dw07ceb4a3\/images\/lifestyles\/amp-living-video-lego-lic.jpg?strip=true&amp;sw=406&amp;q=80 406w, https:\/\/assets.sonos.com\/cdn_static\/dw\/image\/v2\/ABCG_PRD\/on\/demandware.static\/-\/Library-Sites-SonosLibrary\/default\/dw07ceb4a3\/images\/lifestyles\/amp-living-video-lego-lic.jpg?strip=true&amp;sw=367&amp;q=80 367w, https:\/\/assets.sonos.com\/cdn_static\/dw\/image\/v2\/ABCG_PRD\/on\/demandware.static\/-\/Library-Sites-SonosLibrary\/default\/dw07ceb4a3\/images\/lifestyles\/amp-living-video-lego-lic.jpg?strip=true&amp;sw=733&amp;q=80 733w, https:\/\/assets.sonos.com\/cdn_static\/dw\/image\/v2\/ABCG_PRD\/on\/demandware.static\/-\/Library-Sites-SonosLibrary\/default\/dw07ceb4a3\/images\/lifestyles\/amp-living-video-lego-lic.jpg?strip=true&amp;sw=489&amp;q=80 489w, https:\/\/assets.sonos.com\/cdn_static\/dw\/image\/v2\/ABCG_PRD\/on\/demandware.static\/-\/Library-Sites-SonosLibrary\/default\/dw07ceb4a3\/images\/lifestyles\/amp-living-video-lego-lic.jpg?strip=true&amp;sw=954&amp;q=80 954w, https:\/\/assets.sonos.com\/cdn_static\/dw\/image\/v2\/ABCG_PRD\/on\/demandware.static\/-\/Library-Sites-SonosLibrary\/default\/dw07ceb4a3\/images\/lifestyles\/amp-living-video-lego-lic.jpg?strip=true&amp;sw=687&amp;q=80 687w, https:\/\/assets.sonos.com\/cdn_static\/dw\/image\/v2\/ABCG_PRD\/on\/demandware.static\/-\/Library-Sites-SonosLibrary\/default\/dw07ceb4a3\/images\/lifestyles\/amp-living-video-lego-lic.jpg?strip=true&amp;sw=916&amp;q=80 916w\" \/><\/div>\n<div class=\"lg-width-x14 lg-flex-self-center mh-x2 lg-ma-nil pa-x2 lg-pv-nil lg-pl-x3 lg-pr-x2\">\n<div data-al-initialized=\"\" data-al=\"fade-in\"><\/div>\n<div id=\"amp-sb-amplify-headline\" class=\"beside-w-headline mb-x1 lg-mb-x0p5 text-x5 text-medium al-animate\" style=\"text-align: center;\" data-al-initialized=\"\" data-al=\"fade-in\"><strong>Verst\u00e4rkung f\u00fcr deinen Fernseher<\/strong><\/div>\n<div class=\"text-x2 text-regular\">\n<div id=\"amp-sb-amplify-bodyCopy\" class=\"beside-w-bodycopy mb-x1 lg-mb-x0p5 al-animate\" data-al-initialized=\"\" data-al=\"fade-in\" data-al-delay=\"50ms\">Genie\u00dfe Stereo-Sound f\u00fcr Serien, Filme und Video-Games, wenn du den Amp an deine Lautsprecher und deinen Fernseher anschlie\u00dft.<\/div>\n<div class=\"beside-w-bodycopy mb-x1 lg-mb-x0p5 al-animate\" data-al-initialized=\"\" data-al=\"fade-in\" data-al-delay=\"50ms\">Erg\u00e4nze das Setup um ein Paar Sonos One Surround-Speaker f\u00fcr mitrei\u00dfendes Heimkino.<\/div>\n<div class=\"al-animate\" data-al-initialized=\"\" data-al=\"fade-in\" data-al-delay=\"100ms\"><\/div>\n<\/div>\n<\/div>\n<\/div>\n<div id=\"amp-sb-designed\" class=\"flex-column flex-align-center mv-x2 lg-mh-x1\" data-dynamic-import-initialized=\"true\" data-dynamic-import=\"underlay-s\">\n<div class=\"underlay-s-headline lg-width-x25 mh-x2 lg-mh-x1 pa-x2 lg-pb-x0p5 colors-bg-page-accent colors-text-page-accent text-x5\">\n<div id=\"amp-sb-designed-headline\" class=\"al-animate\" data-al-initialized=\"\" data-al=\"fade-in\">Design, das immer cool bleibt<\/div>\n<\/div>\n<div class=\"underlay-s-media pos-relative width-x27 lg-width-x19 height-x19 lg-height-x9 al-animate\" data-al-initialized=\"\" data-al=\"fade-in\">\n<p><img loading=\"lazy\" decoding=\"async\" id=\"hero-amp-back\" class=\"disp-block lazyautosizes lazyloaded\" src=\"https:\/\/assets.sonos.com\/cdn_static\/dw\/image\/v2\/ABCG_PRD\/on\/demandware.static\/-\/Library-Sites-SonosLibrary\/default\/dw8ad7046e\/images\/products\/amp\/hero-amp-back.jpg?strip=true&amp;sw=1363&amp;q=80\" sizes=\"auto, 1351px\" alt=\"null\" width=\"1351\" height=\"640\" data-sizes=\"auto\" data-aspectratio=\"2.0762711864406778\" data-parent-fit=\"cover\" data-srcset=\"https:\/\/assets.sonos.com\/cdn_static\/dw\/image\/v2\/ABCG_PRD\/on\/demandware.static\/-\/Library-Sites-SonosLibrary\/default\/dw8ad7046e\/images\/products\/amp\/hero-amp-back.jpg?strip=true&amp;sw=228&amp;q=80 228w, https:\/\/assets.sonos.com\/cdn_static\/dw\/image\/v2\/ABCG_PRD\/on\/demandware.static\/-\/Library-Sites-SonosLibrary\/default\/dw8ad7046e\/images\/products\/amp\/hero-amp-back.jpg?strip=true&amp;sw=455&amp;q=80 455w, https:\/\/assets.sonos.com\/cdn_static\/dw\/image\/v2\/ABCG_PRD\/on\/demandware.static\/-\/Library-Sites-SonosLibrary\/default\/dw8ad7046e\/images\/products\/amp\/hero-amp-back.jpg?strip=true&amp;sw=267&amp;q=80 267w, https:\/\/assets.sonos.com\/cdn_static\/dw\/image\/v2\/ABCG_PRD\/on\/demandware.static\/-\/Library-Sites-SonosLibrary\/default\/dw8ad7046e\/images\/products\/amp\/hero-amp-back.jpg?strip=true&amp;sw=533&amp;q=80 533w, https:\/\/assets.sonos.com\/cdn_static\/dw\/image\/v2\/ABCG_PRD\/on\/demandware.static\/-\/Library-Sites-SonosLibrary\/default\/dw8ad7046e\/images\/products\/amp\/hero-amp-back.jpg?strip=true&amp;sw=302&amp;q=80 302w, https:\/\/assets.sonos.com\/cdn_static\/dw\/image\/v2\/ABCG_PRD\/on\/demandware.static\/-\/Library-Sites-SonosLibrary\/default\/dw8ad7046e\/images\/products\/amp\/hero-amp-back.jpg?strip=true&amp;sw=604&amp;q=80 604w, https:\/\/assets.sonos.com\/cdn_static\/dw\/image\/v2\/ABCG_PRD\/on\/demandware.static\/-\/Library-Sites-SonosLibrary\/default\/dw8ad7046e\/images\/products\/amp\/hero-amp-back.jpg?strip=true&amp;sw=545&amp;q=80 545w, https:\/\/assets.sonos.com\/cdn_static\/dw\/image\/v2\/ABCG_PRD\/on\/demandware.static\/-\/Library-Sites-SonosLibrary\/default\/dw8ad7046e\/images\/products\/amp\/hero-amp-back.jpg?strip=true&amp;sw=1090&amp;q=80 1090w, https:\/\/assets.sonos.com\/cdn_static\/dw\/image\/v2\/ABCG_PRD\/on\/demandware.static\/-\/Library-Sites-SonosLibrary\/default\/dw8ad7046e\/images\/products\/amp\/hero-amp-back.jpg?strip=true&amp;sw=727&amp;q=80 727w, https:\/\/assets.sonos.com\/cdn_static\/dw\/image\/v2\/ABCG_PRD\/on\/demandware.static\/-\/Library-Sites-SonosLibrary\/default\/dw8ad7046e\/images\/products\/amp\/hero-amp-back.jpg?strip=true&amp;sw=1420&amp;q=80 1420w, https:\/\/assets.sonos.com\/cdn_static\/dw\/image\/v2\/ABCG_PRD\/on\/demandware.static\/-\/Library-Sites-SonosLibrary\/default\/dw8ad7046e\/images\/products\/amp\/hero-amp-back.jpg?strip=true&amp;sw=1022&amp;q=80 1022w, https:\/\/assets.sonos.com\/cdn_static\/dw\/image\/v2\/ABCG_PRD\/on\/demandware.static\/-\/Library-Sites-SonosLibrary\/default\/dw8ad7046e\/images\/products\/amp\/hero-amp-back.jpg?strip=true&amp;sw=1363&amp;q=80 1363w\" \/><\/p>\n<div class=\"pos-absolute abs-center svg-full svg-b4-a width-x7 height-x7 lg-width-x2 lg-height-x2\"><\/div>\n<\/div>\n<div class=\"lg-width-x25 mh-x2 lg-mh-x1 pa-x2 lg-pt-nil lg-pb-x1p5 colors-bg-page-accent colors-text-page-accent\">\n<div class=\"underlay-s-body lg-width-x15 text-x2 text-regular\">\n<div id=\"amp-sb-designed-bodyCopy\" class=\"underlay-s-bodycopy mb-x1 lg-mb-x0p5 al-animate\" data-al-initialized=\"\" data-al=\"fade-in\">Seine Form macht es m\u00f6glich, ihn in ein Rack zu integrieren, au\u00dferdem verf\u00fcgt er \u00fcber einen speziell entwickelten K\u00fchlk\u00f6rper f\u00fcr einen optimierten Luftstrom und W\u00e4rmemanagement.<\/div>\n<div class=\"al-animate\" data-al-initialized=\"\" data-al=\"fade-in\"><\/div>\n<\/div>\n<\/div>\n<\/div>\n<div id=\"amp-sb-create\" class=\"flex-row lg-flex-justify-between flex-wrap lg-flex-no-wrap mv-x2\">\n<div class=\"beside-w-media pos-relative width-x27 lg-width-x13 height-x27 lg-height-x12 flex-row al-animate\" data-al-initialized=\"\" data-al-scroll-threshold=\"0.25\" data-al=\"fade-in\">\n<div id=\"overlay-picture-architectural\" class=\"pos-absolute abs-center al-animate\" data-al-initialized=\"\" data-al=\"fade-in\" data-dynamic-shadow-container=\"\"><img loading=\"lazy\" decoding=\"async\" id=\"illus-architectural\" class=\"disp-none lg-disp-block lazyautosizes lazyloaded alignnone\" src=\"https:\/\/assets.sonos.com\/cdn_static\/dw\/image\/v2\/ABCG_PRD\/on\/demandware.static\/-\/Library-Sites-SonosLibrary\/default\/dw1fe15aa8\/images\/overlays\/illus-architectural.png?strip=true&amp;sw=1650&amp;q=80\" sizes=\"auto, 1636px\" alt=\"null\" width=\"1636\" height=\"905\" data-sizes=\"auto\" data-aspectratio=\"1.8076923076923077\" data-parent-fit=\"contain\" data-srcset=\"https:\/\/assets.sonos.com\/cdn_static\/dw\/image\/v2\/ABCG_PRD\/on\/demandware.static\/-\/Library-Sites-SonosLibrary\/default\/dw1fe15aa8\/images\/overlays\/illus-architectural.png?strip=true&amp;sw=275&amp;q=80 275w, https:\/\/assets.sonos.com\/cdn_static\/dw\/image\/v2\/ABCG_PRD\/on\/demandware.static\/-\/Library-Sites-SonosLibrary\/default\/dw1fe15aa8\/images\/overlays\/illus-architectural.png?strip=true&amp;sw=550&amp;q=80 550w, https:\/\/assets.sonos.com\/cdn_static\/dw\/image\/v2\/ABCG_PRD\/on\/demandware.static\/-\/Library-Sites-SonosLibrary\/default\/dw1fe15aa8\/images\/overlays\/illus-architectural.png?strip=true&amp;sw=323&amp;q=80 323w, https:\/\/assets.sonos.com\/cdn_static\/dw\/image\/v2\/ABCG_PRD\/on\/demandware.static\/-\/Library-Sites-SonosLibrary\/default\/dw1fe15aa8\/images\/overlays\/illus-architectural.png?strip=true&amp;sw=645&amp;q=80 645w, https:\/\/assets.sonos.com\/cdn_static\/dw\/image\/v2\/ABCG_PRD\/on\/demandware.static\/-\/Library-Sites-SonosLibrary\/default\/dw1fe15aa8\/images\/overlays\/illus-architectural.png?strip=true&amp;sw=366&amp;q=80 366w, https:\/\/assets.sonos.com\/cdn_static\/dw\/image\/v2\/ABCG_PRD\/on\/demandware.static\/-\/Library-Sites-SonosLibrary\/default\/dw1fe15aa8\/images\/overlays\/illus-architectural.png?strip=true&amp;sw=731&amp;q=80 731w, https:\/\/assets.sonos.com\/cdn_static\/dw\/image\/v2\/ABCG_PRD\/on\/demandware.static\/-\/Library-Sites-SonosLibrary\/default\/dw1fe15aa8\/images\/overlays\/illus-architectural.png?strip=true&amp;sw=660&amp;q=80 660w, https:\/\/assets.sonos.com\/cdn_static\/dw\/image\/v2\/ABCG_PRD\/on\/demandware.static\/-\/Library-Sites-SonosLibrary\/default\/dw1fe15aa8\/images\/overlays\/illus-architectural.png?strip=true&amp;sw=1320&amp;q=80 1320w, https:\/\/assets.sonos.com\/cdn_static\/dw\/image\/v2\/ABCG_PRD\/on\/demandware.static\/-\/Library-Sites-SonosLibrary\/default\/dw1fe15aa8\/images\/overlays\/illus-architectural.png?strip=true&amp;sw=880&amp;q=80 880w, https:\/\/assets.sonos.com\/cdn_static\/dw\/image\/v2\/ABCG_PRD\/on\/demandware.static\/-\/Library-Sites-SonosLibrary\/default\/dw1fe15aa8\/images\/overlays\/illus-architectural.png?strip=true&amp;sw=1719&amp;q=80 1719w, https:\/\/assets.sonos.com\/cdn_static\/dw\/image\/v2\/ABCG_PRD\/on\/demandware.static\/-\/Library-Sites-SonosLibrary\/default\/dw1fe15aa8\/images\/overlays\/illus-architectural.png?strip=true&amp;sw=1238&amp;q=80 1238w, https:\/\/assets.sonos.com\/cdn_static\/dw\/image\/v2\/ABCG_PRD\/on\/demandware.static\/-\/Library-Sites-SonosLibrary\/default\/dw1fe15aa8\/images\/overlays\/illus-architectural.png?strip=true&amp;sw=1650&amp;q=80 1650w\" \/><\/div>\n<\/div>\n<div class=\"lg-width-x14 lg-flex-self-center mh-x2 lg-ma-nil pa-x2 lg-pv-nil lg-pl-x3 lg-pr-x2\">\n<div id=\"amp-sb-create-headline\" class=\"beside-w-headline mb-x1 lg-mb-x0p5 text-x5 text-medium al-animate\" style=\"text-align: center;\" data-al-initialized=\"\" data-al=\"fade-in\"><strong>Erstelle ein unsichtbares Sound-System<\/strong><\/div>\n<div class=\"text-x2 text-regular\">\n<div id=\"amp-sb-create-bodyCopy\" class=\"beside-w-bodycopy mb-x1 lg-mb-x0p5 al-animate\" data-al-initialized=\"\" data-al=\"fade-in\" data-al-delay=\"50ms\">Erlebe brillanten Sound, platzsparend und ohne Abstriche beim Design,<\/div>\n<div class=\"beside-w-bodycopy mb-x1 lg-mb-x0p5 al-animate\" data-al-initialized=\"\" data-al=\"fade-in\" data-al-delay=\"50ms\">mit Sonos Architectural von Sonance &#8211; einer Kollektion an Decken-, Wand- und Outdoor-Speakern, die f\u00fcr den Amp optimiert sind.<\/div>\n<\/div>\n<\/div>\n<\/div>\n<\/section>\n","protected":false},"excerpt":{"rendered":"<p>F\u00fcr dein Entertainment Der vielseitige Verst\u00e4rker f\u00fcr all dein Entertainment. Mit dem Amp sorgst du bei Boden-, Wand-, Decken-, Outdoor- und Regal-Lautsprechern f\u00fcr ein echtes Sonos Erlebnis. Upgrade deine kabelgebundenen Lautsprecher Verbinde alles, von deinem Plattenspieler und deiner Stereoanlage bis hin zu deinen kabelgebundenen Lautsprechern, um Schallplatten, CDs, gespeicherte Audiodateien und Streaming zu genie\u00dfen. Du [&hellip;]<\/p>\n","protected":false},"featured_media":2117,"comment_status":"closed","ping_status":"closed","template":"","meta":[],"product_brand":[218],"product_cat":[54],"product_tag":[],"class_list":{"0":"post-2116","1":"product","2":"type-product","3":"status-publish","4":"has-post-thumbnail","6":"product_brand-sonos","7":"product_cat-multiroom","8":"product_shipping_class-lieferung-basic-audio","10":"first","11":"onbackorder","12":"taxable","13":"shipping-taxable","14":"purchasable","15":"product-type-simple"},"_links":{"self":[{"href":"https:\/\/spuehler-tv.ch\/onlineshop\/wp-json\/wp\/v2\/product\/2116","targetHints":{"allow":["GET"]}}],"collection":[{"href":"https:\/\/spuehler-tv.ch\/onlineshop\/wp-json\/wp\/v2\/product"}],"about":[{"href":"https:\/\/spuehler-tv.ch\/onlineshop\/wp-json\/wp\/v2\/types\/product"}],"replies":[{"embeddable":true,"href":"https:\/\/spuehler-tv.ch\/onlineshop\/wp-json\/wp\/v2\/comments?post=2116"}],"wp:featuredmedia":[{"embeddable":true,"href":"https:\/\/spuehler-tv.ch\/onlineshop\/wp-json\/wp\/v2\/media\/2117"}],"wp:attachment":[{"href":"https:\/\/spuehler-tv.ch\/onlineshop\/wp-json\/wp\/v2\/media?parent=2116"}],"wp:term":[{"taxonomy":"product_brand","embeddable":true,"href":"https:\/\/spuehler-tv.ch\/onlineshop\/wp-json\/wp\/v2\/product_brand?post=2116"},{"taxonomy":"product_cat","embeddable":true,"href":"https:\/\/spuehler-tv.ch\/onlineshop\/wp-json\/wp\/v2\/product_cat?post=2116"},{"taxonomy":"product_tag","embeddable":true,"href":"https:\/\/spuehler-tv.ch\/onlineshop\/wp-json\/wp\/v2\/product_tag?post=2116"}],"curies":[{"name":"wp","href":"https:\/\/api.w.org\/{rel}","templated":true}]}}