{"id":11468,"date":"2025-12-23T16:15:34","date_gmt":"2025-12-23T15:15:34","guid":{"rendered":"https:\/\/spuehler-tv.ch\/onlineshop\/?post_type=product&#038;p=11468"},"modified":"2026-01-06T16:50:43","modified_gmt":"2026-01-06T15:50:43","slug":"pulse-m-bluesound-premium-hifi-multiroom-speaker-mit-bluos","status":"publish","type":"product","link":"https:\/\/spuehler-tv.ch\/onlineshop\/produkt\/pulse-m-bluesound-premium-hifi-multiroom-speaker-mit-bluos\/","title":{"rendered":"Pulse M (Bluesound) &#8211; Premium HiFi Multiroom Speaker mit BluOS"},"content":{"rendered":"<div class=\"product-detail-description-text\"><b>Musik im ganzen Haus<\/b><\/p>\n<div><\/div>\n<div>Der neue Bluesound Pulse M bringt Musik ins ganze Haus. Ob K\u00fcche, Schlafzimmer, G\u00e4ste- oder Kinderzimmer &#8211; der neue Pulse M begeistert mit einem raumf\u00fcllenden Klang. Denn der neue Bluesound Pulse M wurde f\u00fcr eine 360\u00b0 Abstrahlung entwickelt. Und er macht in jeder Ecke sowohl optisch als auch klanglich eine tolle Figur.<\/div>\n<div><\/div>\n<div><b>360\u00b0 Abstrahlung &amp; DSP Verst\u00e4rker mit 80 Watt<\/b><\/div>\n<div><\/div>\n<div>Nebst der rundstrahlenden Charakteristik der Lautsprecher-Treiber sorgt ein DSP-gesteuerter Verst\u00e4rker mit 80 Watt Leistung f\u00fcr Verf\u00e4rbungsfreiheit, Dynamik und Kontrolle, wie es in dieser Produkt-Kategorie aussergew\u00f6hnlich ist.<\/div>\n<div><\/div>\n<div><b>Wireless HiRes Multiroom<\/b><\/div>\n<div><\/div>\n<div>Ihr neuer Bluesound Pulse M funktioniert alleine oder im Verbund mit anderen Bluesound-f\u00e4higen Spielern. So l\u00e4sst er sich zu einem kompletten HiRes Multiroom-System f\u00fcr Musik im ganzen Haus ausbauen. Wie alle Bluesound-Spieler l\u00e4sst er sich ins WiFi einbinden oder via Netzwerk-Kabel anschliessen.<\/div>\n<div><\/div>\n<div><b>Einfache Steuerung<\/b><\/div>\n<div><\/div>\n<div>Ihre Lieblings-Musikstationen oder Playlists rufen Sie einfach \u00fcber das frei programmierbare Touch-Panel auf. Oder Sie steuern Ihren Bluesound Pulse M mit der optionalen Fernbedienung RC1.<\/div>\n<div><\/div>\n<div><b>Stereo und Subwoofer<\/b><\/div>\n<div><\/div>\n<div>Zwei Bluesound Pulse M lassen sich zu einem echten Stereo-Paar koppeln, auf Wunsch auch in Erg\u00e4nzung mit dem hauseigenen Subwoofer.<\/div>\n<div><\/div>\n<div><b>Bluesound Wireless Surround<\/b><\/div>\n<div><\/div>\n<div>Aber damit nicht genug. Mit ausgew\u00e4hlten Bluesound-Spielern l\u00e4sst sich ein komplettes HiRes Wireless Surround System realisieren. Zum Beispiel mit einem POWERNODE oder NAD M10 V2, um die Front-Lautsprecher zu bedienen und zwei Pulse M f\u00fcr die Rear-Channel (<a href=\"https:\/\/www.stereotec.ch\/heimkino-2.0\/bluesound-wireless-surround\/\" target=\"_self\" rel=\"noopener\">kompatible Produkte<\/a>).<\/div>\n<div><\/div>\n<div><b>Apple, Tidal, Spotify, Roon Welcome<\/b><\/div>\n<div><\/div>\n<div>Bluesound bietet eine eigene Steuerungs-Software, die uns seit Jahren mit ihrer Performance und Stabilit\u00e4t begeistert. Aber Bluesound ist auch offen f\u00fcr andere Steuerungs-Apps. So bietet Bluesound Airplay 2 f\u00fcr die Apple-Welt, Tidal Connect und Spotify Connect, damit Sie Ihr System auf Wunsch direkt aus der App des Streaming-Anbieters heraus steuern k\u00f6nnen. Und Bluesound ist dar\u00fcber hinaus auch voll kompatibel mit Roon.<\/div>\n<div><\/div>\n<div><b>Jetzt bestellen<\/b><\/div>\n<div><\/div>\n<div>Legen Sie los &#8211; und geniessen Sie Musik im ganzen Haus &#8211; mit dem ausgereiftesten HiRes Mulitroom-System Bluesound.<\/div>\n<div><\/div>\n<div><\/div>\n<div><b>Features<\/b><\/div>\n<div><\/div>\n<div>BluOS Streaming-Lautsprecher<\/div>\n<div>Smarter DSP-Verst\u00e4rker mit 80 Watt<\/div>\n<div>Rundstrahlende Anordnung der Lautsprecher-Treiber<\/div>\n<div>Optischer und analoger Eingang<\/div>\n<div>Stereo-Paar und Surround Gruppierung (Rear-Channel)<\/div>\n<div>Gruppierung mit Bluesound Subwoofer<\/div>\n<div>MQA und HiRes Musik-Streaming<\/div>\n<div>Airplay 2<\/div>\n<div>Zwei-Wege aptX HD Bluetooth<\/div>\n<div>Lernfunktion f\u00fcr Fernbedienungen<\/div>\n<div>Kopfh\u00f6rer-Ausgang (Kabel und Bluetooth)<\/div>\n<div>Optionale Wandhalterung und St\u00e4nder<\/div>\n<div>Masse BxHxT 171 x 204 x 149 mm<\/div>\n<div><\/div>\n<div><\/div>\n<div><b>\u00dcber Bluesound<\/b><\/div>\n<div><b>\u00a0<\/b><\/div>\n<div>Bluesound entwickelt audiophile Streaming-L\u00f6sungen f\u00fcr Musik-Liebhaber. Dabei steht beste Klangqualit\u00e4t, H\u00f6chstaufl\u00f6sung in HD, kombiniert mit der schnellsten und komfortabelsten Bedienung im Vordergrund. Bluesound ist eine Schwester-Firma von NAD und PSB.<\/div>\n<\/div>\n","protected":false},"excerpt":{"rendered":"<p>Premium Multiroom Lautsprecher mit BlueOS<\/p>\n","protected":false},"featured_media":11473,"comment_status":"open","ping_status":"closed","template":"","meta":[],"product_brand":[229],"product_cat":[20,54,130,133],"product_tag":[],"class_list":{"0":"post-11468","1":"product","2":"type-product","3":"status-publish","4":"has-post-thumbnail","6":"product_brand-bluesound","7":"product_cat-audio-geraete","8":"product_cat-multiroom","9":"product_cat-lautsprecher-hifi","10":"product_cat-aktiv-lautsprecher-hifi","12":"first","13":"instock","14":"taxable","15":"shipping-taxable","16":"purchasable","17":"product-type-variable","18":"has-default-attributes","19":"rtwpvg-product"},"_links":{"self":[{"href":"https:\/\/spuehler-tv.ch\/onlineshop\/wp-json\/wp\/v2\/product\/11468","targetHints":{"allow":["GET"]}}],"collection":[{"href":"https:\/\/spuehler-tv.ch\/onlineshop\/wp-json\/wp\/v2\/product"}],"about":[{"href":"https:\/\/spuehler-tv.ch\/onlineshop\/wp-json\/wp\/v2\/types\/product"}],"replies":[{"embeddable":true,"href":"https:\/\/spuehler-tv.ch\/onlineshop\/wp-json\/wp\/v2\/comments?post=11468"}],"wp:featuredmedia":[{"embeddable":true,"href":"https:\/\/spuehler-tv.ch\/onlineshop\/wp-json\/wp\/v2\/media\/11473"}],"wp:attachment":[{"href":"https:\/\/spuehler-tv.ch\/onlineshop\/wp-json\/wp\/v2\/media?parent=11468"}],"wp:term":[{"taxonomy":"product_brand","embeddable":true,"href":"https:\/\/spuehler-tv.ch\/onlineshop\/wp-json\/wp\/v2\/product_brand?post=11468"},{"taxonomy":"product_cat","embeddable":true,"href":"https:\/\/spuehler-tv.ch\/onlineshop\/wp-json\/wp\/v2\/product_cat?post=11468"},{"taxonomy":"product_tag","embeddable":true,"href":"https:\/\/spuehler-tv.ch\/onlineshop\/wp-json\/wp\/v2\/product_tag?post=11468"}],"curies":[{"name":"wp","href":"https:\/\/api.w.org\/{rel}","templated":true}]}}