{"id":11464,"date":"2025-12-23T15:05:22","date_gmt":"2025-12-23T14:05:22","guid":{"rendered":"https:\/\/spuehler-tv.ch\/onlineshop\/?post_type=product&#038;p=11464"},"modified":"2026-02-24T17:41:23","modified_gmt":"2026-02-24T16:41:23","slug":"abf10-01-speakbar-hoerhilfen-soundbar-fuer-senioren","status":"publish","type":"product","link":"https:\/\/spuehler-tv.ch\/onlineshop\/produkt\/abf10-01-speakbar-hoerhilfen-soundbar-fuer-senioren\/","title":{"rendered":"ABF10-01 (Speakbar) &#8211; H\u00f6rhilfen Soundbar f\u00fcr Senioren"},"content":{"rendered":"<div><span style=\"font-size: small;\"><span style=\"font-family: Arial;\"><strong>Klare Sprache im TV verstehen. Ohne andere zu st\u00f6ren.<br \/>\n<\/strong><br \/>\n<\/span><\/span><span style=\"font-family: Arial; font-size: small;\">\u00bbDie Dialoge sind zu leise, Musik und Action aber zu laut\u2026\u00ab. Kommt Dir bekannt vor? Willkommen im Club.<br \/>\nEntdecke eine ganz neuartige und innovative Soundbar, die Sprache im TV f\u00fcr Dich wieder klar verst\u00e4ndlich macht, ohne an der Lautst\u00e4rke drehen zu m\u00fcssen.<\/span><\/div>\n<p><span style=\"font-family: Arial;\"><iframe loading=\"lazy\" title=\"YouTube video player\" src=\"https:\/\/www.youtube.com\/embed\/xFH97AQ3sR0?si=O-kMxXumNuajJdTl\" width=\"560\" height=\"315\" frameborder=\"0\" allowfullscreen=\"allowfullscreen\" data-mce-fragment=\"1\"><\/iframe><\/span><\/p>\n<div><span style=\"font-family: Arial;\">\u00a0<\/span><\/div>\n<div><\/div>\n<blockquote><p><span style=\"font-size: small;\"><span style=\"font-family: Arial;\"><strong>Die SPEAKBAR ist unsere Antwort auf die Herausforderungen von abnehmendem H\u00f6rverm\u00f6gen im Laufe des Lebens.<\/strong><\/span><\/span><\/p>\n<p><em><strong>Viele Senioren, aber sicherlich auch viele Menschen ab 50+ kennen das Problem: \u00bbIch verstehe das gesprochene Wort im TV nicht mehr so gut wie fr\u00fcher. Also stelle ich mein TV lauter, denn ein H\u00f6rger\u00e4t ist nichts f\u00fcr mich \u2013 ich bin schliesslich nicht schwerh\u00f6rig\u00ab. Der Konflikt mit dem Umfeld ist bekannt, egal ob zuhause oder im Seniorenheim.<\/strong><\/em><\/p><\/blockquote>\n<div><span style=\"font-family: Arial; font-size: small;\">Mit ihrer bahnbrechenden Sound Focus Technologie wirkt die SPEAKBAR wie ein Lichtkegel, der die Schallwellen direkt und fokussiert auf den TV-Zuschauer oder eine Gruppe von Zuh\u00f6rern leitet. Diese pr\u00e4zise \u00dcbertragung von Klang sorgt f\u00fcr kristallklare T\u00f6ne wie bei einem Kopfh\u00f6rer. So kann man jedes gesprochene Wort besser verstehen, ohne den Fernseher lauter stellen zu m\u00fcssen. Und ohne andere Personen zu st\u00f6ren. Wir nennen es die Magie guten und gesunden H\u00f6rens.<\/span><\/div>\n<div>\n<p><span style=\"font-family: Arial; font-size: small;\"><strong>Dein Weg zu gutem und gesundem H\u00f6ren und Verstehen.<\/strong><\/span><\/p>\n<\/div>\n<div><\/div>\n<div><span style=\"font-family: Arial; font-size: small;\">Hauptziel der SPEAKBAR ist es, Menschen wieder Freude und Gesundheit durch klares H\u00f6ren zu schenken. Nachlassendes H\u00f6rverm\u00f6gen im Alter ist v\u00f6llig normal und f\u00fchrt leider immer weiter und weiter zu schleichendem H\u00f6rverlust.<br \/>\n<\/span><\/div>\n<div>\n<p><span style=\"font-family: Arial; font-size: small;\">Die SPEAKBAR kann helfen, diesem Prozess entgegen zu wirken, indem es die H\u00f6rnerven \u201etrainiert\u201c. Denn sie steigert die Klarheit von gesprochener Sprache im TV immens, ohne dabei auf wichtige Frequenzbereiche und somit Klang-Atmosph\u00e4re zu verzichten.<\/span><\/p>\n<p>Die SPEAKBAR bietet Dir viele individuelle M\u00f6glichkeiten, den Schall gezielt dorthin zu lenken, wo Du ihn h\u00f6ren m\u00f6chtest\u2026<br \/>\nGeniesse mit dieser neuartigen Soundbar ein exzellentes Spracherlebnis in jeder denkbaren Situation: Ob alleine, zu zweit, oder mit Family und jeder Menge Friends.<\/p>\n<\/div>\n<div>\n<div>\n<p><span style=\"font-size: small;\"><span style=\"font-family: Arial;\"><strong>H\u00f6rverlust ist ein nat\u00fcrlicher Prozess, der mit dem Alter eintritt.<\/strong><\/span><\/span><\/p>\n<p>Viele Menschen, vor allem \u00fcber 50-J\u00e4hrige mit Anzeichen eines verminderten H\u00f6rverm\u00f6gens, haben Probleme, wenn sie versuchen Dialoge oder Sprache von ihrem TV zu verstehen. Das Erh\u00f6hen der Lautst\u00e4rke des TVs kann andere st\u00f6ren und ist keine L\u00f6sung, da auch der St\u00f6rpegel im Raum immer lauter wird. Herk\u00f6mmliche Soundbars bieten nicht die fokussierte Klarheit, die f\u00fcr ein m\u00fcheloses Verstehen von Sprache erforderlich ist.<\/p>\n<\/div>\n<div><span style=\"font-family: Arial; font-size: small;\">Die SPEAKBAR schliesst genau hier die L\u00fccke und bietet ein emotionales und ganzheitliches H\u00f6rerlebnis. F\u00fcr Menschen ab 50+ ist es der Weg zu einem grossartigen und gesunden H\u00f6ren, und l\u00e4sst die Freude am Verstehen und an der Wahrnehmung von TV-Inhalten wieder aufleben.<\/span><\/div>\n<\/div>\n<div>\n<div><strong><strong><br \/>\n<a href=\"https:\/\/www.speakbar.com\/klare-sprache\/hoerbeispiel\" rel=\"noopener\"><span style=\"font-family: Arial; font-size: small;\">H\u00f6rbeispiel gef\u00e4llig?<\/span><\/a><\/strong><\/strong><span style=\"font-family: Arial; font-size: small;\">Intuitives Touchdisplay.<\/span><\/p>\n<\/div>\n<\/div>\n<div><\/div>\n<div><span style=\"font-family: Arial; font-size: small;\">In wenigen Schritten zu einer f\u00fcr Dich pers\u00f6nlich massgeschneiderten Klangeinstellung. Das Touchdisplay bietet Dir einen direkten und einfachen Einstieg in die wichtigsten Auswahlm\u00f6glichkeiten.<\/span><\/div>\n<ul>\n<li><span style=\"font-size: small;\"><span style=\"font-family: Arial;\"><strong>Virtuelles Headset<\/strong><br \/>\nDie Schallfunktion \u201eVirtuelles Headset\u201c richtet den Schall pr\u00e4zise auf einen von Dir vorher genau definierbaren akustisch schmalen Bereich im Raum, je nachdem wo Du gerade sitzen m\u00f6chtest. Du wirst ein Gef\u00fchl haben, als ob Du einen Kopfh\u00f6rer tragen w\u00fcrdest.<br \/>\nGedacht ist diese Schall-Funktion f\u00fcr einen einzelnen H\u00f6rer. Mit den sieben unterschiedlichen Presets l\u00e4sst sich die Schallrichtung horizontal pr\u00e4zise genau dorthin steuern, wo Du bist.<br \/>\n<\/span><\/span><\/li>\n<li><span style=\"font-size: small;\"><span style=\"font-family: Arial;\"><strong>Fokussierte Klangzone<br \/>\n<\/strong>Die Schallfunktion \u201eFokussierte Klangzone\u201c richtet den Schall pr\u00e4zise auf eine oder mehrere Schallzonen im Raum.<br \/>\nGedacht ist diese Schall-Funktion f\u00fcr mehrere H\u00f6rer. Mit drei unterschiedlichen Presets kannst Du die Richtung des Schalls horizontal pr\u00e4zise genau im Raum steuern.<br \/>\n<\/span><\/span><\/li>\n<li><span style=\"font-size: small;\"><span style=\"font-family: Arial;\"><strong>Akustische Arena<br \/>\n<\/strong>M\u00f6chtest Du den gesamten Raum vor dem TV akustisch ausleuchten, weil Du mit der Familie einen Film schauen m\u00f6chtest oder mit Freunden Sport?<br \/>\nDaf\u00fcr gibt es bei der SPEAKBAR die Schallfunktion Akustische Arena: F\u00fcr Spass und klangvolle Action mit family &amp; friends, ganz so als ob Du in einem Kino w\u00e4rst.<br \/>\n<\/span><\/span><\/li>\n<li><span style=\"font-size: small;\"><span style=\"font-family: Arial;\"><strong>Altersgerecht h\u00f6ren<br \/>\n<\/strong>Die Speakbar bietet die M\u00f6glichkeit, Deinem Geh\u00f6r entsprechend altersgerechte Frequenzkurven einzustellen.<br \/>\nDenn altersbedingter H\u00f6rverlust beginnt schleichend und anf\u00e4nglich unbemerkt. Das richtige H\u00f6ren wird durch Kompensationsmechanismen regelrecht verlernt. Um den damit verbundenen Risiken entgegenzuwirken.<\/span><\/span><\/li>\n<\/ul>\n","protected":false},"excerpt":{"rendered":"<p>DIE Soundbar f\u00fcr TV Ger\u00e4te. Erleben Sie Dialoge wie in Echt! Entwickelt als H\u00f6rhilfe.<\/p>\n","protected":false},"featured_media":11465,"comment_status":"open","ping_status":"closed","template":"","meta":[],"product_brand":[220],"product_cat":[20,57,135],"product_tag":[],"class_list":{"0":"post-11464","1":"product","2":"type-product","3":"status-publish","4":"has-post-thumbnail","6":"product_brand-speakbar","7":"product_cat-audio-geraete","8":"product_cat-kopfhoerer-hoerhilfen","9":"product_cat-soundbar","11":"first","12":"instock","13":"taxable","14":"shipping-taxable","15":"purchasable","16":"product-type-simple"},"_links":{"self":[{"href":"https:\/\/spuehler-tv.ch\/onlineshop\/wp-json\/wp\/v2\/product\/11464","targetHints":{"allow":["GET"]}}],"collection":[{"href":"https:\/\/spuehler-tv.ch\/onlineshop\/wp-json\/wp\/v2\/product"}],"about":[{"href":"https:\/\/spuehler-tv.ch\/onlineshop\/wp-json\/wp\/v2\/types\/product"}],"replies":[{"embeddable":true,"href":"https:\/\/spuehler-tv.ch\/onlineshop\/wp-json\/wp\/v2\/comments?post=11464"}],"wp:featuredmedia":[{"embeddable":true,"href":"https:\/\/spuehler-tv.ch\/onlineshop\/wp-json\/wp\/v2\/media\/11465"}],"wp:attachment":[{"href":"https:\/\/spuehler-tv.ch\/onlineshop\/wp-json\/wp\/v2\/media?parent=11464"}],"wp:term":[{"taxonomy":"product_brand","embeddable":true,"href":"https:\/\/spuehler-tv.ch\/onlineshop\/wp-json\/wp\/v2\/product_brand?post=11464"},{"taxonomy":"product_cat","embeddable":true,"href":"https:\/\/spuehler-tv.ch\/onlineshop\/wp-json\/wp\/v2\/product_cat?post=11464"},{"taxonomy":"product_tag","embeddable":true,"href":"https:\/\/spuehler-tv.ch\/onlineshop\/wp-json\/wp\/v2\/product_tag?post=11464"}],"curies":[{"name":"wp","href":"https:\/\/api.w.org\/{rel}","templated":true}]}}