{"id":11137,"date":"2025-07-01T10:42:34","date_gmt":"2025-07-01T09:42:34","guid":{"rendered":"https:\/\/spuehler-tv.ch\/onlineshop\/?post_type=product&#038;p=11137"},"modified":"2026-01-06T14:12:58","modified_gmt":"2026-01-06T13:12:58","slug":"24mpe7000z-metz-blue-tragbarer-tv-mit-akku-camping","status":"publish","type":"product","link":"https:\/\/spuehler-tv.ch\/onlineshop\/produkt\/24mpe7000z-metz-blue-tragbarer-tv-mit-akku-camping\/","title":{"rendered":"24MPE7000Z (Metz Blue) &#8211; Tragbarer TV mit Akku (Camping)"},"content":{"rendered":"<div class=\"product-detail_header visible-md-block visible-lg-block\">\n<h2 class=\"product-detail_headline\"><span style=\"font-size: 16px;\">Der MPE7000 ist ein tragbarer Smart TV mit integriertem Akku. Dank leichter und kompakter Bauform und einer edlen Trageschlaufe aus Echtleder kann der Fernseher bequem \u00fcberallhin mitgenommen werden und bietet mit einer Akkulaufzeit von rund 3 Stunden echten Filmgenuss unterwegs. Die nach vorne gerichtete Lautsprecherleiste liefert dabei ansprechenden Sound. Als Google TV bietet der tragbare 24-Zoll TV an jedem Hotspot HD-Streaming \u00fcber WLAN. Auch f\u00fcr lineares Fernsehen ist er \u00fcber den integrierten Triple Tuner mit Timeshift \u00fcber USB optimal ger\u00fcstet.<\/span><\/h2>\n<\/div>\n","protected":false},"excerpt":{"rendered":"<p>Der MPE7000 ist ein tragbarer Smart TV mit integriertem Akku. Dank leichter und kompakter Bauform und einer edlen Trageschlaufe aus Echtleder kann der Fernseher bequem \u00fcberallhin mitgenommen werden und bietet mit einer Akkulaufzeit von rund 3 Stunden echten Filmgenuss unterwegs. Die nach vorne gerichtete Lautsprecherleiste liefert dabei ansprechenden Sound. Als Google TV bietet der tragbare [&hellip;]<\/p>\n","protected":false},"featured_media":11141,"comment_status":"open","ping_status":"closed","template":"","meta":[],"product_brand":[205],"product_cat":[19,23],"product_tag":[],"class_list":{"0":"post-11137","1":"product","2":"type-product","3":"status-publish","4":"has-post-thumbnail","6":"product_brand-metz-blue","7":"product_cat-tv-geraete","8":"product_cat-led-tv-32-81cm","10":"first","11":"instock","12":"taxable","13":"shipping-taxable","14":"purchasable","15":"product-type-variable","16":"has-default-attributes","17":"rtwpvg-product"},"_links":{"self":[{"href":"https:\/\/spuehler-tv.ch\/onlineshop\/wp-json\/wp\/v2\/product\/11137","targetHints":{"allow":["GET"]}}],"collection":[{"href":"https:\/\/spuehler-tv.ch\/onlineshop\/wp-json\/wp\/v2\/product"}],"about":[{"href":"https:\/\/spuehler-tv.ch\/onlineshop\/wp-json\/wp\/v2\/types\/product"}],"replies":[{"embeddable":true,"href":"https:\/\/spuehler-tv.ch\/onlineshop\/wp-json\/wp\/v2\/comments?post=11137"}],"wp:featuredmedia":[{"embeddable":true,"href":"https:\/\/spuehler-tv.ch\/onlineshop\/wp-json\/wp\/v2\/media\/11141"}],"wp:attachment":[{"href":"https:\/\/spuehler-tv.ch\/onlineshop\/wp-json\/wp\/v2\/media?parent=11137"}],"wp:term":[{"taxonomy":"product_brand","embeddable":true,"href":"https:\/\/spuehler-tv.ch\/onlineshop\/wp-json\/wp\/v2\/product_brand?post=11137"},{"taxonomy":"product_cat","embeddable":true,"href":"https:\/\/spuehler-tv.ch\/onlineshop\/wp-json\/wp\/v2\/product_cat?post=11137"},{"taxonomy":"product_tag","embeddable":true,"href":"https:\/\/spuehler-tv.ch\/onlineshop\/wp-json\/wp\/v2\/product_tag?post=11137"}],"curies":[{"name":"wp","href":"https:\/\/api.w.org\/{rel}","templated":true}]}}