{"id":10506,"date":"2024-10-17T14:28:12","date_gmt":"2024-10-17T13:28:12","guid":{"rendered":"https:\/\/spuehler-tv.ch\/onlineshop\/?post_type=product&#038;p=10506"},"modified":"2026-01-27T09:21:36","modified_gmt":"2026-01-27T08:21:36","slug":"aurus-42fa63oledtwin-metz-107cm-uhd-oled-tv-made-in-germany","status":"publish","type":"product","link":"https:\/\/spuehler-tv.ch\/onlineshop\/produkt\/aurus-42fa63oledtwin-metz-107cm-uhd-oled-tv-made-in-germany\/","title":{"rendered":"Aurus 42FA63OLEDtwin (METZ) &#8211; 107cm UHD OLED TV &#8211; Made in Germany!"},"content":{"rendered":"<p><span style=\"font-size: small;\"><span style=\"font-family: Arial;\"><strong>Faszination trifft auf Charakter.<\/strong><\/span><\/span><span style=\"font-size: small;\"><span style=\"font-family: Arial;\"><br \/>\n<\/span><span style=\"font-family: Arial;\"><strong>Fernsehgenuss\u00a0&#8211; beispielhaft anders.<br \/>\n<\/strong><br \/>\nTV-Qualit\u00e4t \u201emade in Germany\u201c trifft auf ausgekl\u00fcgelte Technik: Die UHD-Aufl\u00f6sung zusammen mit der ausgereiften MetzVision-Bildtechnologie und 33 Millionen einzeln ansteuerbarer OLED-Subpixel erwecken Bilder auf \u00fcberw\u00e4ltigende Weise zum Leben und sorgen f\u00fcr realit\u00e4tsnahe Detailtreue. Modernste HDR-Standards heben das Seherlebnis auf ein nie dagewesenes Level und liefern eine brillante Farbdarstellung und beeindruckende Kontraste. Das kr\u00e4ftige Soundsystem mit MetzSoundPro-Technologie, das mit sechs nach vorne abstrahlenden Lautsprechern in Zwei-Wege-Bauweise und Bassreflex-Kanal klanglich begeistert, verbirgt sich hinter einem edlen Akustikvlies. Ein beachtlicher Funktionsumfang garantiert grenzenlosen TV-Genuss: Der AURUS OLED-TV ist mit dem unverwechselbaren Metz-Twin-Tuner-Konzept ausgestattet. Zahlreiche Anschlussm\u00f6glichkeiten machen ihn zu einem vielseitigen Partner in Ihrem Home-Entertainment-Setup.<\/span><\/span><\/p>\n<p><iframe loading=\"lazy\" title=\"Metz AURUS OLED-TV: Faszination trifft auf Charakter.\" width=\"980\" height=\"551\" src=\"https:\/\/www.youtube.com\/embed\/TevhrjMhCMc?feature=oembed\" frameborder=\"0\" allow=\"accelerometer; autoplay; clipboard-write; encrypted-media; gyroscope; picture-in-picture; web-share\" referrerpolicy=\"strict-origin-when-cross-origin\" allowfullscreen><\/iframe><\/p>\n","protected":false},"excerpt":{"rendered":"<p><span style=\"font-size: small;\"><span style=\"font-family: Arial;\"><strong>107 cm UHD OLED-Fernseher<\/strong><\/span><\/span><\/p>\n<p>DVB-C\/T2\/S2-Doppel-Tuner, 2 CI+ Sch\u00e4chte, Media-System mit HbbTV und Netzwerkfunktion, EPG, USB-Recording, MetzSoundPro mit 60 Watt, 4 HDMI.<\/p>\n","protected":false},"featured_media":10512,"comment_status":"open","ping_status":"closed","template":"","meta":[],"product_brand":[204],"product_cat":[19,84],"product_tag":[],"class_list":{"0":"post-10506","1":"product","2":"type-product","3":"status-publish","4":"has-post-thumbnail","6":"product_brand-metz-classic","7":"product_cat-tv-geraete","8":"product_cat-oled-tv-42-107cm","9":"product_shipping_class-lieferung-basic-tv","11":"first","12":"onbackorder","13":"taxable","14":"shipping-taxable","15":"purchasable","16":"product-type-simple"},"_links":{"self":[{"href":"https:\/\/spuehler-tv.ch\/onlineshop\/wp-json\/wp\/v2\/product\/10506","targetHints":{"allow":["GET"]}}],"collection":[{"href":"https:\/\/spuehler-tv.ch\/onlineshop\/wp-json\/wp\/v2\/product"}],"about":[{"href":"https:\/\/spuehler-tv.ch\/onlineshop\/wp-json\/wp\/v2\/types\/product"}],"replies":[{"embeddable":true,"href":"https:\/\/spuehler-tv.ch\/onlineshop\/wp-json\/wp\/v2\/comments?post=10506"}],"wp:featuredmedia":[{"embeddable":true,"href":"https:\/\/spuehler-tv.ch\/onlineshop\/wp-json\/wp\/v2\/media\/10512"}],"wp:attachment":[{"href":"https:\/\/spuehler-tv.ch\/onlineshop\/wp-json\/wp\/v2\/media?parent=10506"}],"wp:term":[{"taxonomy":"product_brand","embeddable":true,"href":"https:\/\/spuehler-tv.ch\/onlineshop\/wp-json\/wp\/v2\/product_brand?post=10506"},{"taxonomy":"product_cat","embeddable":true,"href":"https:\/\/spuehler-tv.ch\/onlineshop\/wp-json\/wp\/v2\/product_cat?post=10506"},{"taxonomy":"product_tag","embeddable":true,"href":"https:\/\/spuehler-tv.ch\/onlineshop\/wp-json\/wp\/v2\/product_tag?post=10506"}],"curies":[{"name":"wp","href":"https:\/\/api.w.org\/{rel}","templated":true}]}}