{"id":10485,"date":"2024-10-07T14:29:24","date_gmt":"2024-10-07T13:29:24","guid":{"rendered":"https:\/\/spuehler-tv.ch\/onlineshop\/?post_type=product&#038;p=10485"},"modified":"2026-01-06T14:18:47","modified_gmt":"2026-01-06T13:18:47","slug":"cvr-200-block-blu-ray-internet-receiver","status":"publish","type":"product","link":"https:\/\/spuehler-tv.ch\/onlineshop\/produkt\/cvr-200-block-blu-ray-internet-receiver\/","title":{"rendered":"CVR-200+ MKII (Block) &#8211; Blu-ray Internet-Receiver"},"content":{"rendered":"<div>\n<p>Das CVR-200-Modell ist eine Hommage an modernes Design und technische Raffinesse. Mit seiner gl\u00e4nzenden Chromoptik und der edlen Farbgebung f\u00fcgt es sich nahtlos in jede Umgebung ein und setzt stilvolle Akzente. Diese Sonderausgabe ist mehr als nur ein Receiver \u2013 sie ist ein Statement f\u00fcr anspruchsvolle \u00c4sthetik und erstklassige Klangqualit\u00e4t.<\/p>\n<div><\/div>\n<div>&#8211; Blu-ray-Player<\/div>\n<div>&#8211; DVD-Player<\/div>\n<div>&#8211; DTS (Digital Theater System)<\/div>\n<div>&#8211; HDMI-Anschluss (1.4)<\/div>\n<div>&#8211; jetzt auch Bluetooth-Kopfh\u00f6rer koppelbar!<\/div>\n<div><\/div>\n<div>Zudem verf\u00fcgt der CVR-200 mit \u00fcppigen 2x 100 Watt (RMS @4 Ohm) \u00fcber noch mehr Power im Verst\u00e4rkerbereich!<\/div>\n<div><\/div>\n<div>Selbstverst\u00e4ndlich hat das neue Premium-Ger\u00e4t auch die vom CVR-200 und CVR-10 her bekannten Funktionen:<\/div>\n<div><\/div>\n<div>&#8211; CD-Player<\/div>\n<div>&#8211; Spotify Connect\u00ae ready<\/div>\n<div>&#8211; USB-Mediaplayer<\/div>\n<div>&#8211; Digitales Farbdisplay mit Coveranzeige<\/div>\n<div>&#8211; Integrierter Bluetooth-Receiver<\/div>\n<div>&#8211; Komplett \u00fcber die APP &#8220;UNDOK\u00ae&#8221; steuerbar<\/div>\n<div>&#8211; Lernfunktion f\u00fcr Fremdfernbedienungen<\/div>\n<div>&#8211; Schlummer-Funktion<\/div>\n<div>&#8211; Dimmbares Display<\/div>\n<\/div>\n","protected":false},"excerpt":{"rendered":"<div class=\"product-detail-description-text\">\n<div>Blu-ray Internet-Receiver mit 2x 100 Watt reiner Musikleistung. Streaming und Video in einem Ger\u00e4t, dass kann nur der CVR-200.<\/div>\n<div>\n<ul>\n<li>Blu-ray CD &amp; DVD Laufwerk<\/li>\n<li>2x 100 Watt Leistung<\/li>\n<li>Farbdisplay<\/li>\n<li>Spotify &amp; Deezer<\/li>\n<li>Bluetooth<\/li>\n<li>UKW | DAB+ | Internetradio<\/li>\n<li>vergoldete Lautsprecheranschl\u00fcsse<\/li>\n<\/ul>\n<\/div>\n<\/div>\n<div class=\"product-detail-delivery-information\">\n<div class=\"product-delivery-information\">\n<p class=\"delivery-information delivery-shipping-free\">\u00a0Versandkostenfrei<\/p>\n<\/div>\n<\/div>\n","protected":false},"featured_media":10492,"comment_status":"open","ping_status":"closed","template":"","meta":[],"product_brand":[206],"product_cat":[53,20,79,141,31,32],"product_tag":[],"class_list":{"0":"post-10485","1":"product","2":"type-product","3":"status-publish","4":"has-post-thumbnail","6":"product_brand-block-audio","7":"product_cat-hifi-komponenten","8":"product_cat-audio-geraete","9":"product_cat-av-receiver","10":"product_cat-multimedia-geraete-peripherie","11":"product_cat-abspielgeraete-recorder","12":"product_cat-bluray-player","13":"product_shipping_class-lieferung-basic-audio","15":"first","16":"onbackorder","17":"taxable","18":"shipping-taxable","19":"purchasable","20":"product-type-variable","21":"has-default-attributes","22":"rtwpvg-product"},"_links":{"self":[{"href":"https:\/\/spuehler-tv.ch\/onlineshop\/wp-json\/wp\/v2\/product\/10485","targetHints":{"allow":["GET"]}}],"collection":[{"href":"https:\/\/spuehler-tv.ch\/onlineshop\/wp-json\/wp\/v2\/product"}],"about":[{"href":"https:\/\/spuehler-tv.ch\/onlineshop\/wp-json\/wp\/v2\/types\/product"}],"replies":[{"embeddable":true,"href":"https:\/\/spuehler-tv.ch\/onlineshop\/wp-json\/wp\/v2\/comments?post=10485"}],"wp:featuredmedia":[{"embeddable":true,"href":"https:\/\/spuehler-tv.ch\/onlineshop\/wp-json\/wp\/v2\/media\/10492"}],"wp:attachment":[{"href":"https:\/\/spuehler-tv.ch\/onlineshop\/wp-json\/wp\/v2\/media?parent=10485"}],"wp:term":[{"taxonomy":"product_brand","embeddable":true,"href":"https:\/\/spuehler-tv.ch\/onlineshop\/wp-json\/wp\/v2\/product_brand?post=10485"},{"taxonomy":"product_cat","embeddable":true,"href":"https:\/\/spuehler-tv.ch\/onlineshop\/wp-json\/wp\/v2\/product_cat?post=10485"},{"taxonomy":"product_tag","embeddable":true,"href":"https:\/\/spuehler-tv.ch\/onlineshop\/wp-json\/wp\/v2\/product_tag?post=10485"}],"curies":[{"name":"wp","href":"https:\/\/api.w.org\/{rel}","templated":true}]}}