{"id":10479,"date":"2024-10-07T14:19:37","date_gmt":"2024-10-07T13:19:37","guid":{"rendered":"https:\/\/spuehler-tv.ch\/onlineshop\/?post_type=product&#038;p=10479"},"modified":"2026-01-06T14:18:47","modified_gmt":"2026-01-06T13:18:47","slug":"c-120-block-hifi-cd-player","status":"publish","type":"product","link":"https:\/\/spuehler-tv.ch\/onlineshop\/produkt\/c-120-block-hifi-cd-player\/","title":{"rendered":"C-120 (Block) &#8211; HiFi CD-Player"},"content":{"rendered":"<h2>So stilvoll kann echtes Hifi sein!<\/h2>\n<p>Der aus einem Vollaluminiumgeh\u00e4use gefertigte C-120 verf\u00fcgt \u00fcber die neueste Technologie und l\u00e4sst sich zusammen mit dem Receiver VR-120 durch den Control-Data Anschluss \u00fcber die UNDOK-App bedienen. Durch die optional erh\u00e4ltliche Fernbedienung k\u00f6nnen Sie ganz bequem von dem Sofa aus ihren C-120 steuern. Verbinden Sie das Ger\u00e4t per XLR-Anschluss mit ihrem Verst\u00e4rker, um die bestm\u00f6gliche Klangqualit\u00e4t sicher zu stellen. Somit steht einem romantischen Abend mit ihrer Lieblings-CD nichts mehr im Weg<\/p>\n<ul>\n<li>CD | CD-R \/ CD-RW | MP3<\/li>\n<li>1 x Stereo Ausgang (Cinch)<\/li>\n<li>1 x Stereo Ausgang Balance XLR<\/li>\n<li>1x Optischer Ausgang<\/li>\n<li>1 x Koaxialer Ausgang<\/li>\n<li>1x Control data Eingang<\/li>\n<\/ul>\n","protected":false},"excerpt":{"rendered":"<p>Der C-120 ist ein echter Hifi CD-Player. Mit seinem XLR Anschluss, l\u00e4sst er sich problemlos an den Receiver anschlie\u00dfen und so auch bedienen.<\/p>\n<ul>\n<li>CD | CD-R \/ CD-RW | MP3<\/li>\n<li>1 x Stereo Ausgang (Cinch)<\/li>\n<li>1 x Stereo Ausgang Balance XLR<\/li>\n<li>1x Optischer Ausgang<\/li>\n<li>1 x Koaxialer Ausgang<\/li>\n<li>1x Control data Eingang<\/li>\n<\/ul>\n","protected":false},"featured_media":10482,"comment_status":"open","ping_status":"closed","template":"","meta":[],"product_brand":[206],"product_cat":[53,20],"product_tag":[],"class_list":{"0":"post-10479","1":"product","2":"type-product","3":"status-publish","4":"has-post-thumbnail","6":"product_brand-block-audio","7":"product_cat-hifi-komponenten","8":"product_cat-audio-geraete","9":"product_shipping_class-lieferung-basic-audio","11":"first","12":"onbackorder","13":"taxable","14":"shipping-taxable","15":"purchasable","16":"product-type-variable","17":"has-default-attributes","18":"rtwpvg-product"},"_links":{"self":[{"href":"https:\/\/spuehler-tv.ch\/onlineshop\/wp-json\/wp\/v2\/product\/10479","targetHints":{"allow":["GET"]}}],"collection":[{"href":"https:\/\/spuehler-tv.ch\/onlineshop\/wp-json\/wp\/v2\/product"}],"about":[{"href":"https:\/\/spuehler-tv.ch\/onlineshop\/wp-json\/wp\/v2\/types\/product"}],"replies":[{"embeddable":true,"href":"https:\/\/spuehler-tv.ch\/onlineshop\/wp-json\/wp\/v2\/comments?post=10479"}],"wp:featuredmedia":[{"embeddable":true,"href":"https:\/\/spuehler-tv.ch\/onlineshop\/wp-json\/wp\/v2\/media\/10482"}],"wp:attachment":[{"href":"https:\/\/spuehler-tv.ch\/onlineshop\/wp-json\/wp\/v2\/media?parent=10479"}],"wp:term":[{"taxonomy":"product_brand","embeddable":true,"href":"https:\/\/spuehler-tv.ch\/onlineshop\/wp-json\/wp\/v2\/product_brand?post=10479"},{"taxonomy":"product_cat","embeddable":true,"href":"https:\/\/spuehler-tv.ch\/onlineshop\/wp-json\/wp\/v2\/product_cat?post=10479"},{"taxonomy":"product_tag","embeddable":true,"href":"https:\/\/spuehler-tv.ch\/onlineshop\/wp-json\/wp\/v2\/product_tag?post=10479"}],"curies":[{"name":"wp","href":"https:\/\/api.w.org\/{rel}","templated":true}]}}