{"id":10433,"date":"2024-09-17T15:39:53","date_gmt":"2024-09-17T14:39:53","guid":{"rendered":"https:\/\/spuehler-tv.ch\/onlineshop\/?post_type=product&#038;p=10433"},"modified":"2026-01-06T16:40:47","modified_gmt":"2026-01-06T15:40:47","slug":"dab1mini-kathrein-dab-radio-im-mini-format","status":"publish","type":"product","link":"https:\/\/spuehler-tv.ch\/onlineshop\/produkt\/dab1mini-kathrein-dab-radio-im-mini-format\/","title":{"rendered":"DAB+1mini (Kathrein) &#8211; DAB+ Radio im Mini-Format"},"content":{"rendered":"<p><iframe loading=\"lazy\" title=\"DAB+ 1 mini von Kathrein | kleines, klangstarkes FM-\/DAB+-Radio mit integriertem Akku und Bluetooth\" width=\"980\" height=\"551\" src=\"https:\/\/www.youtube.com\/embed\/h0TD1XN26L4?feature=oembed\" frameborder=\"0\" allow=\"accelerometer; autoplay; clipboard-write; encrypted-media; gyroscope; picture-in-picture; web-share\" referrerpolicy=\"strict-origin-when-cross-origin\" allowfullscreen><\/iframe><\/p>\n","protected":false},"excerpt":{"rendered":"<ul>\n<li><span style=\"font-family: Arial;\">DAB+\/UKW-Radio in kompakt-klassischer Form<\/span><\/li>\n<li><span style=\"font-family: Arial;\">Gut lesbares OLED-Display<\/span><\/li>\n<li><span style=\"font-family: Arial;\">Integriertes Bluetooth f\u00fcr drahtloses Audio-Streaming<\/span><\/li>\n<li><span style=\"font-family: Arial;\">Akustisch abgestimmtes Holzgeh\u00e4use mit passivem Lautsprecher<\/span><\/li>\n<li><span style=\"font-family: Arial;\">AUX-Eingang f\u00fcr die Wiedergabe eigener Musik<\/span><\/li>\n<li><span style=\"font-family: Arial;\">Integrierter Lithium-Akku f\u00fcr die stromunabh\u00e4ngige Wiedergabe des gew\u00fcnschten Radiosenders\/Musik<\/span><\/li>\n<li><span style=\"font-family: Arial;\">LED-Anzeige f\u00fcr Akku-Ladezustand und Bluetooth-Verbindung<\/span><\/li>\n<li><span style=\"font-family: Arial;\">Externe Wurfantenne und Micro-USB-Ladekabel im Lieferumfang enthalten<\/span><\/li>\n<\/ul>\n","protected":false},"featured_media":10440,"comment_status":"open","ping_status":"closed","template":"","meta":[],"product_brand":[222],"product_cat":[174,52],"product_tag":[],"class_list":{"0":"post-10433","1":"product","2":"type-product","3":"status-publish","4":"has-post-thumbnail","6":"product_brand-kathrein","7":"product_cat-portabel-audio","8":"product_cat-audio-portabel","9":"product_shipping_class-lieferung-basic-audio","11":"first","12":"instock","13":"taxable","14":"shipping-taxable","15":"purchasable","16":"product-type-variable","17":"has-default-attributes","18":"rtwpvg-product"},"_links":{"self":[{"href":"https:\/\/spuehler-tv.ch\/onlineshop\/wp-json\/wp\/v2\/product\/10433","targetHints":{"allow":["GET"]}}],"collection":[{"href":"https:\/\/spuehler-tv.ch\/onlineshop\/wp-json\/wp\/v2\/product"}],"about":[{"href":"https:\/\/spuehler-tv.ch\/onlineshop\/wp-json\/wp\/v2\/types\/product"}],"replies":[{"embeddable":true,"href":"https:\/\/spuehler-tv.ch\/onlineshop\/wp-json\/wp\/v2\/comments?post=10433"}],"wp:featuredmedia":[{"embeddable":true,"href":"https:\/\/spuehler-tv.ch\/onlineshop\/wp-json\/wp\/v2\/media\/10440"}],"wp:attachment":[{"href":"https:\/\/spuehler-tv.ch\/onlineshop\/wp-json\/wp\/v2\/media?parent=10433"}],"wp:term":[{"taxonomy":"product_brand","embeddable":true,"href":"https:\/\/spuehler-tv.ch\/onlineshop\/wp-json\/wp\/v2\/product_brand?post=10433"},{"taxonomy":"product_cat","embeddable":true,"href":"https:\/\/spuehler-tv.ch\/onlineshop\/wp-json\/wp\/v2\/product_cat?post=10433"},{"taxonomy":"product_tag","embeddable":true,"href":"https:\/\/spuehler-tv.ch\/onlineshop\/wp-json\/wp\/v2\/product_tag?post=10433"}],"curies":[{"name":"wp","href":"https:\/\/api.w.org\/{rel}","templated":true}]}}