{"id":10424,"date":"2024-09-10T09:42:16","date_gmt":"2024-09-10T08:42:16","guid":{"rendered":"https:\/\/spuehler-tv.ch\/onlineshop\/?post_type=product&#038;p=10424"},"modified":"2026-01-06T15:20:01","modified_gmt":"2026-01-06T14:20:01","slug":"a561-noxon-dab-internetradio-bluetooth-tuner-wlan","status":"publish","type":"product","link":"https:\/\/spuehler-tv.ch\/onlineshop\/produkt\/a561-noxon-dab-internetradio-bluetooth-tuner-wlan\/","title":{"rendered":"A561 (Noxon) &#8211; DAB+ \/ Internetradio \/ Bluetooth Tuner \/ WLAN"},"content":{"rendered":"<h2 class=\"ProductDescription-Title\">Noxon Radio-Tuner A561 Schwarz<\/h2>\n<h3 class=\"ProductDescription-Subtitle\">Digitalradio DAB+<\/h3>\n<div class=\"ProductDescription-BulletPoints\">\n<ul class=\"cds-List cds-List--Bulleted\">\n<li>Mit DAB+; FM; Internetradio<\/li>\n<li>40 Favoritensender<\/li>\n<li>Cinch R\/L Audio Out, SPDIF Optical Out, Coaxial Out, 3.5 mm Kopfh\u00f6reranschluss<\/li>\n<li>App-Fernsteuerung Undok von Radio und Audio-Streaming<\/li>\n<li>Bluetooth und USB 2.0 Anschluss f\u00fcr MP3 Musikwiedergabe<\/li>\n<li>2.4 Zoll Farb TFT-Display<\/li>\n<\/ul>\n<\/div>\n<p class=\"ProductDescription-Lead\">Modernisieren Sie Ihre Hi-Fi-Anlage mit dem Noxon A 561 und entdecken Sie die grenzenlose Welt der digitalen Radiotechnologie. Egal, ob Sie sich von Ihrem Lieblings-Internetradio begeistern lassen m\u00f6chten oder kabellos \u00fcber Bluetooth streamen wollen dieses vielseitige Ger\u00e4t bietet Ihnen ein unvergleichliches Musikerlebnis. Das A 561 punktet mit einer bequemen Handhabung dank des intuitiven Drehreglers und der neu designten, ergonomischen Fernbedienung. Dar\u00fcber hinaus bietet es eine breite Palette von Anschlussm\u00f6glichkeiten, darunter Cinch R\/L Audio Out, SPDIF Optical Out, Coaxial Out und einen 3.5-mm-Kopfh\u00f6reranschluss. Der USB-Anschluss an der Vorderseite unterst\u00fctzt das Abspielen von MP3-Musik. G\u00f6nnen Sie sich mit dem Noxon A 561 ein modernes und komfortables Musikerlebnis.<\/p>\n<div class=\"ProductDescription-Paragraph\">\n<h4 class=\"ProductDescription-ParagraphTitle\">Einfache Bedienung<\/h4>\n<p>Ein Drehregler erm\u00f6glicht die einfache Lautst\u00e4rkeregelung und Men\u00fcf\u00fchrung an der Ger\u00e4tefront. Die neu gestaltete Fernbedienung liegt ergonomisch gut in der Hand.<\/p>\n<\/div>\n<div class=\"ProductDescription-Paragraph\">\n<h4 class=\"ProductDescription-ParagraphTitle\">Umfangreiche Konnektivit\u00e4t<\/h4>\n<p>Neben WLAN verf\u00fcgt der A 561 \u00fcber zahlreiche Ein- und Ausg\u00e4nge, darunter Cinch R\/L Audio Out, SPDIF Optical Out, Coaxial Out und einen 3.5 mm Kopfh\u00f6reranschluss. Der USB-Anschluss befindet sich an der Vorderseite des Ger\u00e4ts und unterst\u00fctzt die Wiedergabe von MP3-Musik.<\/p>\n<\/div>\n","protected":false},"excerpt":{"rendered":"<p>Noxon Radio-Tuner A561 Schwarz Digitalradio DAB+ Mit DAB+; FM; Internetradio 40 Favoritensender Cinch R\/L Audio Out, SPDIF Optical Out, Coaxial Out, 3.5 mm Kopfh\u00f6reranschluss App-Fernsteuerung Undok von Radio und Audio-Streaming Bluetooth und USB 2.0 Anschluss f\u00fcr MP3 Musikwiedergabe 2.4 Zoll Farb TFT-Display Modernisieren Sie Ihre Hi-Fi-Anlage mit dem Noxon A 561 und entdecken Sie die [&hellip;]<\/p>\n","protected":false},"featured_media":10427,"comment_status":"open","ping_status":"closed","template":"","meta":[],"product_brand":[219],"product_cat":[60,53],"product_tag":[],"class_list":{"0":"post-10424","1":"product","2":"type-product","3":"status-publish","4":"has-post-thumbnail","6":"product_brand-noxon","7":"product_cat-adapter","8":"product_cat-hifi-komponenten","9":"product_shipping_class-lieferung-basic-audio","11":"first","12":"onbackorder","13":"taxable","14":"shipping-taxable","15":"purchasable","16":"product-type-simple"},"_links":{"self":[{"href":"https:\/\/spuehler-tv.ch\/onlineshop\/wp-json\/wp\/v2\/product\/10424","targetHints":{"allow":["GET"]}}],"collection":[{"href":"https:\/\/spuehler-tv.ch\/onlineshop\/wp-json\/wp\/v2\/product"}],"about":[{"href":"https:\/\/spuehler-tv.ch\/onlineshop\/wp-json\/wp\/v2\/types\/product"}],"replies":[{"embeddable":true,"href":"https:\/\/spuehler-tv.ch\/onlineshop\/wp-json\/wp\/v2\/comments?post=10424"}],"wp:featuredmedia":[{"embeddable":true,"href":"https:\/\/spuehler-tv.ch\/onlineshop\/wp-json\/wp\/v2\/media\/10427"}],"wp:attachment":[{"href":"https:\/\/spuehler-tv.ch\/onlineshop\/wp-json\/wp\/v2\/media?parent=10424"}],"wp:term":[{"taxonomy":"product_brand","embeddable":true,"href":"https:\/\/spuehler-tv.ch\/onlineshop\/wp-json\/wp\/v2\/product_brand?post=10424"},{"taxonomy":"product_cat","embeddable":true,"href":"https:\/\/spuehler-tv.ch\/onlineshop\/wp-json\/wp\/v2\/product_cat?post=10424"},{"taxonomy":"product_tag","embeddable":true,"href":"https:\/\/spuehler-tv.ch\/onlineshop\/wp-json\/wp\/v2\/product_tag?post=10424"}],"curies":[{"name":"wp","href":"https:\/\/api.w.org\/{rel}","templated":true}]}}