{"id":10279,"date":"2024-08-15T08:31:39","date_gmt":"2024-08-15T07:31:39","guid":{"rendered":"https:\/\/spuehler-tv.ch\/onlineshop\/?post_type=product&#038;p=10279"},"modified":"2026-01-06T14:47:09","modified_gmt":"2026-01-06T13:47:09","slug":"evo-one-cambridge-audio-hifi-all-in-one-streamer","status":"publish","type":"product","link":"https:\/\/spuehler-tv.ch\/onlineshop\/produkt\/evo-one-cambridge-audio-hifi-all-in-one-streamer\/","title":{"rendered":"EVO ONE (Cambridge Audio) &#8211; HiFi All-In One Streamer"},"content":{"rendered":"<h2 class=\"text-align-center\"><strong>Entdecken Sie den Evo One<\/strong><\/h2>\n<p class=\"text-align-center\">Erwecken Sie Ihre Musik mit dem Evo One auf ganz neue Weise zum Leben.<\/p>\n<p class=\"text-align-center\">Unser mit Pr\u00e4zision entwickelter kabelloser Premium-Lautsprecher liefert raumf\u00fcllenden Klang aus einer zentralen Quelle und erf\u00fcllt Ihren Wohnraum mit unvergleichlichem Sound.<\/p>\n<p><iframe loading=\"lazy\" title=\"EvoOne_Web_45s_9x16\" src=\"https:\/\/player.vimeo.com\/video\/997710157?dnt=1&amp;app_id=122963\" width=\"563\" height=\"1000\" frameborder=\"0\" allow=\"autoplay; fullscreen; picture-in-picture; clipboard-write; encrypted-media; web-share\" referrerpolicy=\"strict-origin-when-cross-origin\"><\/iframe><\/p>\n<h2><strong>F\u00fcr Musik, die Ihr Zuhause definiert<\/strong><\/h2>\n<p>Der Evo One wurde entwickelt, um Ihr H\u00f6rerlebnis zu Hause zu veredeln. Mit seiner hochmodernen Technologie und seinem unglaublichen Klang bringt er immersives Audio in Ihre vier W\u00e4nde.<\/p>\n<p><img loading=\"lazy\" decoding=\"async\" class=\"alignnone size-full wp-image-10285\" src=\"https:\/\/spuehler-tv.ch\/onlineshop\/wp-content\/uploads\/2024\/08\/Evo_ONE6.webp\" alt=\"\" width=\"1000\" height=\"667\" \/><\/p>\n<h2><strong>F\u00fcllen Sie Ihren Raum mit Klang<\/strong><\/h2>\n<p>Erleben Sie die Kraft und die Klangnuancen von 14 Lautsprechern, die einen beeindruckenden Klang liefern, der jeden Winkel Ihres Raumes erf\u00fcllt. Genie\u00dfen Sie dynamischen High-Fidelity-Klang, der Sie der Musik n\u00e4her bringt, egal wo Sie sich im Raum befinden.<\/p>\n<p><img loading=\"lazy\" decoding=\"async\" class=\"alignnone size-full wp-image-10281\" src=\"https:\/\/spuehler-tv.ch\/onlineshop\/wp-content\/uploads\/2024\/08\/Evo_ONE2.webp\" alt=\"\" width=\"1000\" height=\"664\" srcset=\"https:\/\/spuehler-tv.ch\/onlineshop\/wp-content\/uploads\/2024\/08\/Evo_ONE2.webp 1000w, https:\/\/spuehler-tv.ch\/onlineshop\/wp-content\/uploads\/2024\/08\/Evo_ONE2-300x199.webp 300w, https:\/\/spuehler-tv.ch\/onlineshop\/wp-content\/uploads\/2024\/08\/Evo_ONE2-768x510.webp 768w, https:\/\/spuehler-tv.ch\/onlineshop\/wp-content\/uploads\/2024\/08\/Evo_ONE2-324x215.webp 324w, https:\/\/spuehler-tv.ch\/onlineshop\/wp-content\/uploads\/2024\/08\/Evo_ONE2-416x276.webp 416w, https:\/\/spuehler-tv.ch\/onlineshop\/wp-content\/uploads\/2024\/08\/Evo_ONE2-64x42.webp 64w\" sizes=\"auto, (max-width: 1000px) 100vw, 1000px\" \/><\/p>\n<div class=\"paragraph--feature\">\n<div class=\"uk-container uk-container-expand uk-padding-remove-horizontal\">\n<div class=\"feature--container bg--inherit\">\n<div class=\"feature uk-container bg--inherit layout--50_50__layout position--1\">\n<div class=\"feature__text \">\n<div class=\"feature__text_container\">\n<div class=\"feature__text--body\">\n<h2><strong>Herausragende Klangeigenschaften<\/strong><\/h2>\n<p>Die sechs Tieft\u00f6ner des Evo One liefern donnernde B\u00e4sse, w\u00e4hrend vier Mittelt\u00f6ner und vier Hocht\u00f6ner f\u00fcr filigrane Klangsch\u00e4rfe sorgen. Mit jeweils 50 Watt reiner Klangleistung verbindet der Evo One tiefe, pr\u00e4zise B\u00e4sse mit unverf\u00e4lschter Klangtreue.<\/p>\n<p><img loading=\"lazy\" decoding=\"async\" class=\"alignnone size-full wp-image-10282\" src=\"https:\/\/spuehler-tv.ch\/onlineshop\/wp-content\/uploads\/2024\/08\/Evo_ONE3.webp\" alt=\"\" width=\"1000\" height=\"664\" srcset=\"https:\/\/spuehler-tv.ch\/onlineshop\/wp-content\/uploads\/2024\/08\/Evo_ONE3.webp 1000w, https:\/\/spuehler-tv.ch\/onlineshop\/wp-content\/uploads\/2024\/08\/Evo_ONE3-300x199.webp 300w, https:\/\/spuehler-tv.ch\/onlineshop\/wp-content\/uploads\/2024\/08\/Evo_ONE3-768x510.webp 768w, https:\/\/spuehler-tv.ch\/onlineshop\/wp-content\/uploads\/2024\/08\/Evo_ONE3-324x215.webp 324w, https:\/\/spuehler-tv.ch\/onlineshop\/wp-content\/uploads\/2024\/08\/Evo_ONE3-416x276.webp 416w, https:\/\/spuehler-tv.ch\/onlineshop\/wp-content\/uploads\/2024\/08\/Evo_ONE3-64x42.webp 64w\" sizes=\"auto, (max-width: 1000px) 100vw, 1000px\" \/><\/p>\n<\/div>\n<\/div>\n<\/div>\n<\/div>\n<\/div>\n<\/div>\n<\/div>\n<div class=\"paragraph paragraph--type--large-carousel paragraph--view-mode--default\">\n<div class=\"view-width h1000\">\n<div class=\"slider uk-slider uk-slider-container\" role=\"region\" aria-roledescription=\"carousel\">\n<div class=\"slide-image \"><strong style=\"font-size: 2em;\">Ausgezeichneter Klang f\u00fcr jeden Raum<\/strong><\/div>\n<\/div>\n<\/div>\n<\/div>\n<div class=\"paragraph--feature\">\n<div class=\"uk-container uk-container-expand uk-padding-remove-horizontal\">\n<div class=\"feature--container bg--inherit\">\n<div class=\"feature uk-container bg--inherit layout--50_50__layout position--0\">\n<div class=\"feature__text \">\n<div class=\"feature__text_container\">\n<div class=\"feature__text--body\">\n<p>Passen Sie Ihren Evo One durch einfache Konfigurationsm\u00f6glichkeiten an jeden Raum an. Stellen Sie im Audioprofil den Abstand vom Evo One zu den W\u00e4nden sowie die Akustik Ihres H\u00f6rbereichs ein.<\/p>\n<\/div>\n<\/div>\n<\/div>\n<\/div>\n<\/div>\n<\/div>\n<\/div>\n<div class=\"paragraph--feature\">\n<div class=\"uk-container uk-container-expand uk-padding-remove-horizontal\">\n<div class=\"feature--container bg--inherit\">\n<div class=\"feature uk-container bg--inherit layout--50_50__layout position--1\">\n<div class=\"feature__image fluidWidth \">\n<div class=\"uk-background-cover feature__image_bg \"><strong style=\"font-size: 2em;\">Innovation im Design\u00a0 \u00a0\u00a0<\/strong><\/div>\n<\/div>\n<div class=\"feature__text \">\n<div class=\"feature__text_container\">\n<div class=\"feature__text--body\">\n<p>Inspiriert von nat\u00fcrlichen Wabenformen, sch\u00fctzt das unverwechselbare Schutzgitter des Evo One nicht nur die Lautsprecher, sondern sorgt auch noch daf\u00fcr, dass Ihre Musik sauber und unverzerrt wiedergegeben wird.<\/p>\n<p><img loading=\"lazy\" decoding=\"async\" class=\"alignnone size-full wp-image-10284\" src=\"https:\/\/spuehler-tv.ch\/onlineshop\/wp-content\/uploads\/2024\/08\/Evo_ONE5.webp\" alt=\"\" width=\"1000\" height=\"664\" srcset=\"https:\/\/spuehler-tv.ch\/onlineshop\/wp-content\/uploads\/2024\/08\/Evo_ONE5.webp 1000w, https:\/\/spuehler-tv.ch\/onlineshop\/wp-content\/uploads\/2024\/08\/Evo_ONE5-300x199.webp 300w, https:\/\/spuehler-tv.ch\/onlineshop\/wp-content\/uploads\/2024\/08\/Evo_ONE5-768x510.webp 768w, https:\/\/spuehler-tv.ch\/onlineshop\/wp-content\/uploads\/2024\/08\/Evo_ONE5-324x215.webp 324w, https:\/\/spuehler-tv.ch\/onlineshop\/wp-content\/uploads\/2024\/08\/Evo_ONE5-416x276.webp 416w, https:\/\/spuehler-tv.ch\/onlineshop\/wp-content\/uploads\/2024\/08\/Evo_ONE5-64x42.webp 64w\" sizes=\"auto, (max-width: 1000px) 100vw, 1000px\" \/><\/p>\n<\/div>\n<\/div>\n<\/div>\n<\/div>\n<\/div>\n<\/div>\n<\/div>\n<div class=\"paragraph--feature\">\n<div class=\"uk-container uk-container-expand uk-padding-remove-horizontal\">\n<div class=\"feature--container bg--inherit\">\n<div class=\"feature uk-container bg--inherit layout--50_50__layout position--0\">\n<div class=\"feature__image fluidWidth \">\n<div class=\"uk-background-cover feature__image_bg \"><strong style=\"font-size: 2em;\">Verbessertes Vinyl-Erlebnis<\/strong><\/div>\n<\/div>\n<div class=\"feature__text \">\n<div class=\"feature__text_container\">\n<div class=\"feature__text--body\">\n<p>Schlie\u00dfen Sie \u00fcber die eingebauten Phonostufe einen Plattenspieler an Ihren Evo One an, der das Beste aus Ihrer Vinylsammlung herausholt, und genie\u00dfen Sie den authentischen Klang Ihrer Schallplatten.<\/p>\n<p><img loading=\"lazy\" decoding=\"async\" class=\"alignnone size-full wp-image-10280\" src=\"https:\/\/spuehler-tv.ch\/onlineshop\/wp-content\/uploads\/2024\/08\/Evo_ONE1.webp\" alt=\"\" width=\"1000\" height=\"664\" srcset=\"https:\/\/spuehler-tv.ch\/onlineshop\/wp-content\/uploads\/2024\/08\/Evo_ONE1.webp 1000w, https:\/\/spuehler-tv.ch\/onlineshop\/wp-content\/uploads\/2024\/08\/Evo_ONE1-300x199.webp 300w, https:\/\/spuehler-tv.ch\/onlineshop\/wp-content\/uploads\/2024\/08\/Evo_ONE1-768x510.webp 768w, https:\/\/spuehler-tv.ch\/onlineshop\/wp-content\/uploads\/2024\/08\/Evo_ONE1-324x215.webp 324w, https:\/\/spuehler-tv.ch\/onlineshop\/wp-content\/uploads\/2024\/08\/Evo_ONE1-416x276.webp 416w, https:\/\/spuehler-tv.ch\/onlineshop\/wp-content\/uploads\/2024\/08\/Evo_ONE1-64x42.webp 64w\" sizes=\"auto, (max-width: 1000px) 100vw, 1000px\" \/><\/p>\n<\/div>\n<\/div>\n<\/div>\n<\/div>\n<\/div>\n<\/div>\n<\/div>\n<div class=\"paragraph--feature\">\n<div class=\"uk-container uk-container-expand uk-padding-remove-horizontal\">\n<div class=\"feature--container bg--inherit\">\n<div class=\"feature uk-container bg--inherit layout--50_50__layout position--1\">\n<div class=\"feature__text \">\n<div class=\"feature__text_container\">\n<div class=\"feature__text--body\">\n<h2><strong>Home-Entertainment in neuem Gewand<\/strong><\/h2>\n<p>Entdecken Sie Filme, Spiele und Sport auf eine ganz neue Art und Weise mit dem HDMI Enhanced Audio Return Channel (eARC), der eine \u00fcberragende Klangqualit\u00e4t garantiert.<\/p>\n<\/div>\n<\/div>\n<\/div>\n<\/div>\n<\/div>\n<\/div>\n<\/div>\n<div class=\"paragraph--feature\">\n<div class=\"uk-container uk-container-expand uk-padding-remove-horizontal\">\n<div class=\"feature--container bg--inherit\">\n<div class=\"feature uk-container bg--inherit layout--50_50__layout position--0\">\n<div class=\"feature__image fluidWidth \">\n<div class=\"uk-background-cover feature__image_bg \"><strong style=\"font-size: 2em;\">Die Musik, die Sie lieben, ohne Verz\u00f6gerung<\/strong><\/div>\n<\/div>\n<div class=\"feature__text \">\n<div class=\"feature__text_container\">\n<div class=\"feature__text--body\">\n<p>Streamen Sie Ihre Lieblingsmusik per WLAN, Ethernet bzw. Bluetooth \u00fcber TIDAL Connect, Spotify Connect oder Internetradio. Genie\u00dfen Sie ultimative Flexibilit\u00e4t und m\u00fchelosen Zugriff auf die Musik, die Sie lieben, ohne Verz\u00f6gerung.<\/p>\n<\/div>\n<\/div>\n<\/div>\n<\/div>\n<\/div>\n<\/div>\n<\/div>\n<div class=\"paragraph--feature\">\n<div class=\"uk-container uk-container-expand uk-padding-remove-horizontal\">\n<div class=\"feature--container bg--inherit\">\n<div class=\"feature uk-container bg--inherit layout--50_50__layout position--1\">\n<div class=\"feature__text \">\n<div class=\"feature__text_container\">\n<div class=\"feature__text--body\">\n<h2><strong>Einfache, instinktive Steuerung<\/strong><\/h2>\n<p>Bedienen Sie Ihren Evo One ganz einfach \u00fcber die StreamMagic-App, \u00fcber die intuitiven Bedientasten an der Vorderseite mitsamt dem \u00fcbersichtlichen Display oder \u00fcber die Fernbedienung.<\/p>\n<p><strong style=\"font-size: 2em;\">Gestalten Sie Ihr individuelles H\u00f6rerlebnis<\/strong><\/p>\n<\/div>\n<\/div>\n<\/div>\n<\/div>\n<\/div>\n<\/div>\n<\/div>\n<div class=\"paragraph--feature\">\n<div class=\"uk-container uk-container-expand uk-padding-remove-horizontal\">\n<div class=\"feature--container bg--inherit\">\n<div class=\"feature uk-container bg--inherit layout--50_50__layout position--0\">\n<div class=\"feature__text \">\n<div class=\"feature__text_container\">\n<div class=\"feature__text--body\">\n<p>Genie\u00dfen Sie die vielen Anpassungsm\u00f6glichkeiten des ausgekl\u00fcgelten digitalen Signalprozessors des Evo One \u00fcber die StreamMagic-App. Erstellen Sie eigene Presets f\u00fcr den 7-Band-EQ, oder w\u00e4hlen Sie aus unseren fachm\u00e4nnisch eingestellten, Werk-Presets aus, um einen einzigartigen Klang zu erzielen.<\/p>\n<p><img loading=\"lazy\" decoding=\"async\" class=\"alignnone size-full wp-image-10287\" src=\"https:\/\/spuehler-tv.ch\/onlineshop\/wp-content\/uploads\/2024\/08\/Evo_ONE-App.webp\" alt=\"\" width=\"1000\" height=\"664\" \/><\/p>\n<\/div>\n<\/div>\n<\/div>\n<\/div>\n<\/div>\n<\/div>\n<\/div>\n<div class=\"paragraph--paragraph\">\n<div class=\"paragraph--container bg--inherit\">\n<div class=\"uk-container uk-container-small paragraph\">\n<h2 class=\"text-align-center\"><strong>F\u00fcr die Ewigkeit konzipiert<\/strong><\/h2>\n<p class=\"text-align-center\">Jeder Evo One ist ein echtes Unikat, das aus hochwertigen, nachhaltigen und langlebigen Materialien wie FSC-zertifiziertem Walnussholz und Aluminium hergestellt wurde. Entworfen in London von Ged Martin.<\/p>\n<\/div>\n<\/div>\n<\/div>\n<p>&nbsp;<\/p>\n","protected":false},"excerpt":{"rendered":"<ul>\n<li><strong>Zeitgen\u00f6ssische Eleganz<\/strong>: Atemberaubendes Design, uneingeschr\u00e4nkte Funktionalit\u00e4t<\/li>\n<li><strong>Raumf\u00fcllender Klang<\/strong>: 14 Lautsprecher mit 700 W liefern mit atemberaubenden, klaren Klang und tiefe, pr\u00e4zise B\u00e4sse<\/li>\n<li><strong>Optimiert f\u00fcr Musik<\/strong>: Alles, was Sie zu Hause h\u00f6ren, aus einer einzigen Quelle<\/li>\n<li><strong>Unterhaltung im Wandel<\/strong>: Ersetzt Ihre Soundbar, kabellosen Lautsprecher und Streamer<\/li>\n<li><strong>Individuelles Erlebnis<\/strong>: Modernster digitaler Signalprozessor, 7-Band-EQ, sorgf\u00e4ltig abgestimmte Werks-Presets und Speicherung eigener Presets<\/li>\n<\/ul>\n","protected":false},"featured_media":10291,"comment_status":"open","ping_status":"closed","template":"","meta":[],"product_brand":[209],"product_cat":[20,50,53],"product_tag":[],"class_list":{"0":"post-10279","1":"product","2":"type-product","3":"status-publish","4":"has-post-thumbnail","6":"product_brand-cambridge-audio","7":"product_cat-audio-geraete","8":"product_cat-hifi-anlage-micro-midi","9":"product_cat-hifi-komponenten","10":"product_shipping_class-lieferung-basic-audio","12":"first","13":"onbackorder","14":"taxable","15":"shipping-taxable","16":"purchasable","17":"product-type-simple"},"_links":{"self":[{"href":"https:\/\/spuehler-tv.ch\/onlineshop\/wp-json\/wp\/v2\/product\/10279","targetHints":{"allow":["GET"]}}],"collection":[{"href":"https:\/\/spuehler-tv.ch\/onlineshop\/wp-json\/wp\/v2\/product"}],"about":[{"href":"https:\/\/spuehler-tv.ch\/onlineshop\/wp-json\/wp\/v2\/types\/product"}],"replies":[{"embeddable":true,"href":"https:\/\/spuehler-tv.ch\/onlineshop\/wp-json\/wp\/v2\/comments?post=10279"}],"wp:featuredmedia":[{"embeddable":true,"href":"https:\/\/spuehler-tv.ch\/onlineshop\/wp-json\/wp\/v2\/media\/10291"}],"wp:attachment":[{"href":"https:\/\/spuehler-tv.ch\/onlineshop\/wp-json\/wp\/v2\/media?parent=10279"}],"wp:term":[{"taxonomy":"product_brand","embeddable":true,"href":"https:\/\/spuehler-tv.ch\/onlineshop\/wp-json\/wp\/v2\/product_brand?post=10279"},{"taxonomy":"product_cat","embeddable":true,"href":"https:\/\/spuehler-tv.ch\/onlineshop\/wp-json\/wp\/v2\/product_cat?post=10279"},{"taxonomy":"product_tag","embeddable":true,"href":"https:\/\/spuehler-tv.ch\/onlineshop\/wp-json\/wp\/v2\/product_tag?post=10279"}],"curies":[{"name":"wp","href":"https:\/\/api.w.org\/{rel}","templated":true}]}}