{"id":10109,"date":"2024-05-10T10:19:44","date_gmt":"2024-05-10T09:19:44","guid":{"rendered":"https:\/\/spuehler-tv.ch\/onlineshop\/?post_type=product&#038;p=10109"},"modified":"2025-06-24T15:33:10","modified_gmt":"2025-06-24T14:33:10","slug":"connect-621-uhd-2-0-marmitek-hdmi-switch-4in-1out","status":"publish","type":"product","link":"https:\/\/spuehler-tv.ch\/onlineshop\/produkt\/connect-621-uhd-2-0-marmitek-hdmi-switch-4in-1out\/","title":{"rendered":"Connect 621 UHD 2.0 (Marmitek) &#8211; HDMI Switch 4in\/1Out"},"content":{"rendered":"<h3 class=\"ProductDescription-Subtitle\">HDMI Auto Switch mit Digital Audio<\/h3>\n<div class=\"ProductDescription-BulletPoints\">\n<ul class=\"cds-List cds-List--Bulleted\">\n<li>Geeignet f\u00fcr die neueste Ultra HD 4K60 Aufl\u00f6sung (3840 x 2160 \/ 60 Hz)<\/li>\n<li>Es k\u00f6nnen gleichzeitig 4 HDMI Ger\u00e4te an Ihren Fernseher angeschlossen werden<\/li>\n<li>Mit zus\u00e4tzlichem, Digitalaudioausgang, um auch mit nur einem Kabel Ihren AV Empf\u00e4nger anzuschliessen<\/li>\n<li>Unterst\u00fctzt Dolby Atmos und DTS:X und alle \u00fcbrigen, g\u00e4ngigen Audioformate<\/li>\n<li>St\u00f6rungsfrei durch solides, inferferenzfreies und qualitativ hochwertiges Metallgeh\u00e4use<\/li>\n<li>Unterst\u00fctzt HDCP 2.2. zum Abspielen von gesicherten 4K Ultra HD Inhalten<\/li>\n<\/ul>\n<\/div>\n","protected":false},"excerpt":{"rendered":"<p>HDMI Auto Switch mit Digital Audio Geeignet f\u00fcr die neueste Ultra HD 4K60 Aufl\u00f6sung (3840 x 2160 \/ 60 Hz) Es k\u00f6nnen gleichzeitig 4 HDMI Ger\u00e4te an Ihren Fernseher angeschlossen werden Mit zus\u00e4tzlichem, Digitalaudioausgang, um auch mit nur einem Kabel Ihren AV Empf\u00e4nger anzuschliessen Unterst\u00fctzt Dolby Atmos und DTS:X und alle \u00fcbrigen, g\u00e4ngigen Audioformate St\u00f6rungsfrei [&hellip;]<\/p>\n","protected":false},"featured_media":10110,"comment_status":"open","ping_status":"closed","template":"","meta":[],"product_brand":[],"product_cat":[179,71],"product_tag":[],"class_list":{"0":"post-10109","1":"product","2":"type-product","3":"status-publish","4":"has-post-thumbnail","6":"product_cat-signalverteilung-switch-matrix-etc","7":"product_cat-zubehoer","9":"first","10":"onbackorder","11":"taxable","12":"shipping-taxable","13":"purchasable","14":"product-type-simple"},"_links":{"self":[{"href":"https:\/\/spuehler-tv.ch\/onlineshop\/wp-json\/wp\/v2\/product\/10109","targetHints":{"allow":["GET"]}}],"collection":[{"href":"https:\/\/spuehler-tv.ch\/onlineshop\/wp-json\/wp\/v2\/product"}],"about":[{"href":"https:\/\/spuehler-tv.ch\/onlineshop\/wp-json\/wp\/v2\/types\/product"}],"replies":[{"embeddable":true,"href":"https:\/\/spuehler-tv.ch\/onlineshop\/wp-json\/wp\/v2\/comments?post=10109"}],"wp:featuredmedia":[{"embeddable":true,"href":"https:\/\/spuehler-tv.ch\/onlineshop\/wp-json\/wp\/v2\/media\/10110"}],"wp:attachment":[{"href":"https:\/\/spuehler-tv.ch\/onlineshop\/wp-json\/wp\/v2\/media?parent=10109"}],"wp:term":[{"taxonomy":"product_brand","embeddable":true,"href":"https:\/\/spuehler-tv.ch\/onlineshop\/wp-json\/wp\/v2\/product_brand?post=10109"},{"taxonomy":"product_cat","embeddable":true,"href":"https:\/\/spuehler-tv.ch\/onlineshop\/wp-json\/wp\/v2\/product_cat?post=10109"},{"taxonomy":"product_tag","embeddable":true,"href":"https:\/\/spuehler-tv.ch\/onlineshop\/wp-json\/wp\/v2\/product_tag?post=10109"}],"curies":[{"name":"wp","href":"https:\/\/api.w.org\/{rel}","templated":true}]}}